{"text_format":"1","workbook":"xlsx","n_sheets":5,"sheets":["Instructions","Index","Price List","Websites","Changes"],"not_rendered":{"charts":0,"images":2,"macros":1,"external_links":0,"defined_names":18,"comments":0,"pivot_tables":0},"unopened":[],"bounds":{"document_bytes":16777216,"sheet_cells":100000,"rows_first":2000,"rows_last":500,"rows_between":2000,"halvings":0,"cell_chars":16384,"cell_head_chars":4096},"cells_cut":0,"cells_raw":0,"read":"whole","date_system":"1900"}

{"sheet":"Instructions","index":0,"n_rows":58,"n_cols":10,"rows_kept":58,"cut":false,"hidden":false,"merged":[[7,2,7,7],[36,3,36,4]]}
["Manufacturer","Roca Tile Group"]
["File as","R"]
["Product Code","G "]
["CCTD Effective Date","2/1/23 (Updated)"]
[]
[]
[]
["Enter your Company Name"]
[]
[null,"Click on \"Index\" to set the print area for the price list index"]
[null,"Then you can send it to print"]
[]
[]
[null,"Click on \"Suggested Price List\" to set the print area for Conestoga Tile's suggested price list."]
[null,"Then you can send it to print"]
[]
[]
[null,"Enter your discount codes if you want a personal net cost sheet."]
[]
[null,"Product"]
[null,"Code","Disc. %"]
[null,{"$f":"+B3","v":"G "}]
[]
[null,"Click on \"Your Cost\" to set the print area for your personal cost report."]
[null,"Then you can send it to print"]
[]
[]
["Discount: ","To help establish your price list, enter the gross profit percent for each type of product."]
[null,"If you want to use Conestoga Tile's list price, leave them blank."]
[]
["Round Nickel: ","If you always want your price to round to the nearest nickel, enter \"YES\"."]
[null,"If you enter \"NO\", it will NOT round to the nearest nickel."]
[]
["Ending Cents: ","If you always want your price to end with a certain cents, enter that cent value."]
[null,"If you leave it \"blank\" will NOT round to this cent value."]
[]
[null,"Group","GP Margin","GP Margin % for",null,"Round Nickel","add/subtract","Ending Cents"]
[null,1,null,"Field Tile",null,"No",0,null," "," "]
[null,2,null,"Trim",null,"No",0]
[null,3,null,"Decos",null,"No",0]
[null,4,null,0,null,"No",0,null,null," "]
[null,5,null,0,null,"No",0]
[null,6,null,0,null,"No",0]
[null,7,null,0,null,"No",0]
[]
["If you want to manually adjust your price list, hit \"F5\" and go to \"Customer_Cost\" to manually adjust pricing."]
["You can enter a value in the column labeled \"Adj.\" to change your price manually."]
[]
[null,"Click on \"Your Price Calculation\" to set the print area for your personal cost calculation report."]
[null,"Then you can send it to print"]
[]
[]
[null,"Click on \"Your Price List\" to set the print area for your personal price list."]
[null,"Then you can send it to print"]
[null,null,null,null,null,null,null,"Yes"]
[]
["If you have any questions on how to best use this spreadsheet, please feel free to contact"]
["Jim Vogel at (800) 422-6860, ext. 4201 or via e-mail at jimvogel@cctd.com"]

{"sheet":"Index","index":1,"n_rows":56,"n_cols":20,"rows_kept":56,"cut":false,"hidden":false,"merged":[[55,0,55,11],[1,6,1,11],[4,0,4,11],[53,0,53,11]]}
[]
[null,null,null,null,null,null,{"$f":"\"File '\"&Instructions!B2&\"' - \"&Instructions!B1","v":"File 'R' - Roca Tile Group"}]
[]
[null,null,null,null,null,null,null,null,null,null,null,null," "]
[{"$f":"\"Price List Index - \"&Instructions!B4","v":"Price List Index - 2/1/23 (Updated)"}]
[]
[]
[]
[]
["Page",null,"Series",null,"Product Type",null,null,"Page",null,"Series",null,"Product Type"]
[1,null,"Abaco",null,"Color Body Porcelain",null,null,9,null,"Lithology Edition",null,"Glazed Porcelain"]
["1",null,"Abbey",null,"Color Body Porcelain",null,null,9,null,"Liverpool",null,"Glazed Porcelain"]
["1",null,"Alaska",null,"Polished Porcelain",null,null,9,null,"Magnolia",null,"Glazed Ceramic Wall"]
["1",null,"Artesano",null,"Glazed Ceramic Wall",null,null,10,null,"Maiolica",null,"Glazed Ceramic Wall"]
[1,null,"Bar Tile ",null,"Glazed Ceramic Wall",null,null,10,null,"Maiolica Floor",null,"Glazed Porcelain"]
[1,null,"Bianco Venatino",null,"Glazed Porcelain",null,null,10,null,"Marble Arcobaleno",null,"Color Body Porcelain"]
["1",null,"Block",null,"Glazed Porcelain",null,null,10,null,"Marble Lincoln",null,"Color Body Porcelain",null,null,null," "]
[1,null,"Block",null,"Glazed Ceramic Wall",null,null,10,null,"Marble Platinum",null,"Color Body Porcelain"]
[1,null,"Borneo Chevron",null,"Glazed Porcelain",null,null,10,null,"Metals",null,"Brushed Aluminum Mosaics"]
[1,null,"Brickell",null,"Glazed Ceramic Wall",null,null,11,null,"Momentum",null,"Glazed Porcelain"]
[2,null,"Calacatta Gold",null,"Glazed & Polished Porcelain",null,null,11,null,"Mystery",null,"Color Body Porcelain"]
[2,null,"Calacatta White",null,"Glazed Porcelain",null,null,11,null,"Nolita",null,"Color Body Porcelain"]
[2,null,"Carrara",null,"Glazed Porcelain",null,null,11,null,"Nordico",null,"Glazed Porcelain"]
[2,null,"Carve",null,"Glazed Porcelain",null,null,11,null,"Olaria",null,"Glazed Ceramic Wall"]
[2,null,"Casablanca",null,"Glazed Porcelain",null,null,11,null,"Ombre",null,"Glazed Ceramic Wall"]
[2,null,"CC Cosmos",null,"Glazed Porcelain",null,null,11,null,"Onyx",null,"Glazed & Polished Porcelain"]
[2,null,"CC Frames",null,"Glazed Porcelain",null,null,11,null,"Pavers",null,"2cm Porcelain Tile"]
["2-3",null,"CC Mosaics",null,"Glazed Porcelain Mosaics",null,null,11,null,"Piasentina",null,"Glazed Porcelain"]
[3,null,"CC Mosaics Plus+",null,"Glazed Porcelain Mosaics",null,null,11,null,"Pigment",null,"Color Body Porcelain",null,null,null," "]
[3,null,"CC Porcelain",null,"Unglazed Mosaics",null,null,12,null,"Positano",null,"Glazed Porcelain"]
["3-4",null,"CC Textures",null,"Glazed Ceramic Wall",null,null,12,null,"Pro",null,"Glazed Porcelain"]
[4,null,"Colonial",null,"Color Body Porcelain",null,null,12,null,"Pro Max",null,"Glazed Porcelain"]
["4-6",null,"Color Collection (Bright)",null,"Glazed Ceramic Wall",null,null,"12-13",null,"Rock Art",null,"Natural Stone"]
["6-7",null,"Color Collection (Matte)",null,"Glazed Ceramic Wall",null,null,13,null,"Seattle",null,"Glazed Porcelain"]
[7,null,"Crystal",null,"Polished Porcelain",null,null,13,null,"Slabs",null,"Glazed Porcelain"]
[7,null,"Decorative Accents",null,"Glazed Ceramic Wall",null,null,14,null,"St. Tropez",null,"Glazed Ceramic Wall"]
[8,null,"Dimensions (a.k.a. QUASAR)",null,"Glazed Ceramic Wall",null,null,14,null,"Statuary",null,"Glazed & Polished Porcelain",null,null,null,null," ",null,null," "]
[8,null,"Downtown",null,"Color Body Porcelain",null,null,14,null,"Statuary",null,"Glazed Ceramic Wall"]
[8,null,"Epoque",null,"Glazed Porcelain",null,null,14,null,"Stone Basel",null,"Color Body Porcelain"]
[8,null,"Everglade",null,"Glazed Porcelain",null,null,14,null,"Stone Basel",null,"Glazed Ceramic Wall"]
[8,null,"Feathers",null,"Glazed Porcelain",null,null,14,null,"Terranova",null,"Color Body Porcelain"]
[8,null,"Flow",null,"Glazed Ceramic Wall",null,null,14,null,"Tissue",null,"Glazed Ceramic Wall"]
[8,null,"Flow",null,"Glazed Porcelain",null,null,15,null,"Trevi",null,"Color Body Porcelain"]
[8,null,"Havana",null,"Glazed Porcelain",null,null,15,null,"Tribe",null,"Glazed Porcelain"]
[9,null,"June",null,"Glazed Porcelain",null,null,15,null,"Venato",null,"Glazed & Polished Porcelain"]
[9,null,"Kalma",null,"Color Body Porcelain",null,null,15,null,"Vivaldi",null,"Glazed Porcelain"]
[9,null,"Lassa",null,"Glazed & Polished Porcelain",null,null,15,null,"Wind",null,"Glazed Ceramic Wall"]
[9,null,"Legend",null,"Glazed Porcelain",null,null,15,null,"Zellige",null,"Glazed Ceramic Wall"]
[9,null,"Limestone",null,"Glazed Porcelain",null,null,15,null,"Zen",null,"Glazed Ceramic Wall"]
[]
[]
[]
[]
["This price list is available electronically on an Excel spreadsheet at www.conestogatile.com/pricelists."]
[]
["The spreadsheet has many special features to assist you.  Apply your discount to generate your net costs for your purchasing department.  Apply your standard gross margin percentage or custom prices to generate your own custom price list for your showroom"]

{"sheet":"Price List","index":2,"n_rows":1410,"n_cols":41,"rows_kept":1410,"cut":false,"hidden":false,"merged":[[1399,3,1399,4],[9,14,9,19],[1393,2,1393,19],[17,14,17,15],[1395,2,1395,19],[18,2,18,19],[9,22,9,23],[12,14,12,19],[12,22,12,23],[9,25,9,32],[14,13,15,19],[10,14,10,15],[13,30,13,32]]}
[null,"Field Tile",null,null,"Size",null,"Field",null,null,null,null,null,null,null,null,"SF/CTN",null,null,{"$f":"IF(Suggested=\"Yes\",AA1,AG1)","v":0.05},"SF",{"$f":"+Instructions!$B$3","v":"G "},null,{"$f":"+Instructions!$C$22","v":0},{"$f":"ROUND($AA1*(1-W1)+0.004999,2)","v":0.05},null,"new",0.05,{"$f":"+W1","v":0},0.05,{"$f":"(AG1-AC1)/AG1","v":0},null,1,{"$f":"SUM(AJ1:AL1)+AE1","v":0.05},null,null,{"$f":"ROUND(AC1/(1-VLOOKUP(AF1,Group,2,FALSE)),2)","v":0.05},{"$f":"IF(VLOOKUP(AF1,Group,5,FALSE)=\"YES\",VLOOKUP(ROUND(ROUND(AJ1,1)-AJ1,2),Round,2,FALSE)+VLOOKUP(AF1,Group,6,FALSE),0)","v":0},{"$f":"IF(VLOOKUP(AF1,Group,7,FALSE)=\"\",0,ROUND(AJ1-0.04999,1)-AJ1+AM1)","v":0},{"$f":"IF(VLOOKUP(AF1,Group,7,FALSE)=\"\",\"\",VLOOKUP(AF1,Group,7,FALSE))","v":""},null,"X"]
[null,"Trim",null,null,"Size",null,"Shape",null,"Description",null,null,null,null,null,null,null,null,null,{"$f":"IF(Suggested=\"Yes\",AA2,AG2)","v":0.05},"EA",{"$f":"+Instructions!$B$3","v":"G "},null,{"$f":"+Instructions!$C$22","v":0},0.05,null,"new",0.05,0,0.05,0,null,2,0.05,null,null,0.05,0,0,"",null,"X"]
[null,"Decos",null,null,"Size",null,"Shape",null,"Description",null,null,null,null,null,null,null,null,null,{"$f":"IF(Suggested=\"Yes\",AA3,AG3)","v":0.05},"EA",{"$f":"+Instructions!$B$3","v":"G "},null,{"$f":"+Instructions!$C$22","v":0},0.05,null,"new",0.05,0,0.05,0,null,3,0.05,null,null,0.05,0,0,"",null,"X"]
[null,0,null,null,"Size",null,"Shape",null,"Description",null,null,null,null,null,null,null,null,null,{"$f":"IF(Suggested=\"Yes\",'Price List'!AA4,'Price List'!AG4)","v":0},"EA",{"$f":"+Instructions!$B$3","v":"G "},null,{"$f":"+Instructions!$C$22","v":0},0,null,"new",0,0,0,{"$error":"#DIV/0!"},null,4,0,null,null,0,0,0,"",null,"X"]
[null,0,null,null,"Size",null,"Shape",null,"Description",null,null,null,null,null,null,null,null,null,{"$f":"IF(Suggested=\"Yes\",'Price List'!AA5,'Price List'!AG5)","v":0},"EA",{"$f":"+Instructions!$B$3","v":"G "},null,{"$f":"+Instructions!$C$22","v":0},0,null,"new",0,0,0,{"$error":"#DIV/0!"},null,5,0,null,null,0,0,0,"",null,"X"]
[null,0,null,null,"Size",null,"Shape",null,"Description",null,null,null,null,null,null,null,null,null,{"$f":"IF(Suggested=\"Yes\",'Price List'!AA6,'Price List'!AG6)","v":0},"EA",{"$f":"+Instructions!$B$3","v":"G "},null,{"$f":"+Instructions!$C$22","v":0},0,null,"new",0,0,0,{"$error":"#DIV/0!"},null,6,0,null,null,0,0,0,"",null,"X"]
[null,0,null,null,"Size",null,"Shape",null,"Description",null,null,null,null,null,null,null,null,null,{"$f":"IF(Suggested=\"Yes\",'Price List'!AA7,'Price List'!AG7)","v":0},"EA",{"$f":"+Instructions!$B$3","v":"G "},null,{"$f":"+Instructions!$C$22","v":0},0,null,"new",0,0,0,{"$error":"#DIV/0!"},null,7,0,null,null,0,0,0,"",null,"X"]
[null,"Format",null,null,null,null,null,null,null,null,null,null,null,null,null,null,"Stock","a",1000,"ABC",null,null,0.1,1000,null,"ABC",1000,0.1,1000,0.1,10,null,1000,null,null,null,null,null,null,null,"X"]
[null,null,null,null,null,null,null,null,null,null,null,null,null,null,null,null,null,null,null,null,null,null,null,null,null,null,null,null,null,null,null,null,null,null,null,null,null,null,null,null,"X"]
[null,null,null,null,null,null,null,null,null,null,null,null,null,null,"Price List",null,null,null,null,null,null,null,"Cust. Cost",null,null,"Customer Cost Calculation",null,null,null,null,null,null,null,null,null,null,null,null,null,null,"X"]
[null,null,null,"Sizes & Shapes",null,null,null,null,null,null,null,null,null,null,"Full Carton",null,"Stock","Note",{"$f":"IF(Suggested=\"Yes\",AA11,AG11)","v":"List Price"},"U/M","Code",null,"Disc.","Net",null,"Chg","List Price","Disc","Act. Cost","GP%","Adj.","Group","Price",null,null,"Calc Price",".05 Round","Cents","Round to",null,"X"]
[null,null,null,null,null,null,null,null,null,null,null,null,null,null,null,null,null,null,null,null,null,null,null,null,null,null,null,null,null,null,null,null,null,null,null,null,null,null,null,null,"X"]
[null,null,null,null,null,null,null,null,null,null,null,null,null,null,{"$f":"\"File '\"&Instructions!B2&\"' - \"&Instructions!B1","v":"File 'R' - Roca Tile Group"},null,null,null,null,null,null,null,"Cost",null,null,null,null,null,null,null,null,null,"Retail Price Calculations",null,null,null,null,null,null,null,"X"]
[null,null,null,null,null,null,null,null,null,null,null,null,null,null,null,null,null,null,null,{"$f":"+Instructions!B4","v":"2/1/23 (Updated)"},null,null,null,null,null,null,null,null,null,null,{"$f":"TODAY()","v":"2023-05-17"},null,null,null,null,null,null,null,null,null,"X"]
[null,null,null,null,null,null,null,null,null,null,null,null,null,{"$f":"IF(Instructions!C8=\"\",\"\",+Instructions!C8)","v":""},null,null,null,null,null,null,null,null,null,null,null,null,null,null,null,null,null,null,null,null,null,null,null,null,null,null,"X"]
[null,null,{"$f":"\"Product Code '\"&Instructions!B3&\"'\"","v":"Product Code 'G '"},null,null,null,null,null," ",null,null,null,null,null,null,null,null,null,null,null,null,null,null,null,null,null,null,null,null,null,null,null,{"$f":"IF(Instructions!$C$8=\"\",\"\",Instructions!$C$8)","v":""},null,null,null,null,null,null,null,"X"]
[null,null,null,null,null,null,null,null,null,null,null,null,null,null,null,null,null,null,null,null,null,null,null,null,null,null,null,null,null,null,null,null,null,null,null,null,null,null,null,null,"X"]
[null,null,"Sizes & Shapes",null,null,null,null,null,null,null,null,null,null,null,"Full Carton",null,"Stock","Note",{"$f":"+S$11","v":"List Price"},"U/M",{"$f":"+U$11","v":"Code"},null,"Disc.","Net",null,"Chg","List Price",{"$f":"+AB$11","v":"Disc"},"Act. Cost","GP%","Adj.","Group","Price",null,null,{"$f":"+AJ$11","v":"Calc Price"},{"$f":"+AK$11","v":".05 Round"},{"$f":"+AL$11","v":"Cents"},{"$f":"+AM$11","v":"Round to"},null,"X"]
[null,null,"ALL ITEMS MARKED WITH PACKAGING QUANTITY ARE SOLD IN MULTIPLES OF THAT QUANTITY ONLY",null,null,null,null,null,null,null,null,null,null,null,null,null,null,null,null,null," ",null,null,null,null,null,null,null,null,null,null,null,null,null,null,null,null,null,null,null,"X"]
[null,null,null,null,null,null,null,null,null,null,null," ",null,null,null,null,null,null,null,null,null,null,null,null,null,null,null,null,null,null,null,null,null,null,null,null,null,null,null,null,"X"]
[null,null,"ABACO - Color Body Porcelain",null,null,null,null,null,null,null," "," ",null,null,null,null,null,"Item # Lookup:","ROAC",null,null,null,null,null,null,null,null,null,null,null,null,null,null,null,null,null,null,null,null,null,"X"]
[null,null,null,null,null,null,null,null,null,null,null,null,null,null,null,null,null,null,null,null,null,null,null,null,null,null,null,null,null,null,null,null,null,null,null,null,null,null,null,null,"X"]
[null,null,null,"Colors:","Arena          Grafito          Gris",null,null,null,null,null,null,null,null,null,null,null,null,null,null,null,null,null,null,null,null,null,null,null,null,null,null,null,null,null,null,null,null,null,null,null,"X"]
[null,null,null,null,null,null,null,null,null,null,null,null,null,null,null,null,null,null,null,null,null,null,null,null,null,null,null,null,null,null,null,null,null,null,null,null,null,null,null,null,"X"]
[null,"Field Tile",null,null,"12\" x 24\"",null,"Field",null,"Rectified",null,"Unpolished",null,null,null,null,"13.56 SF/CTN",null,"a",{"$f":"IF(Suggested=\"Yes\",AA25,AG25)","v":9.1},"SF",{"$f":"+Instructions!$B$3","v":"G "},null,{"$f":"+Instructions!$C$22","v":0},{"$f":"ROUND($AA25*(1-W25)+0.004999,2)","v":9.1},null,"YES",9.1,{"$f":"+W25","v":0},{"$f":"+X25","v":9.1},{"$f":"(AG25-AC25)/AG25","v":0},null,1,{"$f":"SUM(AJ25:AL25)+AE25","v":9.1},null,null,{"$f":"ROUND(AC25/(1-VLOOKUP(AF25,Group,2,FALSE)),2)","v":9.1},{"$f":"IF(VLOOKUP(AF25,Group,5,FALSE)=\"YES\",VLOOKUP(ROUND(ROUND(AJ25,1)-AJ25,2),Round,2,FALSE)+VLOOKUP(AF25,Group,6,FALSE),0)","v":0},{"$f":"IF(VLOOKUP(AF25,Group,7,FALSE)=\"\",0,ROUND(AJ25-0.04999,1)-AJ25+AM25)","v":0},{"$f":"IF(VLOOKUP(AF25,Group,7,FALSE)=\"\",\"\",VLOOKUP(AF25,Group,7,FALSE))","v":""},null,"X"]
[null,null,null,null,null,null,null,null,null,null,null,null,null,null,null,null,null,null,null,null,null,null,null,null,null,null,null,null,null,null,null,null,null,null,null,null,null,null,null,null,"X"]
[null,"Field Tile",null,null,"24\" x 48\"",null,"Field",null,"Rectified",null,"In&Out",null,null,null,null,"15.50 SF/CTN",null,"b,c",{"$f":"IF(Suggested=\"Yes\",AA27,AG27)","v":12.05},"SF",{"$f":"+Instructions!$B$3","v":"G "},null,{"$f":"+Instructions!$C$22","v":0},{"$f":"ROUND($AA27*(1-W27)+0.004999,2)","v":12.05},null,"YES",12.05,{"$f":"+W27","v":0},{"$f":"+X27","v":12.05},{"$f":"(AG27-AC27)/AG27","v":0},null,1,{"$f":"SUM(AJ27:AL27)+AE27","v":12.05},null,null,{"$f":"ROUND(AC27/(1-VLOOKUP(AF27,Group,2,FALSE)),2)","v":12.05},{"$f":"IF(VLOOKUP(AF27,Group,5,FALSE)=\"YES\",VLOOKUP(ROUND(ROUND(AJ27,1)-AJ27,2),Round,2,FALSE)+VLOOKUP(AF27,Group,6,FALSE),0)","v":0},{"$f":"IF(VLOOKUP(AF27,Group,7,FALSE)=\"\",0,ROUND(AJ27-0.04999,1)-AJ27+AM27)","v":0},{"$f":"IF(VLOOKUP(AF27,Group,7,FALSE)=\"\",\"\",VLOOKUP(AF27,Group,7,FALSE))","v":""},null,"X"]
[null,null,null,null,null,null,null,null,null,null,null,null,null,null,null,null,null,null,null,null,null,null,null,null,null,null,null,null,null,null,null,null,null,null,null,null,null,null,null,null,"X"]
[null,null,null,"Notes:","a) This format is going through a change of thickness.  Packaging is changing from 13.56 SF/CTN to 19.40 SF/CTN as inventory ",null,null,null,null,null,null,null,null,null,null,null,null,null,null,null,null,null,null,null,null,null,null,null,null,null,null,null,null,null,null,null,null,null,null,null,"X"]
[null,null,null,null,"with old packaging is depleted.  Check with Customer Service to be sure which packaging amount you will be receiving.",null,null,null,null,null,null,null,null,null,null,null,null,null,null,null,null,null,null,null,null,null,null,null,null,null,null,null,null,null,null,null,null,null,null,null,"X"]
[null,null,null,null,"b) This format is going through a change of thickness.  Packaging is changing from 15.50 SF/CTN to 23.25 SF/CTN as inventory ",null,null,null,null,null,null,null,null,null,null,null,null,null,null,null,null,null,null,null,null,null,null,null,null,null,null,null,null,null,null,null,null,null,null,null,"X"]
[null,null,null,null,"with old packaging is depleted.  Check with Customer Service to be sure which packaging amount you will be receiving.",null,null,null,null,null,null,null,null,null,null,null,null,null,null,null,null,null,null,null,null,null,null,null,null,null,null,null,null,null,null,null,null,null,null,null,"X"]
[null,null,null,null,"c) The In&Out finish provides a silky, and at the same time, slip resistant surface.",null,null,null,null,null,null,null,null,null,null,null,null,null,null,null,null,null,null,null,null,null,null,null,null,null,null,null,null,null,null,null,null,null,null,null,"X"]
[null,null,null,null,null,null,null,null,null,null,null,null,null,null,null,null,null,null,null,null,null,null,null,null,null,null,null,null,null,null,null,null,null,null,null,null,null,null,null,null,"X"]
[null,null,"ABBEY - Color Body Porcelain",null,null,null,null,null,null,null," "," ",null,null,null,null,null,"Item # Lookup:","ROAB",null,null,null,null,null,null,null,null,null,null,null,null,null,null,null,null,null,null,null,null,null,"X"]
[null,null,null,null,null,null,null,null,null,null,null,null,null,null,null,null,null,null,null,null,null,null,null,null,null,null,null,null,null,null,null,null,null,null,null,null,null,null,null,null,"X"]
[null,null,null,"Colors:","Fresno          Gris          Roble          Vison",null,null,null,null,null,null,null,null,null,null,null,null,null,null,null,null,null,null,null,null,null,null,null,null,null,null,null,null,null,null,null,null,null,null,null,"X"]
[null,null,null,null,null,null,null,null,null,null,null,null,null,null,null,null,null,null,null,null,null,null,null,null,null,null,null,null,null,null,null,null,null,null,null,null,null,null,null,null,"X"]
[null,"Field Tile",null,null,"8\" x 48\"",null,"Field",null,"Rectified",null,null,null,null,null,null,"10.08 SF/CTN",null,"a",{"$f":"IF(Suggested=\"Yes\",AA39,AG39)","v":9.25},"SF",{"$f":"+Instructions!$B$3","v":"G "},null,{"$f":"+Instructions!$C$22","v":0},{"$f":"ROUND($AA39*(1-W39)+0.004999,2)","v":9.25},null,"YES",9.25,{"$f":"+W39","v":0},{"$f":"+X39","v":9.25},{"$f":"(AG39-AC39)/AG39","v":0},null,1,{"$f":"SUM(AJ39:AL39)+AE39","v":9.25},null,null,{"$f":"ROUND(AC39/(1-VLOOKUP(AF39,Group,2,FALSE)),2)","v":9.25},{"$f":"IF(VLOOKUP(AF39,Group,5,FALSE)=\"YES\",VLOOKUP(ROUND(ROUND(AJ39,1)-AJ39,2),Round,2,FALSE)+VLOOKUP(AF39,Group,6,FALSE),0)","v":0},{"$f":"IF(VLOOKUP(AF39,Group,7,FALSE)=\"\",0,ROUND(AJ39-0.04999,1)-AJ39+AM39)","v":0},{"$f":"IF(VLOOKUP(AF39,Group,7,FALSE)=\"\",\"\",VLOOKUP(AF39,Group,7,FALSE))","v":""},null,"X"]
[null,"Field Tile",null,null,"8\" x 48\"",null,"Field",null,"Rectified",null,"Non-slip (ABS)",null,null,null,null,"20.13 SF/CTN",null,null,{"$f":"IF(Suggested=\"Yes\",AA40,AG40)","v":8.9499999999999993},"SF",{"$f":"+Instructions!$B$3","v":"G "},null,{"$f":"+Instructions!$C$22","v":0},{"$f":"ROUND($AA40*(1-W40)+0.004999,2)","v":8.9499999999999993},null,"YES",8.9499999999999993,{"$f":"+W40","v":0},{"$f":"+X40","v":8.9499999999999993},{"$f":"(AG40-AC40)/AG40","v":0},null,1,{"$f":"SUM(AJ40:AL40)+AE40","v":8.9499999999999993},null,null,{"$f":"ROUND(AC40/(1-VLOOKUP(AF40,Group,2,FALSE)),2)","v":8.9499999999999993},{"$f":"IF(VLOOKUP(AF40,Group,5,FALSE)=\"YES\",VLOOKUP(ROUND(ROUND(AJ40,1)-AJ40,2),Round,2,FALSE)+VLOOKUP(AF40,Group,6,FALSE),0)","v":0},{"$f":"IF(VLOOKUP(AF40,Group,7,FALSE)=\"\",0,ROUND(AJ40-0.04999,1)-AJ40+AM40)","v":0},{"$f":"IF(VLOOKUP(AF40,Group,7,FALSE)=\"\",\"\",VLOOKUP(AF40,Group,7,FALSE))","v":""},null,"X"]
[null,null,null,null,null,null,null,null,null,null,null,null,null,null,null,null,null,null,null,null,null,null,null,null,null,null,null,null,null,null,null,null,null,null,null,null,null,null,null,null,"X"]
[null,null,null,"Color:","Roble",null,null,null,null,null,null,null,null,null,null,null,null,null,null,null,null,null,null,null,null,null,null,null,null,null,null,null,null,null,null,null,null,null,null,null,"X"]
[null,null,null,null,null,null,null,null,null,null,null,null,null,null,null,null,null,null,null,null,null,null,null,null,null,null,null,null,null,null,null,null,null,null,null,null,null,null,null,null,"X"]
[null,"Field Tile",null,null,"12\" x 36\"",null,"Field",null,"Rectified",null,"Suite Abbey",null,null,null,null,"14.56 SF/CTN",null,"b",{"$f":"IF(Suggested=\"Yes\",AA44,AG44)","v":9.5},"SF",{"$f":"+Instructions!$B$3","v":"G "},null,{"$f":"+Instructions!$C$22","v":0},{"$f":"ROUND($AA44*(1-W44)+0.004999,2)","v":9.5},null,"",9.5,{"$f":"+W44","v":0},{"$f":"+X44","v":9.5},{"$f":"(AG44-AC44)/AG44","v":0},null,1,{"$f":"SUM(AJ44:AL44)+AE44","v":9.5},null,null,{"$f":"ROUND(AC44/(1-VLOOKUP(AF44,Group,2,FALSE)),2)","v":9.5},{"$f":"IF(VLOOKUP(AF44,Group,5,FALSE)=\"YES\",VLOOKUP(ROUND(ROUND(AJ44,1)-AJ44,2),Round,2,FALSE)+VLOOKUP(AF44,Group,6,FALSE),0)","v":0},{"$f":"IF(VLOOKUP(AF44,Group,7,FALSE)=\"\",0,ROUND(AJ44-0.04999,1)-AJ44+AM44)","v":0},{"$f":"IF(VLOOKUP(AF44,Group,7,FALSE)=\"\",\"\",VLOOKUP(AF44,Group,7,FALSE))","v":""},null,"X"]
[null,null,null,null,null,null,null,null,null,null,null,null,null,null,null,null,null,null,null,null,null,null,null,null,null,null,null,null,null,null,null,null,null,null,null,null,null,null,null,null,"X"]
[null,null,null,"Notes:","a) This format is going through a change of thickness.  Packaging is changing from 10.08 SF/CTN to 20.13 SF/CTN as inventory ",null,null,null,null,null,null,null,null,null,null,null,null,null,null,null,null,null,null,null,null,null,null,null,null,null,null,null,null,null,null,null,null,null,null,null,"X"]
[null,null,null,null,"with old packaging is depleted.  Check with Customer Service to be sure which packaging amount you will be receiving.",null,null,null,null,null,null,null,null,null,null,null,null,null,null,null,null,null,null,null,null,null,null,null,null,null,null,null,null,null,null,null,null,null,null,null,"X"]
[null,null,null,null,"b) This is a glazed ceramic tile and is for wall use only.",null,null,null,null,null,null,null,null,null,null,null,null,null,null,null,null,null,null,null,null,null,null,null,null,null,null,null,null,null,null,null,null,null,null,null,"X"]
[null,null,null,null,null,null,null,null,null,null,null,null,null,null,null,null,null,null,null,null,null,null,null,null,null,null,null,null,null,null,null,null,null,null,null,null,null,null,null,null,"X"]
[null,null,"ALASKA - Polished Porcelain",null,null,null,null,null,null,null," "," ",null,null,null,null,null,"Item # Lookup:","ROAL",null,null,null,null,null,null,null,null,null,null,null,null,null,null,null,null,null,null,null,null,null,"X"]
[null,null,null,null,null,null,null,null,null,null,null,null,null,null,null,null,null,null,null,null,null,null,null,null,null,null,null,null,null,null,null,null,null,null,null,null,null,null,null,null,"X"]
[null,null,null,"Color:","Alaska White",null,null,null,null,null,null,null,null,null,null,null,null,null,null,null,null,null,null,null,null,null,null,null,null,null,null,null,null,null,null,null,null,null,null,null,"X"]
[null,null,null,null,null,null,null,null,null,null,null,null,null,null,null,null,null,null,null,null,null,null,null,null,null,null,null,null,null,null,null,null,null,null,null,null,null,null,null,null,"X"]
[null,"Field Tile",null,null,"24\" x 48\"",null,"Field",null,"Rectified",null,"Polished",null,null,null,null,"15.50 SF/CTN",null,null,{"$f":"IF(Suggested=\"Yes\",AA54,AG54)","v":7.4},"SF",{"$f":"+Instructions!$B$3","v":"G "},null,{"$f":"+Instructions!$C$22","v":0},{"$f":"ROUND($AA54*(1-W54)+0.004999,2)","v":7.4},null,"YES",7.4,{"$f":"+W54","v":0},{"$f":"+X54","v":7.4},{"$f":"(AG54-AC54)/AG54","v":0},null,1,{"$f":"SUM(AJ54:AL54)+AE54","v":7.4},null,null,{"$f":"ROUND(AC54/(1-VLOOKUP(AF54,Group,2,FALSE)),2)","v":7.4},{"$f":"IF(VLOOKUP(AF54,Group,5,FALSE)=\"YES\",VLOOKUP(ROUND(ROUND(AJ54,1)-AJ54,2),Round,2,FALSE)+VLOOKUP(AF54,Group,6,FALSE),0)","v":0},{"$f":"IF(VLOOKUP(AF54,Group,7,FALSE)=\"\",0,ROUND(AJ54-0.04999,1)-AJ54+AM54)","v":0},{"$f":"IF(VLOOKUP(AF54,Group,7,FALSE)=\"\",\"\",VLOOKUP(AF54,Group,7,FALSE))","v":""},null,"X"]
[null,null,null,null,null,null,null,null,null,null,null,null,null,null,null,null,null,null,null,null,null,null,null,null,null,null,null,null,null,null,null,null,null,null,null,null,null,null,null,null,"X"]
[null,null,"ARTESANO - Glazed Ceramic Wall",null,null,null,null,null,null,null," "," ",null,null,null,null,null,"Item # Lookup:","ROAR",null,null,null,null,null,null,null,null,null,null,null,null,null,null,null,null,null,null,null,null,null,"X"]
[null,null,null,null,null,null,null,null,null,null,null,null,null,null,null,null,null,null,null,null,null,null,null,null,null,null,null,null,null,null,null,null,null,null,null,null,null,null,null,null,"X"]
[null,null,null,"Colors:","Biscuit (Bright)",null,"       Black (Matte)",null,null,null," White Ice (Bright)",null,null,null,null,null,null,null,null,null,null,null,null,null,null,null,null,null,null,null,null,null,null,null,null,null,null,null,null,null,"X"]
[null,null,null,null,"Black (Bright)",null,"       Neu Gray (Bright)",null,null,null," White Ice (Matte)",null,null,null,null,null,null,null,null,null,null,null,null,null,null,null,null,null,null,null,null,null,null,null,null,null,null,null,null,null,"X"]
[null,null,null,null,null,null,null,null,null,null,null,null,null,null,null,null,null,null,null,null,null,null,null,null,null,null,null,null,null,null,null,null,null,null,null,null,null,null,null,null,"X"]
[null,"Field Tile",null,null,"3\" x 12\"",null,"Field",null,null,null,null,null,null,null,null,"12.64 SF/CTN",null,null,{"$f":"IF(Suggested=\"Yes\",AA61,AG61)","v":7.15},"SF",{"$f":"+Instructions!$B$3","v":"G "},null,{"$f":"+Instructions!$C$22","v":0},{"$f":"ROUND($AA61*(1-W61)+0.004999,2)","v":7.15},null,"new",7.15,{"$f":"+W61","v":0},{"$f":"+X61","v":7.15},{"$f":"(AG61-AC61)/AG61","v":0},null,1,{"$f":"SUM(AJ61:AL61)+AE61","v":7.15},null,null,{"$f":"ROUND(AC61/(1-VLOOKUP(AF61,Group,2,FALSE)),2)","v":7.15},{"$f":"IF(VLOOKUP(AF61,Group,5,FALSE)=\"YES\",VLOOKUP(ROUND(ROUND(AJ61,1)-AJ61,2),Round,2,FALSE)+VLOOKUP(AF61,Group,6,FALSE),0)","v":0},{"$f":"IF(VLOOKUP(AF61,Group,7,FALSE)=\"\",0,ROUND(AJ61-0.04999,1)-AJ61+AM61)","v":0},{"$f":"IF(VLOOKUP(AF61,Group,7,FALSE)=\"\",\"\",VLOOKUP(AF61,Group,7,FALSE))","v":""},null,"X"]
[null,null,null,null,null,null,null,null,null,null,null,null,null,null,null,null,null,null,null,null,null,null,null,null,null,null,null,null,null,null,null,null,null,null,null,null,null,null,null,null,"X"]
[null,null,"BAR TILE - Glazed Ceramic Wall",null,null,null,null,null,null,null," "," ",null,null,null,null,null,"Item # Lookup:","ROBT",null,null,null,null,null,null,null,null,null,null,null,null,null,null,null,null,null,null,null,null,null,"X"]
[null,null,null,null,null,null,null,null,null,null,null,null,null,null,null,null,null,null,null,null,null,null,null,null,null,null,null,null,null,null,null,null,null,null,null,null,null,null,null,null,"X"]
[null,null,null,"Colors:","Glasgow          Havre          Lisbon          Nuuk          Oslo",null,null,null,null,null,null,null,null,null,null,null,null,null,null,null,null,null,null,null,null,null,null,null,null,null,null,null,null,null,null,null,null,null,null,null,"X"]
[null,null,null,null,null,null,null,null,null,null,null,null,null,null,null,null,null,null,null,null,null,null,null,null,null,null,null,null,null,null,null,null,null,null,null,null,null,null,null,null,"X"]
[null,"Field Tile",null,null,"3\" x 12\"",null,"Field",null,null,null,"Bright",null,null,null,null,"12.64 SF/CTN",null,null,{"$f":"IF(Suggested=\"Yes\",AA67,AG67)","v":8.6},"SF",{"$f":"+Instructions!$B$3","v":"G "},null,{"$f":"+Instructions!$C$22","v":0},{"$f":"ROUND($AA67*(1-W67)+0.004999,2)","v":8.6},null,"new",8.6,{"$f":"+W67","v":0},{"$f":"+X67","v":8.6},{"$f":"(AG67-AC67)/AG67","v":0},null,1,{"$f":"SUM(AJ67:AL67)+AE67","v":8.6},null,null,{"$f":"ROUND(AC67/(1-VLOOKUP(AF67,Group,2,FALSE)),2)","v":8.6},{"$f":"IF(VLOOKUP(AF67,Group,5,FALSE)=\"YES\",VLOOKUP(ROUND(ROUND(AJ67,1)-AJ67,2),Round,2,FALSE)+VLOOKUP(AF67,Group,6,FALSE),0)","v":0},{"$f":"IF(VLOOKUP(AF67,Group,7,FALSE)=\"\",0,ROUND(AJ67-0.04999,1)-AJ67+AM67)","v":0},{"$f":"IF(VLOOKUP(AF67,Group,7,FALSE)=\"\",\"\",VLOOKUP(AF67,Group,7,FALSE))","v":""},null,"X"]
[null,null,null,null,null,null,null,null,null,null,null,null,null,null,null,null,null,null,null,null,null,null,null,null,null,null,null,null,null,null,null,null,null,null,null,null,null,null,null,null,"X"]
[null,null,"BIANCO VENATINO - Glazed Porcelain",null,null,null,null,null,null,null,null,null,null,null,null,null,null,"Item # Lookup:","ROBV",null,null,null,null,null,null,null,null,null,null,null,null,null,null,null,null,null,null,null,null,null,"X"]
[null,null," ",null,null,null,null,null,null,null,null,null,null,null,null,null,null,null,null,null,null,null,null,null,null,null,null,null,null,null,null,null,null,null,null,null,null,null,null,null,"X"]
[null,null,null,"Color:","Bianco Venatino",null,null,null,null,null,null,null,null,null,null,null,null,null,null,null,null,null,null,null,null,null,null,null,null,null,null,null,null,null,null,null,null,null,null,null,"X"]
[null,null,null,null,null,null,null,null,null,null,null,null,null,null,null,null,null,null,null,null,null,null,null,null,null,null,null,null,null,null,null,null,null,null,null,null,null,null,null,null,"X"]
[null,"Field Tile",null,null,"12\" x 24\"",null,"Field",null,"Rectified",null,"Polished",null,null,null,null,"18.94 SF/CTN",null,null,{"$f":"IF(Suggested=\"Yes\",AA73,AG73)","v":7.35},"SF",{"$f":"+Instructions!$B$3","v":"G "},null,{"$f":"+Instructions!$C$22","v":0},{"$f":"ROUND($AA73*(1-W73)+0.004999,2)","v":7.35},null,"",7.35,{"$f":"+W73","v":0},7.35,{"$f":"(AG73-AC73)/AG73","v":0},null,1,{"$f":"SUM(AJ73:AL73)+AE73","v":7.35},null,null,{"$f":"ROUND(AC73/(1-VLOOKUP(AF73,Group,2,FALSE)),2)","v":7.35},{"$f":"IF(VLOOKUP(AF73,Group,5,FALSE)=\"YES\",VLOOKUP(ROUND(ROUND(AJ73,1)-AJ73,2),Round,2,FALSE)+VLOOKUP(AF73,Group,6,FALSE),0)","v":0},{"$f":"IF(VLOOKUP(AF73,Group,7,FALSE)=\"\",0,ROUND(AJ73-0.04999,1)-AJ73+AM73)","v":0},{"$f":"IF(VLOOKUP(AF73,Group,7,FALSE)=\"\",\"\",VLOOKUP(AF73,Group,7,FALSE))","v":""},null,"X"]
[null,"Field Tile",null,null,"24\" x 24\"",null,"Field",null,"Rectified",null,"Polished",null,null,null,null,"19.05 SF/CTN",null,null,{"$f":"IF(Suggested=\"Yes\",AA74,AG74)","v":7.35},"SF",{"$f":"+Instructions!$B$3","v":"G "},null,{"$f":"+Instructions!$C$22","v":0},{"$f":"ROUND($AA74*(1-W74)+0.004999,2)","v":7.35},null,"",7.35,0,7.35,{"$f":"(AG74-AC74)/AG74","v":0},null,1,{"$f":"SUM(AJ74:AL74)+AE74","v":7.35},null,null,{"$f":"ROUND(AC74/(1-VLOOKUP(AF74,Group,2,FALSE)),2)","v":7.35},{"$f":"IF(VLOOKUP(AF74,Group,5,FALSE)=\"YES\",VLOOKUP(ROUND(ROUND(AJ74,1)-AJ74,2),Round,2,FALSE)+VLOOKUP(AF74,Group,6,FALSE),0)","v":0},{"$f":"IF(VLOOKUP(AF74,Group,7,FALSE)=\"\",0,ROUND(AJ74-0.04999,1)-AJ74+AM74)","v":0},{"$f":"IF(VLOOKUP(AF74,Group,7,FALSE)=\"\",\"\",VLOOKUP(AF74,Group,7,FALSE))","v":""},null,"X"]
[null,"Field Tile",null,null,"35\" x 35\"",null,"Field",null,"Rectified",null,"Polished",null,null,null,null,"25.87 SF/CTN",null,null,{"$f":"IF(Suggested=\"Yes\",AA75,AG75)","v":8.35},"SF",{"$f":"+Instructions!$B$3","v":"G "},null,{"$f":"+Instructions!$C$22","v":0},{"$f":"ROUND($AA75*(1-W75)+0.004999,2)","v":8.35},null,"",8.35,0,8.35,{"$f":"(AG75-AC75)/AG75","v":0},null,1,{"$f":"SUM(AJ75:AL75)+AE75","v":8.35},null,null,{"$f":"ROUND(AC75/(1-VLOOKUP(AF75,Group,2,FALSE)),2)","v":8.35},{"$f":"IF(VLOOKUP(AF75,Group,5,FALSE)=\"YES\",VLOOKUP(ROUND(ROUND(AJ75,1)-AJ75,2),Round,2,FALSE)+VLOOKUP(AF75,Group,6,FALSE),0)","v":0},{"$f":"IF(VLOOKUP(AF75,Group,7,FALSE)=\"\",0,ROUND(AJ75-0.04999,1)-AJ75+AM75)","v":0},{"$f":"IF(VLOOKUP(AF75,Group,7,FALSE)=\"\",\"\",VLOOKUP(AF75,Group,7,FALSE))","v":""},null,"X"]
[null,"Field Tile",null,null,"24\" x 48\"",null,"Field",null,"Rectified",null,"Polished",null,null,null,null,"15.28 SF/CTN",null,"a",{"$f":"IF(Suggested=\"Yes\",AA76,AG76)","v":9},"SF",{"$f":"+Instructions!$B$3","v":"G "},null,{"$f":"+Instructions!$C$22","v":0},{"$f":"ROUND($AA76*(1-W76)+0.004999,2)","v":9},null,"",9,0,9,{"$f":"(AG76-AC76)/AG76","v":0},null,1,{"$f":"SUM(AJ76:AL76)+AE76","v":9},null,null,{"$f":"ROUND(AC76/(1-VLOOKUP(AF76,Group,2,FALSE)),2)","v":9},{"$f":"IF(VLOOKUP(AF76,Group,5,FALSE)=\"YES\",VLOOKUP(ROUND(ROUND(AJ76,1)-AJ76,2),Round,2,FALSE)+VLOOKUP(AF76,Group,6,FALSE),0)","v":0},{"$f":"IF(VLOOKUP(AF76,Group,7,FALSE)=\"\",0,ROUND(AJ76-0.04999,1)-AJ76+AM76)","v":0},{"$f":"IF(VLOOKUP(AF76,Group,7,FALSE)=\"\",\"\",VLOOKUP(AF76,Group,7,FALSE))","v":""},null,"X"]
[null,null," ",null,null,null,null,null,null,null,null,null,null,null,null,null,null,null,null,null,null,null,null,null,null,null,null,null,null,null,null,null,null,null,null,null,null,null,null,null,"X"]
[null,"Field Tile",null,null,"12\" x 24\"",null,"Field",null,"Rectified",null,"Unpolished",null," ",null,null,"18.94 SF/CTN",null,null,{"$f":"IF(Suggested=\"Yes\",AA78,AG78)","v":6.3},"SF",{"$f":"+Instructions!$B$3","v":"G "},null,{"$f":"+Instructions!$C$22","v":0},{"$f":"ROUND($AA78*(1-W78)+0.004999,2)","v":6.3},null,"",6.3,{"$f":"+W78","v":0},6.3,{"$f":"(AG78-AC78)/AG78","v":0},null,1,{"$f":"SUM(AJ78:AL78)+AE78","v":6.3},null,null,{"$f":"ROUND(AC78/(1-VLOOKUP(AF78,Group,2,FALSE)),2)","v":6.3},{"$f":"IF(VLOOKUP(AF78,Group,5,FALSE)=\"YES\",VLOOKUP(ROUND(ROUND(AJ78,1)-AJ78,2),Round,2,FALSE)+VLOOKUP(AF78,Group,6,FALSE),0)","v":0},{"$f":"IF(VLOOKUP(AF78,Group,7,FALSE)=\"\",0,ROUND(AJ78-0.04999,1)-AJ78+AM78)","v":0},{"$f":"IF(VLOOKUP(AF78,Group,7,FALSE)=\"\",\"\",VLOOKUP(AF78,Group,7,FALSE))","v":""},null,"X"]
[null,"Field Tile",null,null,"24\" x 24\"",null,"Field",null,"Rectified",null,"Unpolished",null,null,null,null,"19.05 SF/CTN",null,null,{"$f":"IF(Suggested=\"Yes\",AA79,AG79)","v":6.35},"SF",{"$f":"+Instructions!$B$3","v":"G "},null,{"$f":"+Instructions!$C$22","v":0},{"$f":"ROUND($AA79*(1-W79)+0.004999,2)","v":6.35},null,"",6.35,0,6.35,{"$f":"(AG79-AC79)/AG79","v":0},null,1,{"$f":"SUM(AJ79:AL79)+AE79","v":6.35},null,null,{"$f":"ROUND(AC79/(1-VLOOKUP(AF79,Group,2,FALSE)),2)","v":6.35},{"$f":"IF(VLOOKUP(AF79,Group,5,FALSE)=\"YES\",VLOOKUP(ROUND(ROUND(AJ79,1)-AJ79,2),Round,2,FALSE)+VLOOKUP(AF79,Group,6,FALSE),0)","v":0},{"$f":"IF(VLOOKUP(AF79,Group,7,FALSE)=\"\",0,ROUND(AJ79-0.04999,1)-AJ79+AM79)","v":0},{"$f":"IF(VLOOKUP(AF79,Group,7,FALSE)=\"\",\"\",VLOOKUP(AF79,Group,7,FALSE))","v":""},null,"X"]
[null,"Field Tile",null,null,"35\" x 35\"",null,"Field",null,"Rectified",null,"Unpolished",null,null,null,null,"17.22 SF/CTN",null,"b",{"$f":"IF(Suggested=\"Yes\",AA80,AG80)","v":7.5},"SF",{"$f":"+Instructions!$B$3","v":"G "},null,{"$f":"+Instructions!$C$22","v":0},{"$f":"ROUND($AA80*(1-W80)+0.004999,2)","v":7.5},null,"",7.5,0,7.5,{"$f":"(AG80-AC80)/AG80","v":0},null,1,{"$f":"SUM(AJ80:AL80)+AE80","v":7.5},null,null,{"$f":"ROUND(AC80/(1-VLOOKUP(AF80,Group,2,FALSE)),2)","v":7.5},{"$f":"IF(VLOOKUP(AF80,Group,5,FALSE)=\"YES\",VLOOKUP(ROUND(ROUND(AJ80,1)-AJ80,2),Round,2,FALSE)+VLOOKUP(AF80,Group,6,FALSE),0)","v":0},{"$f":"IF(VLOOKUP(AF80,Group,7,FALSE)=\"\",0,ROUND(AJ80-0.04999,1)-AJ80+AM80)","v":0},{"$f":"IF(VLOOKUP(AF80,Group,7,FALSE)=\"\",\"\",VLOOKUP(AF80,Group,7,FALSE))","v":""},null,"X"]
[null,"Field Tile",null,null,"24\" x 48\"",null,"Field",null,"Rectified",null,"Unpolished",null,null,null,null,"15.28 SF/CTN",null,"a",{"$f":"IF(Suggested=\"Yes\",AA81,AG81)","v":7.85},"SF",{"$f":"+Instructions!$B$3","v":"G "},null,{"$f":"+Instructions!$C$22","v":0},{"$f":"ROUND($AA81*(1-W81)+0.004999,2)","v":7.85},null,"",7.85,0,7.85,{"$f":"(AG81-AC81)/AG81","v":0},null,1,{"$f":"SUM(AJ81:AL81)+AE81","v":7.85},null,null,{"$f":"ROUND(AC81/(1-VLOOKUP(AF81,Group,2,FALSE)),2)","v":7.85},{"$f":"IF(VLOOKUP(AF81,Group,5,FALSE)=\"YES\",VLOOKUP(ROUND(ROUND(AJ81,1)-AJ81,2),Round,2,FALSE)+VLOOKUP(AF81,Group,6,FALSE),0)","v":0},{"$f":"IF(VLOOKUP(AF81,Group,7,FALSE)=\"\",0,ROUND(AJ81-0.04999,1)-AJ81+AM81)","v":0},{"$f":"IF(VLOOKUP(AF81,Group,7,FALSE)=\"\",\"\",VLOOKUP(AF81,Group,7,FALSE))","v":""},null,"X"]
[null,null,null,null,null,null,null,null,null,null,null,null,null,null,null,null,null,null,null,null,null,null,null,null,null,null,null,null,null,null,null,null,null,null,null,null,null,null,null,null,"X"]
[null,"Decos",null,null,"13\" x 13\"",null,"Mosaic",null,"2\" x 2\" (Mesh-Mounted)",null,null,"Unpolished",null,null,null,"1.19 SF/SHEET",null,null,{"$f":"IF(Suggested=\"Yes\",AA83,AG83)","v":21.15},"EA",{"$f":"+Instructions!$B$3","v":"G "},null,{"$f":"+Instructions!$C$22","v":0},{"$f":"ROUND($AA83*(1-W83)+0.004999,2)","v":21.15},null,"",21.15,{"$f":"+W83","v":0},{"$f":"+X83","v":21.15},{"$f":"(AG83-AC83)/AG83","v":0},null,3,{"$f":"SUM(AJ83:AL83)+AE83","v":21.15},null,null,{"$f":"ROUND(AC83/(1-VLOOKUP(AF83,Group,2,FALSE)),2)","v":21.15},{"$f":"IF(VLOOKUP(AF83,Group,5,FALSE)=\"YES\",VLOOKUP(ROUND(ROUND(AJ83,1)-AJ83,2),Round,2,FALSE)+VLOOKUP(AF83,Group,6,FALSE),0)","v":0},{"$f":"IF(VLOOKUP(AF83,Group,7,FALSE)=\"\",0,ROUND(AJ83-0.04999,1)-AJ83+AM83)","v":0},{"$f":"IF(VLOOKUP(AF83,Group,7,FALSE)=\"\",\"\",VLOOKUP(AF83,Group,7,FALSE))","v":""},null,"X"]
[null,null,null,null,null,null,null,null,null,null,null,null,null,null,null,null,null,null,null,null,null,null,null,null,null,null,null,null,null,null,null,null,null,null,null,null,null,null,null,null,"X"]
[null,"Trim",null,null,"3\" x 12\"",null,"S4312",null,"Bullnose",null,null,"Unpolished",null,null,null,null,null,null,{"$f":"IF(Suggested=\"Yes\",AA85,AG85)","v":5.9},"EA",{"$f":"+Instructions!$B$3","v":"G "},null,{"$f":"+Instructions!$C$22","v":0},{"$f":"ROUND($AA85*(1-W85)+0.004999,2)","v":5.9},null,"",5.9,{"$f":"+W85","v":0},{"$f":"+X85","v":5.9},{"$f":"(AG85-AC85)/AG85","v":0},null,2,{"$f":"SUM(AJ85:AL85)+AE85","v":5.9},null,null,{"$f":"ROUND(AC85/(1-VLOOKUP(AF85,Group,2,FALSE)),2)","v":5.9},{"$f":"IF(VLOOKUP(AF85,Group,5,FALSE)=\"YES\",VLOOKUP(ROUND(ROUND(AJ85,1)-AJ85,2),Round,2,FALSE)+VLOOKUP(AF85,Group,6,FALSE),0)","v":0},{"$f":"IF(VLOOKUP(AF85,Group,7,FALSE)=\"\",0,ROUND(AJ85-0.04999,1)-AJ85+AM85)","v":0},{"$f":"IF(VLOOKUP(AF85,Group,7,FALSE)=\"\",\"\",VLOOKUP(AF85,Group,7,FALSE))","v":""},null,"X"]
[null,null,null,null,null,null,null,null,null,null,null,null,null,null,null,null,null,null,null,null,null,null,null,null,null,null,null,null,null,null,null,null,null,null,null,null,null,null,null,null,"X"]
[null,null,null,"Notes:","a) This format is going through a change of thickness.  Packaging is changing from 15.28 SF/CTN to 22.96 SF/CTN as inventory ",null,null,null,null,null,null,null,null,null,null,null,null,null,null,null,null,null,null,null,null,null,null,null,null,null,null,null,null,null,null,null,null,null,null,null,"X"]
[null,null,null,null,"with old packaging is depleted.  Check with Customer Service to be sure which packaging amount you will be receiving.",null,null,null,null,null,null,null,null,null,null,null,null,null,null,null,null,null,null,null,null,null,null,null,null,null,null,null,null,null,null,null,null,null,null,null,"X"]
[null,null,null,null,"b) This format is going through a change of thickness.  Packaging is changing from 17.22 SF/CTN to 25.87 SF/CTN as inventory ",null,null,null,null,null,null,null,null,null,null,null,null,null,null,null,null,null,null,null,null,null,null,null,null,null,null,null,null,null,null,null,null,null,null,null,"X"]
[null,null,null,null,"with old packaging is depleted.  Check with Customer Service to be sure which packaging amount you will be receiving.",null,null,null,null,null,null,null,null,null,null,null,null,null,null,null,null,null,null,null,null,null,null,null,null,null,null,null,null,null,null,null,null,null,null,null,"X"]
[null,null,null,null,null,null,null,null,null,null,null,null,null,null,null,null,null,null,null,null,null,null,null,null,null,null,null,null,null,null,null,null,null,null,null,null,null,null,null,null,"X"]
[null,null,"BLOCK - Glazed Porcelain & Glazed Ceramic Wall",null,null,null,null,null,null,null,null,null,null,null,null,null,null,"Item # Lookup:","ROBL",null,null,null,null,null,null,null,null,null,null,null,null,null,null,null,null,null,null,null,null,null,"X"]
[null,null,null,null,null,null,null,null,null,null,null,null,null,null,null,null,null,null,null,null,null,null,null,null,null,null,null,null,null,null,null,null,null,null,null,null,null,null,null,null,"X"]
[null,null,null,"Colors:","Acero","Blanco",null,null,"         Negro",null,null,null,null,null,null,null,null,null,null,null,null,null,null,null,null,null,null,null,null,null,null,null,null,null,null,null,null,null,null,null,"X"]
[null,null,null,null,"Azul","Gris",null,null,"         Verde",null,null,null,null,null,null,null,null,null,null,null,null,null,null,null,null,null,null,null,null,null,null,null,null,null,null,null,null,null,null,null,"X"]
[null,null,null,null,null,null,null,null,null,null,null,null,null,null,null,null,null,null,null,null,null,null,null,null,null,null,null,null,null,null,null,null,null,null,null,null,null,null,null,null,"X"]
[null,"Field Tile",null,"Floor:","4\" x 24\"",null,"Field",null,null,null,"Matte",null,null,null,null,"9.39 SF/CTN",null,null,{"$f":"IF(Suggested=\"Yes\",AA97,AG97)","v":10.35},"SF",{"$f":"+Instructions!$B$3","v":"G "},null,{"$f":"+Instructions!$C$22","v":0},{"$f":"ROUND($AA97*(1-W97)+0.004999,2)","v":10.35},null,"",10.35,{"$f":"+W97","v":0},{"$f":"+X97","v":10.35},{"$f":"(AG97-AC97)/AG97","v":0},null,1,{"$f":"SUM(AJ97:AL97)+AE97","v":10.35},null,null,{"$f":"ROUND(AC97/(1-VLOOKUP(AF97,Group,2,FALSE)),2)","v":10.35},{"$f":"IF(VLOOKUP(AF97,Group,5,FALSE)=\"YES\",VLOOKUP(ROUND(ROUND(AJ97,1)-AJ97,2),Round,2,FALSE)+VLOOKUP(AF97,Group,6,FALSE),0)","v":0},{"$f":"IF(VLOOKUP(AF97,Group,7,FALSE)=\"\",0,ROUND(AJ97-0.04999,1)-AJ97+AM97)","v":0},{"$f":"IF(VLOOKUP(AF97,Group,7,FALSE)=\"\",\"\",VLOOKUP(AF97,Group,7,FALSE))","v":""},null,"X"]
[null,"Field Tile",null,null,"5\" x 6\" Hexagon",null,"Field",null,null,null,"Matte",null,null,null,null,"3.55 SF/CTN",null,null,{"$f":"IF(Suggested=\"Yes\",AA98,AG98)","v":12.65},"SF",{"$f":"+Instructions!$B$3","v":"G "},null,{"$f":"+Instructions!$C$22","v":0},{"$f":"ROUND($AA98*(1-W98)+0.004999,2)","v":12.65},null,"",12.65,{"$f":"+W98","v":0},{"$f":"+X98","v":12.65},{"$f":"(AG98-AC98)/AG98","v":0},null,1,{"$f":"SUM(AJ98:AL98)+AE98","v":12.65},null,null,{"$f":"ROUND(AC98/(1-VLOOKUP(AF98,Group,2,FALSE)),2)","v":12.65},{"$f":"IF(VLOOKUP(AF98,Group,5,FALSE)=\"YES\",VLOOKUP(ROUND(ROUND(AJ98,1)-AJ98,2),Round,2,FALSE)+VLOOKUP(AF98,Group,6,FALSE),0)","v":0},{"$f":"IF(VLOOKUP(AF98,Group,7,FALSE)=\"\",0,ROUND(AJ98-0.04999,1)-AJ98+AM98)","v":0},{"$f":"IF(VLOOKUP(AF98,Group,7,FALSE)=\"\",\"\",VLOOKUP(AF98,Group,7,FALSE))","v":""},null,"X"]
[null,null,null,null,null,null,null,null,null,null,null,null,null,null,null,null,null,null,null,null,null,null,null,null,null,null,null,null,null,null,null,null,null,null,null,null,null,null,null,null,"X"]
[null,"Field Tile",null,"Wall:","2\" x 10\"",null,"Field",null,null,null,"Bright",null,null,null,null,"5.42 SF/CTN",null,null,{"$f":"IF(Suggested=\"Yes\",AA100,AG100)","v":10.4},"SF",{"$f":"+Instructions!$B$3","v":"G "},null,{"$f":"+Instructions!$C$22","v":0},{"$f":"ROUND($AA100*(1-W100)+0.004999,2)","v":10.4},null,"",10.4,{"$f":"+W100","v":0},{"$f":"+X100","v":10.4},{"$f":"(AG100-AC100)/AG100","v":0},null,1,{"$f":"SUM(AJ100:AL100)+AE100","v":10.4},null,null,{"$f":"ROUND(AC100/(1-VLOOKUP(AF100,Group,2,FALSE)),2)","v":10.4},{"$f":"IF(VLOOKUP(AF100,Group,5,FALSE)=\"YES\",VLOOKUP(ROUND(ROUND(AJ100,1)-AJ100,2),Round,2,FALSE)+VLOOKUP(AF100,Group,6,FALSE),0)","v":0},{"$f":"IF(VLOOKUP(AF100,Group,7,FALSE)=\"\",0,ROUND(AJ100-0.04999,1)-AJ100+AM100)","v":0},{"$f":"IF(VLOOKUP(AF100,Group,7,FALSE)=\"\",\"\",VLOOKUP(AF100,Group,7,FALSE))","v":""},null,"X"]
[null,"Field Tile",null,null,"2\" x 10\"",null,"Field - Arrow",null,null,null,"Bright",null,null,null,null,"5.38 SF/CTN",null,null,{"$f":"IF(Suggested=\"Yes\",AA101,AG101)","v":12.3},"SF",{"$f":"+Instructions!$B$3","v":"G "},null,{"$f":"+Instructions!$C$22","v":0},{"$f":"ROUND($AA101*(1-W101)+0.004999,2)","v":12.3},null,"",12.3,{"$f":"+W101","v":0},{"$f":"+X101","v":12.3},{"$f":"(AG101-AC101)/AG101","v":0},null,1,{"$f":"SUM(AJ101:AL101)+AE101","v":12.3},null,null,{"$f":"ROUND(AC101/(1-VLOOKUP(AF101,Group,2,FALSE)),2)","v":12.3},{"$f":"IF(VLOOKUP(AF101,Group,5,FALSE)=\"YES\",VLOOKUP(ROUND(ROUND(AJ101,1)-AJ101,2),Round,2,FALSE)+VLOOKUP(AF101,Group,6,FALSE),0)","v":0},{"$f":"IF(VLOOKUP(AF101,Group,7,FALSE)=\"\",0,ROUND(AJ101-0.04999,1)-AJ101+AM101)","v":0},{"$f":"IF(VLOOKUP(AF101,Group,7,FALSE)=\"\",\"\",VLOOKUP(AF101,Group,7,FALSE))","v":""},null,"X"]
[null,null,null,null,null,null,null,null,null,null,null,null,null,null,null,null,null,null,null,null,null,null,null,null,null,null,null,null,null,null,null,null,null,null,null,null,null,null,null,null,"X"]
[null,"Trim",null,null,"2\" x 10\"",null,"Bullnose",null,null,null,"Bright",null,null,null,null,null,null,null,{"$f":"IF(Suggested=\"Yes\",AA103,AG103)","v":9.9499999999999993},"EA",{"$f":"+Instructions!$B$3","v":"G "},null,{"$f":"+Instructions!$C$22","v":0},{"$f":"ROUND($AA103*(1-W103)+0.004999,2)","v":9.9499999999999993},null,"",9.9499999999999993,{"$f":"+W103","v":0},{"$f":"+X103","v":9.9499999999999993},{"$f":"(AG103-AC103)/AG103","v":0},null,2,{"$f":"SUM(AJ103:AL103)+AE103","v":9.9499999999999993},null,null,{"$f":"ROUND(AC103/(1-VLOOKUP(AF103,Group,2,FALSE)),2)","v":9.9499999999999993},{"$f":"IF(VLOOKUP(AF103,Group,5,FALSE)=\"YES\",VLOOKUP(ROUND(ROUND(AJ103,1)-AJ103,2),Round,2,FALSE)+VLOOKUP(AF103,Group,6,FALSE),0)","v":0},{"$f":"IF(VLOOKUP(AF103,Group,7,FALSE)=\"\",0,ROUND(AJ103-0.04999,1)-AJ103+AM103)","v":0},{"$f":"IF(VLOOKUP(AF103,Group,7,FALSE)=\"\",\"\",VLOOKUP(AF103,Group,7,FALSE))","v":""},null,"X"]
[null,null,null,null,null,null,null,null,null,null,null,null,null,null,null,null,null,null,null,null,null,null,null,null,null,null,null,null,null,null,null,null,null,null,null,null,null,null,null,null,"X"]
[null,"Field Tile",null,null,"2\" x 10\"",null,"Field",null,null,null,"Matte",null,null,null,null,"5.42 SF/CTN",null,null,{"$f":"IF(Suggested=\"Yes\",AA105,AG105)","v":10.4},"SF",{"$f":"+Instructions!$B$3","v":"G "},null,{"$f":"+Instructions!$C$22","v":0},{"$f":"ROUND($AA105*(1-W105)+0.004999,2)","v":10.4},null,"",10.4,{"$f":"+W105","v":0},{"$f":"+X105","v":10.4},{"$f":"(AG105-AC105)/AG105","v":0},null,1,{"$f":"SUM(AJ105:AL105)+AE105","v":10.4},null,null,{"$f":"ROUND(AC105/(1-VLOOKUP(AF105,Group,2,FALSE)),2)","v":10.4},{"$f":"IF(VLOOKUP(AF105,Group,5,FALSE)=\"YES\",VLOOKUP(ROUND(ROUND(AJ105,1)-AJ105,2),Round,2,FALSE)+VLOOKUP(AF105,Group,6,FALSE),0)","v":0},{"$f":"IF(VLOOKUP(AF105,Group,7,FALSE)=\"\",0,ROUND(AJ105-0.04999,1)-AJ105+AM105)","v":0},{"$f":"IF(VLOOKUP(AF105,Group,7,FALSE)=\"\",\"\",VLOOKUP(AF105,Group,7,FALSE))","v":""},null,"X"]
[null,"Field Tile",null,null,"2\" x 10\"",null,"Field - Arrow",null,null,null,"Matte",null,null,null,null,"5.38 SF/CTN",null,null,{"$f":"IF(Suggested=\"Yes\",AA106,AG106)","v":12.3},"SF",{"$f":"+Instructions!$B$3","v":"G "},null,{"$f":"+Instructions!$C$22","v":0},{"$f":"ROUND($AA106*(1-W106)+0.004999,2)","v":12.3},null,"",12.3,{"$f":"+W106","v":0},{"$f":"+X106","v":12.3},{"$f":"(AG106-AC106)/AG106","v":0},null,1,{"$f":"SUM(AJ106:AL106)+AE106","v":12.3},null,null,{"$f":"ROUND(AC106/(1-VLOOKUP(AF106,Group,2,FALSE)),2)","v":12.3},{"$f":"IF(VLOOKUP(AF106,Group,5,FALSE)=\"YES\",VLOOKUP(ROUND(ROUND(AJ106,1)-AJ106,2),Round,2,FALSE)+VLOOKUP(AF106,Group,6,FALSE),0)","v":0},{"$f":"IF(VLOOKUP(AF106,Group,7,FALSE)=\"\",0,ROUND(AJ106-0.04999,1)-AJ106+AM106)","v":0},{"$f":"IF(VLOOKUP(AF106,Group,7,FALSE)=\"\",\"\",VLOOKUP(AF106,Group,7,FALSE))","v":""},null,"X"]
[null,null,null,null,null,null,null,null,null,null,null,null,null,null,null,null,null,null,null,null,null,null,null,null,null,null,null,null,null,null,null,null,null,null,null,null,null,null,null,null,"X"]
[null,"Trim",null,null,"2\" x 10\"",null,"Bullnose",null,null,null,"Matte",null,null,null,null,null,null,null,{"$f":"IF(Suggested=\"Yes\",AA108,AG108)","v":9.9499999999999993},"EA",{"$f":"+Instructions!$B$3","v":"G "},null,{"$f":"+Instructions!$C$22","v":0},{"$f":"ROUND($AA108*(1-W108)+0.004999,2)","v":9.9499999999999993},null,"",9.9499999999999993,{"$f":"+W108","v":0},{"$f":"+X108","v":9.9499999999999993},{"$f":"(AG108-AC108)/AG108","v":0},null,2,{"$f":"SUM(AJ108:AL108)+AE108","v":9.9499999999999993},null,null,{"$f":"ROUND(AC108/(1-VLOOKUP(AF108,Group,2,FALSE)),2)","v":9.9499999999999993},{"$f":"IF(VLOOKUP(AF108,Group,5,FALSE)=\"YES\",VLOOKUP(ROUND(ROUND(AJ108,1)-AJ108,2),Round,2,FALSE)+VLOOKUP(AF108,Group,6,FALSE),0)","v":0},{"$f":"IF(VLOOKUP(AF108,Group,7,FALSE)=\"\",0,ROUND(AJ108-0.04999,1)-AJ108+AM108)","v":0},{"$f":"IF(VLOOKUP(AF108,Group,7,FALSE)=\"\",\"\",VLOOKUP(AF108,Group,7,FALSE))","v":""},null,"X"]
[null,null,null,null,null,null,null,null,null,null,null,null,null,null,null,null,null,null,null,null,null,null,null,null,null,null,null,null,null,null,null,null,null,null,null,null,null,null,null,null,"X"]
[null,null,"BORNEO CHEVRON - Glazed Porcelain",null,null,null,null,null,null,null,null,null,null,null,null,null,null,"Item # Lookup:","ROBC",null,null,null,null,null,null,null,null,null,null,null,null,null,null,null,null,null,null,null,null,null,"X"]
[null,null,null,null,null,null,null,null,null,null,null,null,null,null,null,null,null,null,null,null,null,null,null,null,null,null,null,null,null,null,null,null,null,null,null,null,null,null,null,null,"X"]
[null,null,null,"Colors:","Fresno          Gris",null,null,null,null,null,null,null,null,null,null,null,null,null,null,null,null,null,null,null,null,null,null,null,null,null,null,null,null,null,null,null,null,null,null,null,"X"]
[null,null,null,null,null,null,null,null,null,null,null,null,null,null,null,null,null,null,null,null,null,null,null,null,null,null,null,null,null,null,null,null,null,null,null,null,null,null,null,null,"X"]
[null,"Field Tile",null,null,"3.40\" x 17.30\"",null,"Field - Chevron",null,null,null,null,null,null,null,null,"4.03 SF/CTN",null,"a",{"$f":"IF(Suggested=\"Yes\",AA114,AG114)","v":14.25},"SF",{"$f":"+Instructions!$B$3","v":"G "},null,{"$f":"+Instructions!$C$22","v":0},{"$f":"ROUND($AA114*(1-W114)+0.004999,2)","v":14.25},null,"",14.25,{"$f":"+W114","v":0},{"$f":"+X114","v":14.25},{"$f":"(AG114-AC114)/AG114","v":0},null,1,{"$f":"SUM(AJ114:AL114)+AE114","v":14.25},null,null,{"$f":"ROUND(AC114/(1-VLOOKUP(AF114,Group,2,FALSE)),2)","v":14.25},{"$f":"IF(VLOOKUP(AF114,Group,5,FALSE)=\"YES\",VLOOKUP(ROUND(ROUND(AJ114,1)-AJ114,2),Round,2,FALSE)+VLOOKUP(AF114,Group,6,FALSE),0)","v":0},{"$f":"IF(VLOOKUP(AF114,Group,7,FALSE)=\"\",0,ROUND(AJ114-0.04999,1)-AJ114+AM114)","v":0},{"$f":"IF(VLOOKUP(AF114,Group,7,FALSE)=\"\",\"\",VLOOKUP(AF114,Group,7,FALSE))","v":""},null,"X"]
[null,null,null,null,null,null,null,null,null,null,null,null,null,null,null,null,null,null,null,null,null,null,null,null,null,null,null,null,null,null,null,null,null,null,null,null,null,null,null,null,"X"]
[null,null,null,"Note:","a) Each box contains 5 pieces of Face A and 5 pieces of Face B.",null,null,null,null,null,null,null,null,null,null,null,null,null,null,null,null,null,null,null,null,null,null,null,null,null,null,null,null,null,null,null,null,null,null,null,"X"]
[null,null,null,null,null,null,null,null,null,null,null,null,null,null,null,null,null,null,null,null,null,null,null,null,null,null,null,null,null,null,null,null,null,null,null,null,null,null,null,null,"X"]
[null,null,"BRICKELL - Glazed Ceramic Wall",null,null,null,null,null,null,null,null,null,null,null,null,null,null,"Item # Lookup:","ROBR",null,null,null,null,null,null,null,null,null,null,null,null,null,null,null,null,null,null,null,null,null,"X"]
[null,null,null,null,null,null,null,null,null,null,null,null,null,null,null,null,null,null,null,null,null,null,null,null,null,null,null,null,null,null,null,null,null,null,null,null,null,null,null,null,"X"]
[null,null,null,"Colors:","Antracita          Blanco          Gris          Taupe",null,null,null,null,null,null,null,null,null,null,null,null,null,null,null,null,null,null,null,null,null,null,null,null,null,null,null,null,null,null,null,null,null,null,null,"X"]
[null,null,null,null,null,null,null,null,null,null,null,null,null,null,null,null,null,null,null,null,null,null,null,null,null,null,null,null,null,null,null,null,null,null,null,null,null,null,null,null,"X"]
[null,"Field Tile",null,null,"3\" x 12\"",null,"Field",null,null,null,null,null,null,null,null,"12.64 SF/CTN","Stock",null,{"$f":"IF(Suggested=\"Yes\",AA122,AG122)","v":7.75},"SF",{"$f":"+Instructions!$B$3","v":"G "},null,{"$f":"+Instructions!$C$22","v":0},{"$f":"ROUND($AA122*(1-W122)+0.004999,2)","v":7.75},null,"YES",7.75,{"$f":"+W122","v":0},{"$f":"+X122","v":7.75},{"$f":"(AG122-AC122)/AG122","v":0},null,1,{"$f":"SUM(AJ122:AL122)+AE122","v":7.75},null,null,{"$f":"ROUND(AC122/(1-VLOOKUP(AF122,Group,2,FALSE)),2)","v":7.75},{"$f":"IF(VLOOKUP(AF122,Group,5,FALSE)=\"YES\",VLOOKUP(ROUND(ROUND(AJ122,1)-AJ122,2),Round,2,FALSE)+VLOOKUP(AF122,Group,6,FALSE),0)","v":0},{"$f":"IF(VLOOKUP(AF122,Group,7,FALSE)=\"\",0,ROUND(AJ122-0.04999,1)-AJ122+AM122)","v":0},{"$f":"IF(VLOOKUP(AF122,Group,7,FALSE)=\"\",\"\",VLOOKUP(AF122,Group,7,FALSE))","v":""},null,"X"]
[null,null,null,null,null,null,null,null,null,null,null,null,null,null,null,null,null,null,null,null,null,null,null,null,null,null,null,null,null,null,null,null,null,null,null,null,null,null,null,null,"X"]
[null,"Trim",null,null,"3\" x 12\"",null,"S43C9",null,"Bullnose",null,null,null,null,null,null,null,null,null,{"$f":"IF(Suggested=\"Yes\",AA124,AG124)","v":13.5},"EA",{"$f":"+Instructions!$B$3","v":"G "},null,{"$f":"+Instructions!$C$22","v":0},{"$f":"ROUND($AA124*(1-W124)+0.004999,2)","v":13.5},null,"",13.5,{"$f":"+W124","v":0},{"$f":"+X124","v":13.5},{"$f":"(AG124-AC124)/AG124","v":0},null,2,{"$f":"SUM(AJ124:AL124)+AE124","v":13.5},null,null,{"$f":"ROUND(AC124/(1-VLOOKUP(AF124,Group,2,FALSE)),2)","v":13.5},{"$f":"IF(VLOOKUP(AF124,Group,5,FALSE)=\"YES\",VLOOKUP(ROUND(ROUND(AJ124,1)-AJ124,2),Round,2,FALSE)+VLOOKUP(AF124,Group,6,FALSE),0)","v":0},{"$f":"IF(VLOOKUP(AF124,Group,7,FALSE)=\"\",0,ROUND(AJ124-0.04999,1)-AJ124+AM124)","v":0},{"$f":"IF(VLOOKUP(AF124,Group,7,FALSE)=\"\",\"\",VLOOKUP(AF124,Group,7,FALSE))","v":""},null,"X"]
[null,null,null,null,null,null,null,null,null,null,null,null,null,null,null,null,null,null,null,null,null,null,null,null,null,null,null,null,null,null,null,null,null,null,null,null,null,null,null,null,"X"]
[null,null,"CALACATTA GOLD - Glazed & Polished Porcelain",null,null,null,null,null,null,null,null,null,null,null,null,null,null,"Item # Lookup:","ROCG",null,null,null,null,null,null,null,null,null,null,null,null,null,null,null,null,null,null,null,null,null,"X"]
[null,null,null,null,null,null,null,null,null,null,null,null,null,null,null,null,null,null,null,null,null,null,null,null,null,null,null,null,null,null,null,null,null,null,null,null,null,null,null,null,"X"]
[null,null,null,"Color:","Calacatta Gold",null,null,null,null,null,null,null,null,null,null,null,null,null,null,null,null,null,null,null,null,null,null,null,null,null,null,null,null,null,null,null,null,null,null,null,"X"]
[null,null,null,null,null,null,null,null,null,null,null,null,null,null,null,null,null,null,null,null,null,null,null,null,null,null,null,null,null,null,null,null,null,null,null,null,null,null,null,null,"X"]
[null,"Field Tile",null,"Floor:","12\" x 24\"",null,"Field",null,"Rectified",null,"Polished",null,null,null,null,"18.84 SF/CTN",null,null,{"$f":"IF(Suggested=\"Yes\",AA130,AG130)","v":8.1},"SF",{"$f":"+Instructions!$B$3","v":"G "},null,{"$f":"+Instructions!$C$22","v":0},{"$f":"ROUND($AA130*(1-W130)+0.004999,2)","v":8.1},null,"",8.1,{"$f":"+W130","v":0},{"$f":"+X130","v":8.1},{"$f":"(AG130-AC130)/AG130","v":0},null,1,{"$f":"SUM(AJ130:AL130)+AE130","v":8.1},null,null,{"$f":"ROUND(AC130/(1-VLOOKUP(AF130,Group,2,FALSE)),2)","v":8.1},{"$f":"IF(VLOOKUP(AF130,Group,5,FALSE)=\"YES\",VLOOKUP(ROUND(ROUND(AJ130,1)-AJ130,2),Round,2,FALSE)+VLOOKUP(AF130,Group,6,FALSE),0)","v":0},{"$f":"IF(VLOOKUP(AF130,Group,7,FALSE)=\"\",0,ROUND(AJ130-0.04999,1)-AJ130+AM130)","v":0},{"$f":"IF(VLOOKUP(AF130,Group,7,FALSE)=\"\",\"\",VLOOKUP(AF130,Group,7,FALSE))","v":""},null,"X"]
[null,"Field Tile",null,null,"24\" x 48\"",null,"Field",null,"Rectified",null,"Polished",null,null,null,null,"15.28 SF/CTN",null,"a",{"$f":"IF(Suggested=\"Yes\",AA131,AG131)","v":9.3000000000000007},"SF",{"$f":"+Instructions!$B$3","v":"G "},null,{"$f":"+Instructions!$C$22","v":0},{"$f":"ROUND($AA131*(1-W131)+0.004999,2)","v":9.3000000000000007},null,"",9.3000000000000007,{"$f":"+W131","v":0},{"$f":"+X131","v":9.3000000000000007},{"$f":"(AG131-AC131)/AG131","v":0},null,1,{"$f":"SUM(AJ131:AL131)+AE131","v":9.3000000000000007},null,null,{"$f":"ROUND(AC131/(1-VLOOKUP(AF131,Group,2,FALSE)),2)","v":9.3000000000000007},{"$f":"IF(VLOOKUP(AF131,Group,5,FALSE)=\"YES\",VLOOKUP(ROUND(ROUND(AJ131,1)-AJ131,2),Round,2,FALSE)+VLOOKUP(AF131,Group,6,FALSE),0)","v":0},{"$f":"IF(VLOOKUP(AF131,Group,7,FALSE)=\"\",0,ROUND(AJ131-0.04999,1)-AJ131+AM131)","v":0},{"$f":"IF(VLOOKUP(AF131,Group,7,FALSE)=\"\",\"\",VLOOKUP(AF131,Group,7,FALSE))","v":""},null,"X"]
[null,null,null,null,null,null,null,null,null,null,null,null,null,null,null,null,null,null,null,null,null,null,null,null,null,null,null,null,null,null,null,null,null,null,null,null,null,null,null,null,"X"]
[null,"Field Tile",null,null,"12\" x 24\"",null,"Field",null,null,null,"Unpolished",null,null,null,null,"20.34 SF/CTN",null,null,{"$f":"IF(Suggested=\"Yes\",AA133,AG133)","v":6},"SF",{"$f":"+Instructions!$B$3","v":"G "},null,{"$f":"+Instructions!$C$22","v":0},{"$f":"ROUND($AA133*(1-W133)+0.004999,2)","v":6},null,"",6,{"$f":"+W133","v":0},{"$f":"+X133","v":6},{"$f":"(AG133-AC133)/AG133","v":0},null,1,{"$f":"SUM(AJ133:AL133)+AE133","v":6},null,null,{"$f":"ROUND(AC133/(1-VLOOKUP(AF133,Group,2,FALSE)),2)","v":6},{"$f":"IF(VLOOKUP(AF133,Group,5,FALSE)=\"YES\",VLOOKUP(ROUND(ROUND(AJ133,1)-AJ133,2),Round,2,FALSE)+VLOOKUP(AF133,Group,6,FALSE),0)","v":0},{"$f":"IF(VLOOKUP(AF133,Group,7,FALSE)=\"\",0,ROUND(AJ133-0.04999,1)-AJ133+AM133)","v":0},{"$f":"IF(VLOOKUP(AF133,Group,7,FALSE)=\"\",\"\",VLOOKUP(AF133,Group,7,FALSE))","v":""},null,"X"]
[null,"Field Tile",null,null,"24\" x 48\"",null,"Field",null,"Rectified",null,"Unpolished",null,null,null,null,"15.28 SF/CTN",null,"a",{"$f":"IF(Suggested=\"Yes\",AA134,AG134)","v":7.85},"SF",{"$f":"+Instructions!$B$3","v":"G "},null,{"$f":"+Instructions!$C$22","v":0},{"$f":"ROUND($AA134*(1-W134)+0.004999,2)","v":7.85},null,"",7.85,{"$f":"+W134","v":0},{"$f":"+X134","v":7.85},{"$f":"(AG134-AC134)/AG134","v":0},null,1,{"$f":"SUM(AJ134:AL134)+AE134","v":7.85},null,null,{"$f":"ROUND(AC134/(1-VLOOKUP(AF134,Group,2,FALSE)),2)","v":7.85},{"$f":"IF(VLOOKUP(AF134,Group,5,FALSE)=\"YES\",VLOOKUP(ROUND(ROUND(AJ134,1)-AJ134,2),Round,2,FALSE)+VLOOKUP(AF134,Group,6,FALSE),0)","v":0},{"$f":"IF(VLOOKUP(AF134,Group,7,FALSE)=\"\",0,ROUND(AJ134-0.04999,1)-AJ134+AM134)","v":0},{"$f":"IF(VLOOKUP(AF134,Group,7,FALSE)=\"\",\"\",VLOOKUP(AF134,Group,7,FALSE))","v":""},null,"X"]
[null,null,null,null,null,null,null,null,null,null,null,null,null,null,null,null,null,null,null,null,null,null,null,null,null,null,null,null,null,null,null,null,null,null,null,null,null,null,null,null,"X"]
[null,"Trim",null,null,"3\" x 12\"",null,"Bullnose",null,null,null,"Unpolished",null,null,null,null,null,null,null,{"$f":"IF(Suggested=\"Yes\",AA136,AG136)","v":5.9},"EA",{"$f":"+Instructions!$B$3","v":"G "},null,{"$f":"+Instructions!$C$22","v":0},{"$f":"ROUND($AA136*(1-W136)+0.004999,2)","v":5.9},null,"",5.9,{"$f":"+W136","v":0},{"$f":"+X136","v":5.9},{"$f":"(AG136-AC136)/AG136","v":0},null,2,{"$f":"SUM(AJ136:AL136)+AE136","v":5.9},null,null,{"$f":"ROUND(AC136/(1-VLOOKUP(AF136,Group,2,FALSE)),2)","v":5.9},{"$f":"IF(VLOOKUP(AF136,Group,5,FALSE)=\"YES\",VLOOKUP(ROUND(ROUND(AJ136,1)-AJ136,2),Round,2,FALSE)+VLOOKUP(AF136,Group,6,FALSE),0)","v":0},{"$f":"IF(VLOOKUP(AF136,Group,7,FALSE)=\"\",0,ROUND(AJ136-0.04999,1)-AJ136+AM136)","v":0},{"$f":"IF(VLOOKUP(AF136,Group,7,FALSE)=\"\",\"\",VLOOKUP(AF136,Group,7,FALSE))","v":""},null,"X"]
[null,null,null,null,null,null,null,null,null,null,null,null,null,null,null,null,null,null,null,null,null,null,null,null,null,null,null,null,null,null,null,null,null,null,null,null,null,null,null,null,"X"]
[null,"Decos",null,null,"13\" x 13\"",null,"Mosaic",null,"2\" x 2\" (Mesh-Mounted)",null,null,"Unpolished",null,null,null,null,null,null,{"$f":"IF(Suggested=\"Yes\",AA138,AG138)","v":21.15},"EA",{"$f":"+Instructions!$B$3","v":"G "},null,{"$f":"+Instructions!$C$22","v":0},{"$f":"ROUND($AA138*(1-W138)+0.004999,2)","v":21.15},null,"",21.15,{"$f":"+W138","v":0},{"$f":"+X138","v":21.15},{"$f":"(AG138-AC138)/AG138","v":0},null,3,{"$f":"SUM(AJ138:AL138)+AE138","v":21.15},null,null,{"$f":"ROUND(AC138/(1-VLOOKUP(AF138,Group,2,FALSE)),2)","v":21.15},{"$f":"IF(VLOOKUP(AF138,Group,5,FALSE)=\"YES\",VLOOKUP(ROUND(ROUND(AJ138,1)-AJ138,2),Round,2,FALSE)+VLOOKUP(AF138,Group,6,FALSE),0)","v":0},{"$f":"IF(VLOOKUP(AF138,Group,7,FALSE)=\"\",0,ROUND(AJ138-0.04999,1)-AJ138+AM138)","v":0},{"$f":"IF(VLOOKUP(AF138,Group,7,FALSE)=\"\",\"\",VLOOKUP(AF138,Group,7,FALSE))","v":""},null,"X"]
[null,null,null,null,null,null,null,null,null,null,null,null,null,null,null,null,null,null,null,null,null,null,null,null,null,null,null,null,null,null,null,null,null,null,null,null,null,null,null,null,"X"]
[null,"Field Tile",null,"Wall:","6\" x 18\"",null,"Field",null,null,null,"Bright",null,null,null,null,"11.95 SF/CTN",null,null,{"$f":"IF(Suggested=\"Yes\",AA140,AG140)","v":5.8},"SF",{"$f":"+Instructions!$B$3","v":"G "},null,{"$f":"+Instructions!$C$22","v":0},{"$f":"ROUND($AA140*(1-W140)+0.004999,2)","v":5.8},null,"",5.8,{"$f":"+W140","v":0},{"$f":"+X140","v":5.8},{"$f":"(AG140-AC140)/AG140","v":0},null,1,{"$f":"SUM(AJ140:AL140)+AE140","v":5.8},null,null,{"$f":"ROUND(AC140/(1-VLOOKUP(AF140,Group,2,FALSE)),2)","v":5.8},{"$f":"IF(VLOOKUP(AF140,Group,5,FALSE)=\"YES\",VLOOKUP(ROUND(ROUND(AJ140,1)-AJ140,2),Round,2,FALSE)+VLOOKUP(AF140,Group,6,FALSE),0)","v":0},{"$f":"IF(VLOOKUP(AF140,Group,7,FALSE)=\"\",0,ROUND(AJ140-0.04999,1)-AJ140+AM140)","v":0},{"$f":"IF(VLOOKUP(AF140,Group,7,FALSE)=\"\",\"\",VLOOKUP(AF140,Group,7,FALSE))","v":""},null,"X"]
[null,null,null,null,null,null,null,null,null,null,null,null,null,null,null,null,null,null,null,null,null,null,null,null,null,null,null,null,null,null,null,null,null,null,null,null,null,null,null,null,"X"]
[null,"Trim",null,null,"6\" x 18\"",null,"Bullnose",null,null,null,"Bright",null,null,null,null,null,null,null,{"$f":"IF(Suggested=\"Yes\",AA142,AG142)","v":9.4499999999999993},"EA",{"$f":"+Instructions!$B$3","v":"G "},null,{"$f":"+Instructions!$C$22","v":0},{"$f":"ROUND($AA142*(1-W142)+0.004999,2)","v":9.4499999999999993},null,"",9.4499999999999993,{"$f":"+W142","v":0},{"$f":"+X142","v":9.4499999999999993},{"$f":"(AG142-AC142)/AG142","v":0},null,2,{"$f":"SUM(AJ142:AL142)+AE142","v":9.4499999999999993},null,null,{"$f":"ROUND(AC142/(1-VLOOKUP(AF142,Group,2,FALSE)),2)","v":9.4499999999999993},{"$f":"IF(VLOOKUP(AF142,Group,5,FALSE)=\"YES\",VLOOKUP(ROUND(ROUND(AJ142,1)-AJ142,2),Round,2,FALSE)+VLOOKUP(AF142,Group,6,FALSE),0)","v":0},{"$f":"IF(VLOOKUP(AF142,Group,7,FALSE)=\"\",0,ROUND(AJ142-0.04999,1)-AJ142+AM142)","v":0},{"$f":"IF(VLOOKUP(AF142,Group,7,FALSE)=\"\",\"\",VLOOKUP(AF142,Group,7,FALSE))","v":""},null,"X"]
[null,null,null,null,null,null,null,null,null,null,null,null,null,null,null,null,null,null,null,null,null,null,null,null,null,null,null,null,null,null,null,null,null,null,null,null,null,null,null,null,"X"]
[null,null,null,"Notes:","a) This format is going through a change of thickness.  Packaging is changing from 15.28 SF/CTN to 22.96 SF/CTN as inventory ",null,null,null,null,null,null,null,null,null,null,null,null,null,null,null,null,null,null,null,null,null,null,null,null,null,null,null,null,null,null,null,null,null,null,null,"X"]
[null,null,null,null,"with old packaging is depleted.  Check with Customer Service to be sure which packaging amount you will be receiving.",null,null,null,null,null,null,null,null,null,null,null,null,null,null,null,null,null,null,null,null,null,null,null,null,null,null,null,null,null,null,null,null,null,null,null,"X"]
[null,null,null,null,null,null,null,null,null,null,null,null,null,null,null,null,null,null,null,null,null,null,null,null,null,null,null,null,null,null,null,null,null,null,null,null,null,null,null,null,"X"]
[null,null,"CALACATTA WHITE - Glazed Porcelain",null,null,null,null,null,null,null," "," ",null,null,null,null,null,"Item # Lookup:","ROCW",null,null,null,null,null,null,null,null,null,null,null,null,null,null,null,null,null,null,null,null,null,"X"]
[null,null,null,null,null,null,null,null,null,null,null,null,null,null,null,null,null,null,null,null,null,null,null,null,null,null,null,null,null,null,null,null,null,null,null,null,null,null,null,null,"X"]
[null,null,null,"Color:","Calacatta White",null,null,null,null,null,null,null,null,null,null,null,null,null,null,null,null,null,null,null,null,null,null,null,null,null,null,null,null,null,null,null,null,null,null,null,"X"]
[null,null,null,null,null,null,null,null,null,null,null,null,null,null,null,null,null,null,null,null,null,null,null,null,null,null,null,null,null,null,null,null,null,null,null,null,null,null,null,null,"X"]
[null,"Field Tile",null,null,"12\" x 24\"",null,"Field",null,null,null,"Matte",null,null,null,null,"17.87 SF/CTN",null,null,{"$f":"IF(Suggested=\"Yes\",AA151,AG151)","v":5.45},"SF",{"$f":"+Instructions!$B$3","v":"G "},null,{"$f":"+Instructions!$C$22","v":0},{"$f":"ROUND($AA151*(1-W151)+0.004999,2)","v":5.45},null,"",5.45,{"$f":"+W151","v":0},{"$f":"+X151","v":5.45},{"$f":"(AG151-AC151)/AG151","v":0},null,1,{"$f":"SUM(AJ151:AL151)+AE151","v":5.45},null,null,{"$f":"ROUND(AC151/(1-VLOOKUP(AF151,Group,2,FALSE)),2)","v":5.45},{"$f":"IF(VLOOKUP(AF151,Group,5,FALSE)=\"YES\",VLOOKUP(ROUND(ROUND(AJ151,1)-AJ151,2),Round,2,FALSE)+VLOOKUP(AF151,Group,6,FALSE),0)","v":0},{"$f":"IF(VLOOKUP(AF151,Group,7,FALSE)=\"\",0,ROUND(AJ151-0.04999,1)-AJ151+AM151)","v":0},{"$f":"IF(VLOOKUP(AF151,Group,7,FALSE)=\"\",\"\",VLOOKUP(AF151,Group,7,FALSE))","v":""},null,"X"]
[null,null,null,null,null,null,null,null,null,null,null,null,null,null,null,null,null,null,null,null,null,null,null,null,null,null,null,null,null,null,null,null,null,null,null,null,null,null,null,null,"X"]
[null,null,"CARRARA - Glazed Porcelain",null,null,null,null,null,null,null," "," ",null,null,null,null,null,"Item # Lookup:","ROCA",null,null,null,null,null,null,null,null,null,null,null,null,null,null,null,null,null,null,null,null,null,"X"]
[null,null,null,null,null,null,null,null,null,null,null,null,null,null,null,null,null,null,null,null,null,null,null,null,null,null,null,null,null,null,null,null,null,null,null,null,null,null,null,null,"X"]
[null,null,null,"Color:","Carrara White",null,null,null,null,null,null,null,null,null,null,null,null,null,null,null,null,null,null,null,null,null,null,null,null,null,null,null,null,null,null,null,null,null,null,null,"X"]
[null,null,null,null,null,null,null,null,null,null,null,null,null,null,null,null,null,null,null,null,null,null,null,null,null,null,null,null,null,null,null,null,null,null,null,null,null,null,null,null,"X"]
[null,"Field Tile",null,null,"12\" x 24\"",null,"Field",null,null,null,"Matte",null,null,null,null,"17.87 SF/CTN",null,null,{"$f":"IF(Suggested=\"Yes\",AA157,AG157)","v":5.45},"SF",{"$f":"+Instructions!$B$3","v":"G "},null,{"$f":"+Instructions!$C$22","v":0},{"$f":"ROUND($AA157*(1-W157)+0.004999,2)","v":5.45},null,"",5.45,{"$f":"+W157","v":0},{"$f":"+X157","v":5.45},{"$f":"(AG157-AC157)/AG157","v":0},null,1,{"$f":"SUM(AJ157:AL157)+AE157","v":5.45},null,null,{"$f":"ROUND(AC157/(1-VLOOKUP(AF157,Group,2,FALSE)),2)","v":5.45},{"$f":"IF(VLOOKUP(AF157,Group,5,FALSE)=\"YES\",VLOOKUP(ROUND(ROUND(AJ157,1)-AJ157,2),Round,2,FALSE)+VLOOKUP(AF157,Group,6,FALSE),0)","v":0},{"$f":"IF(VLOOKUP(AF157,Group,7,FALSE)=\"\",0,ROUND(AJ157-0.04999,1)-AJ157+AM157)","v":0},{"$f":"IF(VLOOKUP(AF157,Group,7,FALSE)=\"\",\"\",VLOOKUP(AF157,Group,7,FALSE))","v":""},null,"X"]
[null,null,null,null,null,null,null,null,null,null,null,null,null,null,null,null,null,null,null,null,null,null,null,null,null,null,null,null,null,null,null,null,null,null,null,null,null,null,null,null,"X"]
[null,null,"CARVE - Glazed Porcelain",null,null,null,null,null,null,null," ",null,null,null,null,null,null,"Item # Lookup:","ROCV",null,null,null,null,null,null,null,null,null,null,null,null,null,null,null,null,null,null,null,null,null,"X"]
[null,null,null,null,null,null,null,null,null,null,null,null,null,null,null,null,null,null,null,null,null,null,null,null,null,null,null,null,null,null,null,null,null,null,null,null,null,null,null,null,"X"]
[null,null,null,"Color:","Carve Steel",null,null,null,null,null,null,null,null,null,null,null,null,null,null,null,null,null,null,null,null,null,null,null,null,null,null,null,null,null,null,null,null,null,null,null,"X"]
[null,null,null,null,null,null,null,null,null,null,null,null,null,null,null,null,null,null,null,null,null,null,null,null,null,null,null,null,null,null,null,null,null,null,null,null,null,null,null,null,"X"]
[null,"Field Tile",null,null,"12\" x 24\"",null,"Field",null,"Rectified",null,null,null,null,null,null,"19.38 SF/CTN",null,null,{"$f":"IF(Suggested=\"Yes\",AA163,AG163)","v":13.8},"SF",{"$f":"+Instructions!$B$3","v":"G "},null,{"$f":"+Instructions!$C$22","v":0},{"$f":"ROUND($AA163*(1-W163)+0.004999,2)","v":13.8},null,"",13.8,{"$f":"+W163","v":0},{"$f":"+X163","v":13.8},{"$f":"(AG163-AC163)/AG163","v":0},null,1,{"$f":"SUM(AJ163:AL163)+AE163","v":13.8},null,null,{"$f":"ROUND(AC163/(1-VLOOKUP(AF163,Group,2,FALSE)),2)","v":13.8},{"$f":"IF(VLOOKUP(AF163,Group,5,FALSE)=\"YES\",VLOOKUP(ROUND(ROUND(AJ163,1)-AJ163,2),Round,2,FALSE)+VLOOKUP(AF163,Group,6,FALSE),0)","v":0},{"$f":"IF(VLOOKUP(AF163,Group,7,FALSE)=\"\",0,ROUND(AJ163-0.04999,1)-AJ163+AM163)","v":0},{"$f":"IF(VLOOKUP(AF163,Group,7,FALSE)=\"\",\"\",VLOOKUP(AF163,Group,7,FALSE))","v":""},null,"X"]
[null,null,null,null,null,null,null,null,null,null,null,null,null,null,null,null,null,null,null,null,null,null,null,null,null,null,null,null,null,null,null,null,null,null,null,null,null,null,null,null,"X"]
[null,null,"CASABLANCA - Glazed Porcelain",null,null,null,null,null,null,null," ",null,null,null,null,null,null,"Item # Lookup:","ROCB",null,null,null,null,null,null,null,null,null,null,null,null,null,null,null,null,null,null,null,null,null,"X"]
[null,null,null,null,null,null,null,null,null,null,null,null,null,null,null,null,null,null,null,null,null,null,null,null,null,null,null,null,null,null,null,null,null,null,null,null,null,null,null,null,"X"]
[null,null,null,"Colors:","Solid Black          Solid Gray          Solid White",null,null,null,null,null,null,null,null,null,null,null,null,null,null,null,null,null,null,null,null,null,null,null,null,null,null,null,null,null,null,null,null,null,null,null,"X"]
[null,null,null,null,null,null,null,null,null,null,null,null,null,null,null,null,null,null,null,null,null,null,null,null,null,null,null,null,null,null,null,null,null,null,null,null,null,null,null,null,"X"]
[null,"Field Tile",null,null,"8\" x 8\"",null,"Field",null,null,null,null,null,null,null,null,"12.70 SF/CTN",null,null,{"$f":"IF(Suggested=\"Yes\",AA169,AG169)","v":6.55},"SF",{"$f":"+Instructions!$B$3","v":"G "},null,{"$f":"+Instructions!$C$22","v":0},{"$f":"ROUND($AA169*(1-W169)+0.004999,2)","v":6.55},null,"",6.55,{"$f":"+W169","v":0},{"$f":"+X169","v":6.55},{"$f":"(AG169-AC169)/AG169","v":0},null,1,{"$f":"SUM(AJ169:AL169)+AE169","v":6.55},null,null,{"$f":"ROUND(AC169/(1-VLOOKUP(AF169,Group,2,FALSE)),2)","v":6.55},{"$f":"IF(VLOOKUP(AF169,Group,5,FALSE)=\"YES\",VLOOKUP(ROUND(ROUND(AJ169,1)-AJ169,2),Round,2,FALSE)+VLOOKUP(AF169,Group,6,FALSE),0)","v":0},{"$f":"IF(VLOOKUP(AF169,Group,7,FALSE)=\"\",0,ROUND(AJ169-0.04999,1)-AJ169+AM169)","v":0},{"$f":"IF(VLOOKUP(AF169,Group,7,FALSE)=\"\",\"\",VLOOKUP(AF169,Group,7,FALSE))","v":""},null,"X"]
[null,"Field Tile",null,null,"8\" x 9\" Hexagon",null,"Field",null,null,null,null,null,null,null,null,"10.36 SF/CTN",null,null,{"$f":"IF(Suggested=\"Yes\",AA170,AG170)","v":8.6999999999999993},"SF",{"$f":"+Instructions!$B$3","v":"G "},null,{"$f":"+Instructions!$C$22","v":0},{"$f":"ROUND($AA170*(1-W170)+0.004999,2)","v":8.6999999999999993},null,"",8.6999999999999993,{"$f":"+W170","v":0},{"$f":"+X170","v":8.6999999999999993},{"$f":"(AG170-AC170)/AG170","v":0},null,1,{"$f":"SUM(AJ170:AL170)+AE170","v":8.6999999999999993},null,null,{"$f":"ROUND(AC170/(1-VLOOKUP(AF170,Group,2,FALSE)),2)","v":8.6999999999999993},{"$f":"IF(VLOOKUP(AF170,Group,5,FALSE)=\"YES\",VLOOKUP(ROUND(ROUND(AJ170,1)-AJ170,2),Round,2,FALSE)+VLOOKUP(AF170,Group,6,FALSE),0)","v":0},{"$f":"IF(VLOOKUP(AF170,Group,7,FALSE)=\"\",0,ROUND(AJ170-0.04999,1)-AJ170+AM170)","v":0},{"$f":"IF(VLOOKUP(AF170,Group,7,FALSE)=\"\",\"\",VLOOKUP(AF170,Group,7,FALSE))","v":""},null,"X"]
[null,null,null,null,null,null,null,null,null,null,null,null,null,null,null,null,null,null,null,null,null,null,null,null,null,null,null,null,null,null,null,null,null,null,null,null,null,null,null,null,"X"]
[null,"Field Tile",null,null,"8\" x 8\"",null,"Field",null,null,null,"Aqua",null,null,null,null,"12.70 SF/CTN",null,null,{"$f":"IF(Suggested=\"Yes\",AA172,AG172)","v":6.55},"SF",{"$f":"+Instructions!$B$3","v":"G "},null,{"$f":"+Instructions!$C$22","v":0},{"$f":"ROUND($AA172*(1-W172)+0.004999,2)","v":6.55},null,"",6.55,{"$f":"+W172","v":0},{"$f":"+X172","v":6.55},{"$f":"(AG172-AC172)/AG172","v":0},null,1,{"$f":"SUM(AJ172:AL172)+AE172","v":6.55},null,null,{"$f":"ROUND(AC172/(1-VLOOKUP(AF172,Group,2,FALSE)),2)","v":6.55},{"$f":"IF(VLOOKUP(AF172,Group,5,FALSE)=\"YES\",VLOOKUP(ROUND(ROUND(AJ172,1)-AJ172,2),Round,2,FALSE)+VLOOKUP(AF172,Group,6,FALSE),0)","v":0},{"$f":"IF(VLOOKUP(AF172,Group,7,FALSE)=\"\",0,ROUND(AJ172-0.04999,1)-AJ172+AM172)","v":0},{"$f":"IF(VLOOKUP(AF172,Group,7,FALSE)=\"\",\"\",VLOOKUP(AF172,Group,7,FALSE))","v":""},null,"X"]
[null,"Field Tile",null,null,"8\" x 8\"",null,"Field",null,null,null,"Breeze",null,null,null,null,"12.70 SF/CTN",null,null,6.55,"SF",{"$f":"+Instructions!$B$3","v":"G "},null,{"$f":"+Instructions!$C$22","v":0},6.55,null,"",6.55,0,6.55,0,null,1,6.55,null,null,6.55,0,0,"",null,"X"]
[null,"Field Tile",null,null,"8\" x 8\"",null,"Field",null,null,null,"Fond",null,null,null,null,"12.70 SF/CTN",null,null,6.55,"SF",{"$f":"+Instructions!$B$3","v":"G "},null,{"$f":"+Instructions!$C$22","v":0},6.55,null,"",6.55,0,6.55,0,null,1,6.55,null,null,6.55,0,0,"",null,"X"]
[null,"Field Tile",null,null,"8\" x 8\"",null,"Field",null,null,null,"Heritage",null,null,null,null,"12.70 SF/CTN",null,null,6.55,"SF",{"$f":"+Instructions!$B$3","v":"G "},null,{"$f":"+Instructions!$C$22","v":0},6.55,null,"",6.55,0,6.55,0,null,1,6.55,null,null,6.55,0,0,"",null,"X"]
[null,"Field Tile",null,null,"8\" x 8\"",null,"Field",null,null,null,"Heritage Blue",null,null,null,null,"12.70 SF/CTN",null,null,{"$f":"IF(Suggested=\"Yes\",AA176,AG176)","v":6.55},"SF",{"$f":"+Instructions!$B$3","v":"G "},null,{"$f":"+Instructions!$C$22","v":0},6.55,null,"",6.55,0,6.55,0,null,1,6.55,null,null,6.55,0,0,"",null,"X"]
[null,"Field Tile",null,null,"8\" x 8\"",null,"Field",null,null,null,"Market",null,null,null,null,"12.70 SF/CTN",null,null,6.55,"SF",{"$f":"+Instructions!$B$3","v":"G "},null,{"$f":"+Instructions!$C$22","v":0},6.55,null,"",6.55,0,6.55,0,null,1,6.55,null,null,6.55,0,0,"",null,"X"]
[null,"Field Tile",null,null,"8\" x 8\"",null,"Field",null,null,null,"Market Blue",null,null,null,null,"12.70 SF/CTN",null,null,{"$f":"IF(Suggested=\"Yes\",AA178,AG178)","v":6.55},"SF",{"$f":"+Instructions!$B$3","v":"G "},null,{"$f":"+Instructions!$C$22","v":0},{"$f":"ROUND($AA178*(1-W178)+0.004999,2)","v":6.55},null,"",6.55,{"$f":"+W178","v":0},{"$f":"+X178","v":6.55},{"$f":"(AG178-AC178)/AG178","v":0},null,1,{"$f":"SUM(AJ178:AL178)+AE178","v":6.55},null,null,{"$f":"ROUND(AC178/(1-VLOOKUP(AF178,Group,2,FALSE)),2)","v":6.55},{"$f":"IF(VLOOKUP(AF178,Group,5,FALSE)=\"YES\",VLOOKUP(ROUND(ROUND(AJ178,1)-AJ178,2),Round,2,FALSE)+VLOOKUP(AF178,Group,6,FALSE),0)","v":0},{"$f":"IF(VLOOKUP(AF178,Group,7,FALSE)=\"\",0,ROUND(AJ178-0.04999,1)-AJ178+AM178)","v":0},{"$f":"IF(VLOOKUP(AF178,Group,7,FALSE)=\"\",\"\",VLOOKUP(AF178,Group,7,FALSE))","v":""},null,"X"]
[null,"Field Tile",null,null,"8\" x 8\"",null,"Field",null,null,null,"Spice",null,null,null,null,"12.70 SF/CTN",null,null,6.55,"SF",{"$f":"+Instructions!$B$3","v":"G "},null,{"$f":"+Instructions!$C$22","v":0},6.55,null,"",6.55,0,6.55,0,null,1,6.55,null,null,6.55,0,0,"",null,"X"]
[null,"Field Tile",null," ","8\" x 8\"",null,"Field",null,null,null,"Squares",null,null,null,null,"12.70 SF/CTN",null,null,6.55,"SF",{"$f":"+Instructions!$B$3","v":"G "},null,{"$f":"+Instructions!$C$22","v":0},6.55,null,"",6.55,0,6.55,0,null,1,6.55,null,null,6.55,0,0,"",null,"X"]
[null,"Field Tile",null,null,"8\" x 8\"",null,"Field",null,null,null,"Terrazzo Fun Gray",null,null,null,null,"12.70 SF/CTN",null,null,6.55,"SF",{"$f":"+Instructions!$B$3","v":"G "},null,{"$f":"+Instructions!$C$22","v":0},6.55,null,"",6.55,0,6.55,0,null,1,6.55,null,null,6.55,0,0,"",null,"X"]
[null,"Field Tile",null,null,"8\" x 8\"",null,"Field",null,null,null,"Terrazzo Fun White",null,null,null,null,"12.70 SF/CTN",null,null,6.55,"SF",{"$f":"+Instructions!$B$3","v":"G "},null,{"$f":"+Instructions!$C$22","v":0},6.55,null,"",6.55,0,6.55,0,null,1,6.55,null,null,6.55,0,0,"",null,"X"]
[null,"Field Tile",null,null,"8\" x 8\"",null,"Field",null,null,null,"Trails",null,null,null,null,"12.70 SF/CTN",null,null,6.55,"SF",{"$f":"+Instructions!$B$3","v":"G "},null,{"$f":"+Instructions!$C$22","v":0},6.55,null,"",6.55,0,6.55,0,null,1,6.55,null,null,6.55,0,0,"",null,"X"]
[null,null,null,null,null,null,null,null,null,null,null,null,null,null,null,null,null,null,null,null,null,null,null,null,null,null,null,null,null,null,null,null,null,null,null,null,null,null,null,null,"X"]
[null,null,"CC COSMOS - Glazed Porcelain",null,null,null,null,null,null,null," "," ",null,null,null,null,null,"Item # Lookup:","ROCS",null,null,null,null,null,null,null,null,null,null,null,null,null,null,null,null,null,null,null,null,null,"X"]
[null,null,null,null,null,null,null,null,null,null,null,null,null,null,null,null,null,null,null,null,null,null,null,null,null,null,null,null,null,null,null,null,null,null,null,null,null,null,null,null,"X"]
[null,null,null,"Colors:","Mist          Petrol          Sage Green",null,null,null,null,null,null,null,null,null,null,null,null,null,null,null,null,null,null,null,null,null,null,null,null,null,null,null,null,null,null,null,null,null,null,null,"X"]
[null,null,null,null,null,null,null,null,null,null,null,null,null,null,null,null,null,null,null,null,null,null,null,null,null,null,null,null,null,null,null,null,null,null,null,null,null,null,null,null,"X"]
[null,"Field Tile",null,null,"3\" x 12\"",null,"Field",null,null,null,"Bright",null,null,null,null,"12.64 SF/CTN",null,null,{"$f":"IF(Suggested=\"Yes\",AA189,AG189)","v":8.4499999999999993},"SF",{"$f":"+Instructions!$B$3","v":"G "},null,{"$f":"+Instructions!$C$22","v":0},{"$f":"ROUND($AA189*(1-W189)+0.004999,2)","v":8.4499999999999993},null,"new",8.4499999999999993,{"$f":"+W189","v":0},{"$f":"+X189","v":8.4499999999999993},{"$f":"(AG189-AC189)/AG189","v":0},null,1,{"$f":"SUM(AJ189:AL189)+AE189","v":8.4499999999999993},null,null,{"$f":"ROUND(AC189/(1-VLOOKUP(AF189,Group,2,FALSE)),2)","v":8.4499999999999993},{"$f":"IF(VLOOKUP(AF189,Group,5,FALSE)=\"YES\",VLOOKUP(ROUND(ROUND(AJ189,1)-AJ189,2),Round,2,FALSE)+VLOOKUP(AF189,Group,6,FALSE),0)","v":0},{"$f":"IF(VLOOKUP(AF189,Group,7,FALSE)=\"\",0,ROUND(AJ189-0.04999,1)-AJ189+AM189)","v":0},{"$f":"IF(VLOOKUP(AF189,Group,7,FALSE)=\"\",\"\",VLOOKUP(AF189,Group,7,FALSE))","v":""},null,"X"]
[null,null,null,null,null,null,null,null,null,null,null,null,null,null,null,null,null,null,null,null,null,null,null,null,null,null,null,null,null,null,null,null,null,null,null,null,null,null,null,null,"X"]
[null,null,null,"Colors:","Neu Gray          White Ice",null,null,null,null,null,null,null,null,null,null,null,null,null,null,null,null,null,null,null,null,null,null,null,null,null,null,null,null,null,null,null,null,null,null,null,"X"]
[null,null,null,null,null,null,null,null,null,null,null,null,null,null,null,null,null,null,null,null,null,null,null,null,null,null,null,null,null,null,null,null,null,null,null,null,null,null,null,null,"X"]
[null,"Field Tile",null,null,"3\" x 12\"",null,"Field",null,null,null,"Bright",null,null,null,null,"12.64 SF/CTN",null,null,{"$f":"IF(Suggested=\"Yes\",AA193,AG193)","v":7},"SF",{"$f":"+Instructions!$B$3","v":"G "},null,{"$f":"+Instructions!$C$22","v":0},{"$f":"ROUND($AA193*(1-W193)+0.004999,2)","v":7},null,"new",7,{"$f":"+W193","v":0},{"$f":"+X193","v":7},{"$f":"(AG193-AC193)/AG193","v":0},null,1,{"$f":"SUM(AJ193:AL193)+AE193","v":7},null,null,{"$f":"ROUND(AC193/(1-VLOOKUP(AF193,Group,2,FALSE)),2)","v":7},{"$f":"IF(VLOOKUP(AF193,Group,5,FALSE)=\"YES\",VLOOKUP(ROUND(ROUND(AJ193,1)-AJ193,2),Round,2,FALSE)+VLOOKUP(AF193,Group,6,FALSE),0)","v":0},{"$f":"IF(VLOOKUP(AF193,Group,7,FALSE)=\"\",0,ROUND(AJ193-0.04999,1)-AJ193+AM193)","v":0},{"$f":"IF(VLOOKUP(AF193,Group,7,FALSE)=\"\",\"\",VLOOKUP(AF193,Group,7,FALSE))","v":""},null,"X"]
[null,null,null,null,null,null,null,null,null,null,null,null,null,null,null,null,null,null,null,null,null,null,null,null,null,null,null,null,null,null,null,null,null,null,null,null,null,null,null,null,"X"]
[null,null,"CC FRAMES - Glazed Porcelain",null,null,null,null,null,null,null," "," ",null,null,null,null,null,"Item # Lookup:","ROCF",null,null,null,null,null,null,null,null,null,null,null,null,null,null,null,null,null,null,null,null,null,"X"]
[null,null,null,null,null,null,null,null,null,null,null,null,null,null,null,null,null,null,null,null,null,null,null,null,null,null,null,null,null,null,null,null,null,null,null,null,null,null,null,null,"X"]
[null,null,null,"Colors:","Mist          Petrol          Teal",null,null,null,null,null,null,null,null,null,null,null,null,null,null,null,null,null,null,null,null,null,null,null,null,null,null,null,null,null,null,null,null,null,null,null,"X"]
[null,null,null,null,null,null,null,null,null,null,null,null,null,null,null,null,null,null,null,null,null,null,null,null,null,null,null,null,null,null,null,null,null,null,null,null,null,null,null,null,"X"]
[null,"Field Tile",null,null,"4\" x 12\"",null,"Field",null,null,null,"Bright",null,null,null,null,"11.51 SF/CTN",null,null,{"$f":"IF(Suggested=\"Yes\",AA199,AG199)","v":8.5},"SF",{"$f":"+Instructions!$B$3","v":"G "},null,{"$f":"+Instructions!$C$22","v":0},{"$f":"ROUND($AA199*(1-W199)+0.004999,2)","v":8.5},null,"new",8.5,{"$f":"+W199","v":0},{"$f":"+X199","v":8.5},{"$f":"(AG199-AC199)/AG199","v":0},null,1,{"$f":"SUM(AJ199:AL199)+AE199","v":8.5},null,null,{"$f":"ROUND(AC199/(1-VLOOKUP(AF199,Group,2,FALSE)),2)","v":8.5},{"$f":"IF(VLOOKUP(AF199,Group,5,FALSE)=\"YES\",VLOOKUP(ROUND(ROUND(AJ199,1)-AJ199,2),Round,2,FALSE)+VLOOKUP(AF199,Group,6,FALSE),0)","v":0},{"$f":"IF(VLOOKUP(AF199,Group,7,FALSE)=\"\",0,ROUND(AJ199-0.04999,1)-AJ199+AM199)","v":0},{"$f":"IF(VLOOKUP(AF199,Group,7,FALSE)=\"\",\"\",VLOOKUP(AF199,Group,7,FALSE))","v":""},null,"X"]
[null,null,null,null,null,null,null,null,null,null,null,null,null,null,null,null,null,null,null,null,null,null,null,null,null,null,null,null,null,null,null,null,null,null,null,null,null,null,null,null,"X"]
[null,null,null,"Colors:","Neu Gray          White Ice",null,null,null,null,null,null,null,null,null,null,null,null,null,null,null,null,null,null,null,null,null,null,null,null,null,null,null,null,null,null,null,null,null,null,null,"X"]
[null,null,null,null,null,null,null,null,null,null,null,null,null,null,null,null,null,null,null,null,null,null,null,null,null,null,null,null,null,null,null,null,null,null,null,null,null,null,null,null,"X"]
[null,"Field Tile",null,null,"4\" x 12\"",null,"Field",null,null,null,"Bright",null,null,null,null,"11.51 SF/CTN",null,null,{"$f":"IF(Suggested=\"Yes\",AA203,AG203)","v":7.05},"SF",{"$f":"+Instructions!$B$3","v":"G "},null,{"$f":"+Instructions!$C$22","v":0},{"$f":"ROUND($AA203*(1-W203)+0.004999,2)","v":7.05},null,"new",7.05,{"$f":"+W203","v":0},{"$f":"+X203","v":7.05},{"$f":"(AG203-AC203)/AG203","v":0},null,1,{"$f":"SUM(AJ203:AL203)+AE203","v":7.05},null,null,{"$f":"ROUND(AC203/(1-VLOOKUP(AF203,Group,2,FALSE)),2)","v":7.05},{"$f":"IF(VLOOKUP(AF203,Group,5,FALSE)=\"YES\",VLOOKUP(ROUND(ROUND(AJ203,1)-AJ203,2),Round,2,FALSE)+VLOOKUP(AF203,Group,6,FALSE),0)","v":0},{"$f":"IF(VLOOKUP(AF203,Group,7,FALSE)=\"\",0,ROUND(AJ203-0.04999,1)-AJ203+AM203)","v":0},{"$f":"IF(VLOOKUP(AF203,Group,7,FALSE)=\"\",\"\",VLOOKUP(AF203,Group,7,FALSE))","v":""},null,"X"]
[null,null,null,null,null,null,null,null,null,null,null,null,null,null,null,null,null,null,null,null,null,null,null,null,null,null,null,null,null,null,null,null,null,null,null,null,null,null,null,null,"X"]
[null,null,"CC MOSAICS (Glazed Porcelain Mesh-Mounted Mosaics)",null,null,null,null,null,null,null,null,null,null,null,null,null,null,"Item # Lookup:","ROCC",null,null,null,null,null,null,null,null,null,null,null,null,null,null,null,null,null,null,null,null,null,"X"]
[]
[null,null,null,"Color:","Black (Matte)",null,null,null,null,null,null,null,null,null,null,null,null,null,null,null,null,null,null,null,null,null,null,null,null,null,null,null,null,null,null,null,null,null,null,null,"X"]
[null,null,null,null,null,null,null,null,null,null,null,null,null,null,null,null,null,null,null,null,null,null,null,null,null,null,null,null,null,null,null,null,null,null,null,null,null,null,null,null,"X"]
[null,"Decos",null,null,"12\" x 12\"",null,"Mosaic",null,null,null,"1\" x 1\" Squares",null,null,null,null,"0.96 SF/SHEET",null,null,{"$f":"IF(Suggested=\"Yes\",AA209,AG209)","v":10.95},"EA",{"$f":"+Instructions!$B$3","v":"G "},null,{"$f":"+Instructions!$C$22","v":0},{"$f":"ROUND($AA209*(1-W209)+0.004999,2)","v":10.95},null,"",10.95,{"$f":"+W209","v":0},{"$f":"+X209","v":10.95},{"$f":"(AG209-AC209)/AG209","v":0},null,3,{"$f":"SUM(AJ209:AL209)+AE209","v":10.95},null,null,{"$f":"ROUND(AC209/(1-VLOOKUP(AF209,Group,2,FALSE)),2)","v":10.95},{"$f":"IF(VLOOKUP(AF209,Group,5,FALSE)=\"YES\",VLOOKUP(ROUND(ROUND(AJ209,1)-AJ209,2),Round,2,FALSE)+VLOOKUP(AF209,Group,6,FALSE),0)","v":0},{"$f":"IF(VLOOKUP(AF209,Group,7,FALSE)=\"\",0,ROUND(AJ209-0.04999,1)-AJ209+AM209)","v":0},{"$f":"IF(VLOOKUP(AF209,Group,7,FALSE)=\"\",\"\",VLOOKUP(AF209,Group,7,FALSE))","v":""},null,"X"]
[]
[null,null,null,"Color:","Black (Matte)          Gray (Matte)          White (Matte)          White & Black (Matte)",null,null,null,null,null,null,null,null,null,null,null,null,null,null,null,null,null,null,null,null,null,null,null,null,null,null,null,null,null,null,null,null,null,null,null,"X"]
[null,null,null,null,null,null,null,null,null,null,null,null,null,null,null,null,null,null,null,null,null,null,null,null,null,null,null,null,null,null,null,null,null,null,null,null,null,null,null,null,"X"]
[null,"Decos",null,null,"10\" x 12\"",null,"Mosaic",null,null,null,"1\" x 1\" Hexagon",null,null,null,null,"0.84 SF/SHEET",null,null,{"$f":"IF(Suggested=\"Yes\",AA213,AG213)","v":10.9},"EA",{"$f":"+Instructions!$B$3","v":"G "},null,{"$f":"+Instructions!$C$22","v":0},{"$f":"ROUND($AA213*(1-W213)+0.004999,2)","v":10.9},null,"",10.9,{"$f":"+W213","v":0},{"$f":"+X213","v":10.9},{"$f":"(AG213-AC213)/AG213","v":0},null,3,{"$f":"SUM(AJ213:AL213)+AE213","v":10.9},null,null,{"$f":"ROUND(AC213/(1-VLOOKUP(AF213,Group,2,FALSE)),2)","v":10.9},{"$f":"IF(VLOOKUP(AF213,Group,5,FALSE)=\"YES\",VLOOKUP(ROUND(ROUND(AJ213,1)-AJ213,2),Round,2,FALSE)+VLOOKUP(AF213,Group,6,FALSE),0)","v":0},{"$f":"IF(VLOOKUP(AF213,Group,7,FALSE)=\"\",0,ROUND(AJ213-0.04999,1)-AJ213+AM213)","v":0},{"$f":"IF(VLOOKUP(AF213,Group,7,FALSE)=\"\",\"\",VLOOKUP(AF213,Group,7,FALSE))","v":""},null,"X"]
[null,null,null,null,null,null,null,null,null,null,null,null,null,null,null,null,null,null,null,null,null,null,null,null,null,null,null,null,null,null,null,null,null,null,null,null,null,null,null,null,"X"]
[null,null,"continued on next page",null,null,null,null,null,null,null,null,null,null," "]
[null,null,"CC MOSAICS (Glazed Porcelain Mesh-Mounted Mosaics) - continued",null,null,null,null,null,null,null,null,null,null,null,null,null,null,"Item # Lookup:","ROCC",null,null,null,null,null,null,null,null,null,null,null,null,null,null,null,null,null,null,null,null,null,"X"]
[]
[null,null,null,"Color:","Black & White Flower (Matte)",null,null,null," ",null,null,null,null,null,null,null,null,null,null,null,null,null,null,null,null,null,null,null,null,null,null,null,null,null,null,null,null,null,null,null,"X"]
[null,null,null,null,null,null,null,null,null,null,null,null,null,null,null,null,null,null,null,null,null,null,null,null,null,null,null,null,null,null,null,null,null,null,null,null,null,null,null,null,"X"]
[null,"Decos",null,null,"10\" x 12\"",null,"Mosaic",null,null,null,"1\" x 1\" Hexagon",null,null,null,null,"0.84 SF/SHEET",null,null,{"$f":"IF(Suggested=\"Yes\",AA220,AG220)","v":13.9},"EA",{"$f":"+Instructions!$B$3","v":"G "},null,{"$f":"+Instructions!$C$22","v":0},{"$f":"ROUND($AA220*(1-W220)+0.004999,2)","v":13.9},null,"",13.9,{"$f":"+W220","v":0},{"$f":"+X220","v":13.9},{"$f":"(AG220-AC220)/AG220","v":0},null,3,{"$f":"SUM(AJ220:AL220)+AE220","v":13.9},null,null,{"$f":"ROUND(AC220/(1-VLOOKUP(AF220,Group,2,FALSE)),2)","v":13.9},{"$f":"IF(VLOOKUP(AF220,Group,5,FALSE)=\"YES\",VLOOKUP(ROUND(ROUND(AJ220,1)-AJ220,2),Round,2,FALSE)+VLOOKUP(AF220,Group,6,FALSE),0)","v":0},{"$f":"IF(VLOOKUP(AF220,Group,7,FALSE)=\"\",0,ROUND(AJ220-0.04999,1)-AJ220+AM220)","v":0},{"$f":"IF(VLOOKUP(AF220,Group,7,FALSE)=\"\",\"\",VLOOKUP(AF220,Group,7,FALSE))","v":""},null,"X"]
[null,null,null,null,null,null,null,null,null,null,null,null,null,null,null,null,null,null,null,null,null,null,null,null,null,null,null,null,null,null,null,null,null,null,null,null,null,null,null,null,"X"]
[null,null,null,"Color:","White (Glossy)",null,null,null,null,null,null,null,null,null,null,null,null,null,null,null,null,null,null,null,null,null,null,null,null,null,null,null,null,null,null,null,null,null,null,null,"X"]
[null,null,null,null,null,null,null,null,null,null,null,null,null,null,null,null,null,null,null,null,null,null,null,null,null,null,null,null,null,null,null,null,null,null,null,null,null,null,null,null,"X"]
[null,"Decos",null,null,"10\" x 11-1/8\"",null,"Mosaic",null,null,null,"2\" Lantern",null,null,null,null,"0.77 SF/SHEET",null,null,{"$f":"IF(Suggested=\"Yes\",AA224,AG224)","v":10.9},"EA",{"$f":"+Instructions!$B$3","v":"G "},null,{"$f":"+Instructions!$C$22","v":0},{"$f":"ROUND($AA224*(1-W224)+0.004999,2)","v":10.9},null,"",10.9,{"$f":"+W224","v":0},{"$f":"+X224","v":10.9},{"$f":"(AG224-AC224)/AG224","v":0},null,3,{"$f":"SUM(AJ224:AL224)+AE224","v":10.9},null,null,{"$f":"ROUND(AC224/(1-VLOOKUP(AF224,Group,2,FALSE)),2)","v":10.9},{"$f":"IF(VLOOKUP(AF224,Group,5,FALSE)=\"YES\",VLOOKUP(ROUND(ROUND(AJ224,1)-AJ224,2),Round,2,FALSE)+VLOOKUP(AF224,Group,6,FALSE),0)","v":0},{"$f":"IF(VLOOKUP(AF224,Group,7,FALSE)=\"\",0,ROUND(AJ224-0.04999,1)-AJ224+AM224)","v":0},{"$f":"IF(VLOOKUP(AF224,Group,7,FALSE)=\"\",\"\",VLOOKUP(AF224,Group,7,FALSE))","v":""},null,"X"]
[null,null,null,null,null,null,null,null,null,null,null,null,null,null,null,null,null,null,null,null,null,null,null,null,null,null,null,null,null,null,null,null,null,null,null,null,null,null,null,null,"X"]
[null,null,null,"Colors:","Black (Matte)          Gray (Matte)          White (Matte)",null,null,null,null,null,null,null,null,null,null,null,null,null,null,null,null,null,null,null,null,null,null,null,null,null,null,null,null,null,null,null,null,null,null,null,"X"]
[null,null,null,null,null,null,null,null,null,null,null,null,null,null,null,null,null,null,null,null,null,null,null,null,null,null,null,null,null,null,null,null,null,null,null,null,null,null,null,null,"X"]
[null,"Decos",null,null,"12\" x 12\"",null,"Mosaic",null,null,null,"2\" x 2\" Hexagon",null,null,null,null,"0.99 SF/SHEET",null,null,{"$f":"IF(Suggested=\"Yes\",AA228,AG228)","v":11},"EA",{"$f":"+Instructions!$B$3","v":"G "},null,{"$f":"+Instructions!$C$22","v":0},{"$f":"ROUND($AA228*(1-W228)+0.004999,2)","v":11},null,"",11,{"$f":"+W228","v":0},{"$f":"+X228","v":11},{"$f":"(AG228-AC228)/AG228","v":0},null,3,{"$f":"SUM(AJ228:AL228)+AE228","v":11},null,null,{"$f":"ROUND(AC228/(1-VLOOKUP(AF228,Group,2,FALSE)),2)","v":11},{"$f":"IF(VLOOKUP(AF228,Group,5,FALSE)=\"YES\",VLOOKUP(ROUND(ROUND(AJ228,1)-AJ228,2),Round,2,FALSE)+VLOOKUP(AF228,Group,6,FALSE),0)","v":0},{"$f":"IF(VLOOKUP(AF228,Group,7,FALSE)=\"\",0,ROUND(AJ228-0.04999,1)-AJ228+AM228)","v":0},{"$f":"IF(VLOOKUP(AF228,Group,7,FALSE)=\"\",\"\",VLOOKUP(AF228,Group,7,FALSE))","v":""},null,"X"]
[null,null,null,null,null,null,null,null,null,null,null,null,null,null,null,null,null,null,null,null,null,null,null,null,null,null,null,null,null,null,null,null,null,null,null,null,null,null,null,null,"X"]
[null,null,null,"Color:","Snow White (Glossy)",null,null,null,null,null,null,null,null,null,null,null,null,null,null,null,null,null,null,null,null,null,null,null,null,null,null,null,null,null,null,null,null,null,null,null,"X"]
[null,null,null,null,null,null,null,null,null,null,null,null,null,null,null,null,null,null,null,null,null,null,null,null,null,null,null,null,null,null,null,null,null,null,null,null,null,null,null,null,"X"]
[null,"Decos",null,null,"11-1/8\" x 11-1/8\"",null,"Mosaic",null,null,null,"2\" x 4\" T-Brick",null,null,null,null,"0.86 SF/SHEET",null,null,{"$f":"IF(Suggested=\"Yes\",AA232,AG232)","v":8},"EA",{"$f":"+Instructions!$B$3","v":"G "},null,{"$f":"+Instructions!$C$22","v":0},{"$f":"ROUND($AA232*(1-W232)+0.004999,2)","v":8},null,"",8,{"$f":"+W232","v":0},{"$f":"+X232","v":8},{"$f":"(AG232-AC232)/AG232","v":0},null,3,{"$f":"SUM(AJ232:AL232)+AE232","v":8},null,null,{"$f":"ROUND(AC232/(1-VLOOKUP(AF232,Group,2,FALSE)),2)","v":8},{"$f":"IF(VLOOKUP(AF232,Group,5,FALSE)=\"YES\",VLOOKUP(ROUND(ROUND(AJ232,1)-AJ232,2),Round,2,FALSE)+VLOOKUP(AF232,Group,6,FALSE),0)","v":0},{"$f":"IF(VLOOKUP(AF232,Group,7,FALSE)=\"\",0,ROUND(AJ232-0.04999,1)-AJ232+AM232)","v":0},{"$f":"IF(VLOOKUP(AF232,Group,7,FALSE)=\"\",\"\",VLOOKUP(AF232,Group,7,FALSE))","v":""},null,"X"]
[null,null,null,null,null,null,null,null,null,null,null,null,null,null,null,null,null,null,null,null,null,null,null,null,null,null,null,null,null,null,null,null,null,null,null,null,null,null,null,null,"X"]
[null,null,null,"Color:","White & Black (Matte)          White & Grey (Matte)",null,null,null,null,null,null,null,null,null,null,null,null,null,null,null,null,null,null,null,null,null,null,null,null,null,null,null,null,null,null,null,null,null,null,null,"X"]
[null,null,null,null,null,null,null,null,null,null,null,null,null,null,null,null,null,null,null,null,null,null,null,null,null,null,null,null,null,null,null,null,null,null,null,null,null,null,null,null,"X"]
[null,"Decos",null,null,"12\" x 12\"",null,"Mosaic",null,null,null,"Basket Weave",null,null,null,null,"0.96 SF/SHEET",null,null,{"$f":"IF(Suggested=\"Yes\",AA236,AG236)","v":11},"EA",{"$f":"+Instructions!$B$3","v":"G "},null,{"$f":"+Instructions!$C$22","v":0},{"$f":"ROUND($AA236*(1-W236)+0.004999,2)","v":11},null,"",11,{"$f":"+W236","v":0},{"$f":"+X236","v":11},{"$f":"(AG236-AC236)/AG236","v":0},null,3,{"$f":"SUM(AJ236:AL236)+AE236","v":11},null,null,{"$f":"ROUND(AC236/(1-VLOOKUP(AF236,Group,2,FALSE)),2)","v":11},{"$f":"IF(VLOOKUP(AF236,Group,5,FALSE)=\"YES\",VLOOKUP(ROUND(ROUND(AJ236,1)-AJ236,2),Round,2,FALSE)+VLOOKUP(AF236,Group,6,FALSE),0)","v":0},{"$f":"IF(VLOOKUP(AF236,Group,7,FALSE)=\"\",0,ROUND(AJ236-0.04999,1)-AJ236+AM236)","v":0},{"$f":"IF(VLOOKUP(AF236,Group,7,FALSE)=\"\",\"\",VLOOKUP(AF236,Group,7,FALSE))","v":""},null,"X"]
[null,null,null,null,null,null,null,null,null,null,null,null,null,null,null,null,null,null,null,null,null,null,null,null,null,null,null,null,null,null,null,null,null,null,null,null,null,null,null,null,"X"]
[null,null,null,"Color:","White (Glossy)",null,null,null," ",null,null,null,null,null,null,null,null,null,null,null,null,null,null,null,null,null,null,null,null,null,null,null,null,null,null,null,null,null,null,null,"X"]
[null,null,null,null,null,null,null,null,null,null,null,null,null,null,null,null,null,null,null,null,null,null,null,null,null,null,null,null,null,null,null,null,null,null,null,null,null,null,null,null,"X"]
[null,"Decos",null,null,"11-1/8\" x 11-1/8\"",null,"Mosaic",null,null,null,"Diamond Herringbone",null,null,null,null,"0.86 SF/SHEET",null,null,{"$f":"IF(Suggested=\"Yes\",AA240,AG240)","v":11},"EA",{"$f":"+Instructions!$B$3","v":"G "},null,{"$f":"+Instructions!$C$22","v":0},{"$f":"ROUND($AA240*(1-W240)+0.004999,2)","v":11},null,"",11,{"$f":"+W240","v":0},{"$f":"+X240","v":11},{"$f":"(AG240-AC240)/AG240","v":0},null,3,{"$f":"SUM(AJ240:AL240)+AE240","v":11},null,null,{"$f":"ROUND(AC240/(1-VLOOKUP(AF240,Group,2,FALSE)),2)","v":11},{"$f":"IF(VLOOKUP(AF240,Group,5,FALSE)=\"YES\",VLOOKUP(ROUND(ROUND(AJ240,1)-AJ240,2),Round,2,FALSE)+VLOOKUP(AF240,Group,6,FALSE),0)","v":0},{"$f":"IF(VLOOKUP(AF240,Group,7,FALSE)=\"\",0,ROUND(AJ240-0.04999,1)-AJ240+AM240)","v":0},{"$f":"IF(VLOOKUP(AF240,Group,7,FALSE)=\"\",\"\",VLOOKUP(AF240,Group,7,FALSE))","v":""},null,"X"]
[null,null,null,null,null,null,null,null,null,null,null,null,null,null,null,null,null,null,null,null,null,null,null,null,null,null,null,null,null,null,null,null,null,null,null,null,null,null,null,null,"X"]
[null,null,null,"Colors:","Snow White (Matte)          Snow White & Black (Matte)          Snow White & Gray (Matte)",null,null,null,null,null,null,null,null,null,null,null,null,null,null,null,null,null,null,null,null,null,null,null,null,null,null,null,null,null,null,null,null,null,null,null,"X"]
[null,null,null,null,null,null,null,null,null,null,null,null,null,null,null,null,null,null,null,null,null,null,null,null,null,null,null,null,null,null,null,null,null,null,null,null,null,null,null,null,"X"]
[null,"Decos",null,null,"12\" x 12\"",null,"Mosaic",null,null,null,"Octagonal",null,null,null,null,"0.93 SF/SHEET",null,null,{"$f":"IF(Suggested=\"Yes\",AA244,AG244)","v":11},"EA",{"$f":"+Instructions!$B$3","v":"G "},null,{"$f":"+Instructions!$C$22","v":0},{"$f":"ROUND($AA244*(1-W244)+0.004999,2)","v":11},null,"",11,{"$f":"+W244","v":0},{"$f":"+X244","v":11},{"$f":"(AG244-AC244)/AG244","v":0},null,3,{"$f":"SUM(AJ244:AL244)+AE244","v":11},null,null,{"$f":"ROUND(AC244/(1-VLOOKUP(AF244,Group,2,FALSE)),2)","v":11},{"$f":"IF(VLOOKUP(AF244,Group,5,FALSE)=\"YES\",VLOOKUP(ROUND(ROUND(AJ244,1)-AJ244,2),Round,2,FALSE)+VLOOKUP(AF244,Group,6,FALSE),0)","v":0},{"$f":"IF(VLOOKUP(AF244,Group,7,FALSE)=\"\",0,ROUND(AJ244-0.04999,1)-AJ244+AM244)","v":0},{"$f":"IF(VLOOKUP(AF244,Group,7,FALSE)=\"\",\"\",VLOOKUP(AF244,Group,7,FALSE))","v":""},null,"X"]
[null,null,null,null,null,null,null,null,null,null,null,null,null,null,null,null,null,null,null,null,null,null,null,null,null,null,null,null,null,null,null,null,null,null,null,null,null,null,null,null,"X"]
[null,null,null,"Colors:","Black (Glossy)",null,"   Cobalt (Glossy)",null,null,"     Grey (Matte)",null,"        White (Matte)",null,null,null,null,null,null,null,null,null,null,null,null,null,null,null,null,null,null,null,null,null,null,null,null,null,null,null,null,"X"]
[null,null,null,null,"Black (Matte)",null,"   Grey (Glossy)",null,null,"     White (Glossy)",null,null,null,null,null,null,null,null,null,null,null,null,null,null,null,null,null,null,null,null,null,null,null,null,null,null,null,null,null,null,"X"]
[null,null,null,null,null,null,null,null,null,null,null,null,null,null,null,null,null,null,null,null,null,null,null,null,null,null,null,null,null,null,null,null,null,null,null,null,null,null,null,null,"X"]
[null,"Decos",null,null,"12\" x 12\"",null,"Mosaic",null,null,null,"Penny Round",null,null,null,null,"0.99 SF/SHEET",null,null,{"$f":"IF(Suggested=\"Yes\",AA249,AG249)","v":10.95},"EA",{"$f":"+Instructions!$B$3","v":"G "},null,{"$f":"+Instructions!$C$22","v":0},{"$f":"ROUND($AA249*(1-W249)+0.004999,2)","v":10.95},null,"",10.95,{"$f":"+W249","v":0},{"$f":"+X249","v":10.95},{"$f":"(AG249-AC249)/AG249","v":0},null,3,{"$f":"SUM(AJ249:AL249)+AE249","v":10.95},null,null,{"$f":"ROUND(AC249/(1-VLOOKUP(AF249,Group,2,FALSE)),2)","v":10.95},{"$f":"IF(VLOOKUP(AF249,Group,5,FALSE)=\"YES\",VLOOKUP(ROUND(ROUND(AJ249,1)-AJ249,2),Round,2,FALSE)+VLOOKUP(AF249,Group,6,FALSE),0)","v":0},{"$f":"IF(VLOOKUP(AF249,Group,7,FALSE)=\"\",0,ROUND(AJ249-0.04999,1)-AJ249+AM249)","v":0},{"$f":"IF(VLOOKUP(AF249,Group,7,FALSE)=\"\",\"\",VLOOKUP(AF249,Group,7,FALSE))","v":""},null,"X"]
[null,null,null,null,null,null,null,null,null,null,null,null,null,null,null,null,null,null,null,null,null,null,null,null,null,null,null,null,null,null,null,null,null,null,null,null,null,null,null,null,"X"]
[null,null,null,"Colors:","Black & White (Matte)          Gray & White (Matte)",null,null,null,null,null,null,null,null,null,null,null,null,null,null,null,null,null,null,null,null,null,null,null,null,null,null,null,null,null,null,null,null,null,null,null,"X"]
[null,null,null,null,null,null,null,null,null,null,null,null,null,null,null,null,null,null,null,null,null,null,null,null,null,null,null,null,null,null,null,null,null,null,null,null,null,null,null,null,"X"]
[null,"Decos",null,null,"9\" x 10\"",null,"Mosaic",null,null,null,"Penny Round",null,null,null,null,"0.59 SF/SHEET",null,null,{"$f":"IF(Suggested=\"Yes\",AA253,AG253)","v":13.8},"EA",{"$f":"+Instructions!$B$3","v":"G "},null,{"$f":"+Instructions!$C$22","v":0},{"$f":"ROUND($AA253*(1-W253)+0.004999,2)","v":13.8},null,"",13.8,{"$f":"+W253","v":0},{"$f":"+X253","v":13.8},{"$f":"(AG253-AC253)/AG253","v":0},null,3,{"$f":"SUM(AJ253:AL253)+AE253","v":13.8},null,null,{"$f":"ROUND(AC253/(1-VLOOKUP(AF253,Group,2,FALSE)),2)","v":13.8},{"$f":"IF(VLOOKUP(AF253,Group,5,FALSE)=\"YES\",VLOOKUP(ROUND(ROUND(AJ253,1)-AJ253,2),Round,2,FALSE)+VLOOKUP(AF253,Group,6,FALSE),0)","v":0},{"$f":"IF(VLOOKUP(AF253,Group,7,FALSE)=\"\",0,ROUND(AJ253-0.04999,1)-AJ253+AM253)","v":0},{"$f":"IF(VLOOKUP(AF253,Group,7,FALSE)=\"\",\"\",VLOOKUP(AF253,Group,7,FALSE))","v":""},null,"X"]
[null,null,null,null,null,null,null,null,null,null,null,null,null,null,null,null,null,null,null,null,null,null,null,null,null,null,null,null,null,null,null,null,null,null,null,null,null,null,null,null,"X"]
[null,null,null,"Color:","Red Pepper (Glossy)",null,null,null,null,null,null,null,null,null,null,null,null,null,null,null,null,null,null,null,null,null,null,null,null,null,null,null,null,null,null,null,null,null,null,null,"X"]
[null,null,null,null,null,null,null,null,null,null,null,null,null,null,null,null,null,null,null,null,null,null,null,null,null,null,null,null,null,null,null,null,null,null,null,null,null,null,null,null,"X"]
[null,"Decos",null,null,"12\" x 12\"",null,"Mosaic",null,null,null,"Penny Round",null,null,null,null,"0.99 SF/SHEET",null,null,{"$f":"IF(Suggested=\"Yes\",AA257,AG257)","v":13.95},"EA",{"$f":"+Instructions!$B$3","v":"G "},null,{"$f":"+Instructions!$C$22","v":0},{"$f":"ROUND($AA257*(1-W257)+0.004999,2)","v":13.95},null,"",13.95,{"$f":"+W257","v":0},{"$f":"+X257","v":13.95},{"$f":"(AG257-AC257)/AG257","v":0},null,3,{"$f":"SUM(AJ257:AL257)+AE257","v":13.95},null,null,{"$f":"ROUND(AC257/(1-VLOOKUP(AF257,Group,2,FALSE)),2)","v":13.95},{"$f":"IF(VLOOKUP(AF257,Group,5,FALSE)=\"YES\",VLOOKUP(ROUND(ROUND(AJ257,1)-AJ257,2),Round,2,FALSE)+VLOOKUP(AF257,Group,6,FALSE),0)","v":0},{"$f":"IF(VLOOKUP(AF257,Group,7,FALSE)=\"\",0,ROUND(AJ257-0.04999,1)-AJ257+AM257)","v":0},{"$f":"IF(VLOOKUP(AF257,Group,7,FALSE)=\"\",\"\",VLOOKUP(AF257,Group,7,FALSE))","v":""},null,"X"]
[null,null,null,null,null,null,null,null,null,null,null,null,null,null,null,null,null,null,null,null,null,null,null,null,null,null,null,null,null,null,null,null,null,null,null,null,null,null,null,null,"X"]
[null,null,null,"Color:","White & Black (Matte)",null,null,null," ",null,null,null,null,null,null,null,null,null,null,null,null,null,null,null,null,null,null,null,null,null,null,null,null,null,null,null,null,null,null,null,"X"]
[null,null,null,null,null,null,null,null,null,null,null,null,null,null,null,null,null,null,null,null,null,null,null,null,null,null,null,null,null,null,null,null,null,null,null,null,null,null,null,null,"X"]
[null,"Decos",null,null,"12\" x 12\"",null,"Mosaic",null,null,null,"Pinwheel",null,null,null,null,"0.99 SF/SHEET",null,null,{"$f":"IF(Suggested=\"Yes\",AA261,AG261)","v":11},"EA",{"$f":"+Instructions!$B$3","v":"G "},null,{"$f":"+Instructions!$C$22","v":0},{"$f":"ROUND($AA261*(1-W261)+0.004999,2)","v":11},null,"",11,{"$f":"+W261","v":0},{"$f":"+X261","v":11},{"$f":"(AG261-AC261)/AG261","v":0},null,3,{"$f":"SUM(AJ261:AL261)+AE261","v":11},null,null,{"$f":"ROUND(AC261/(1-VLOOKUP(AF261,Group,2,FALSE)),2)","v":11},{"$f":"IF(VLOOKUP(AF261,Group,5,FALSE)=\"YES\",VLOOKUP(ROUND(ROUND(AJ261,1)-AJ261,2),Round,2,FALSE)+VLOOKUP(AF261,Group,6,FALSE),0)","v":0},{"$f":"IF(VLOOKUP(AF261,Group,7,FALSE)=\"\",0,ROUND(AJ261-0.04999,1)-AJ261+AM261)","v":0},{"$f":"IF(VLOOKUP(AF261,Group,7,FALSE)=\"\",\"\",VLOOKUP(AF261,Group,7,FALSE))","v":""},null,"X"]
[]
[null,null,"CC MOSAICS Plus+ (Glazed Porcelain Mesh-Mounted Mosaics)",null,null,null,null,null,null,null,null,null,null,null,null,null,null,"Item # Lookup:","ROCC",null,null,null,null,null,null,null,null,null,null,null,null,null,null,null,null,null,null,null,null,null,"X"]
[null,null,null,null,null,null,null,null,null,null,null,null,null,null,null,null,null,null,null,null,null,null,null,null,null,null,null,null,null,null,null,null,null,null,null,null,null,null,null,null,"X"]
[null,null,null,"Color:","White & Silver (Matte)",null,null,null,null,"DISCONTINUED 5/18/23",null,null,null,null,null,null,null,null,null,null,null,null,null,null,null,null,null,null,null,null,null,null,null,null,null,null,null,null,null,null,"X"]
[null,null,null,null,null,null,null,null,null,null,null,null,null,null,null,null,null,null,null,null,null,null,null,null,null,null,null,null,null,null,null,null,null,null,null,null,null,null,null,null,"X"]
[null,"Decos",null,null,"10\" x 12\"",null,"Mosaic",null,null,null,"1\" x 1\" Hexagon",null,null,null,null,"0.84 SF/SHEET",null,null,{"$f":"IF(Suggested=\"Yes\",AA267,AG267)","v":16.899999999999999},"EA",{"$f":"+Instructions!$B$3","v":"G "},null,{"$f":"+Instructions!$C$22","v":0},{"$f":"ROUND($AA267*(1-W267)+0.004999,2)","v":16.899999999999999},null,"",16.899999999999999,{"$f":"+W267","v":0},{"$f":"+X267","v":16.899999999999999},{"$f":"(AG267-AC267)/AG267","v":0},null,3,{"$f":"SUM(AJ267:AL267)+AE267","v":16.899999999999999},null,null,{"$f":"ROUND(AC267/(1-VLOOKUP(AF267,Group,2,FALSE)),2)","v":16.899999999999999},{"$f":"IF(VLOOKUP(AF267,Group,5,FALSE)=\"YES\",VLOOKUP(ROUND(ROUND(AJ267,1)-AJ267,2),Round,2,FALSE)+VLOOKUP(AF267,Group,6,FALSE),0)","v":0},{"$f":"IF(VLOOKUP(AF267,Group,7,FALSE)=\"\",0,ROUND(AJ267-0.04999,1)-AJ267+AM267)","v":0},{"$f":"IF(VLOOKUP(AF267,Group,7,FALSE)=\"\",\"\",VLOOKUP(AF267,Group,7,FALSE))","v":""},null,"X"]
[null,null,null,null,null,null,null,null,null,null,null,null,null,null,null,null,null,null,null,null,null,null,null,null,null,null,null,null,null,null,null,null,null,null,null,null,null,null,null,null,"X"]
[null,null,null,"Colors:","Mixed Gray, Taupe & White (Glossy)",null,null,null,null,"       Tender Gray (Glossy)",null,null,"        White (Matte)",null,null,null,null,null,null,null,null,null,null,null,null,null,null,null,null,null,null,null,null,null,null,null,null,null,null,null,"X"]
[null,null,null,null,"Taupe (Glossy)",null,null,null,null,"       White (Glossy)",null,null,null,null,null,null,null,null,null,null,null,null,null,null,null,null,null,null,null,null,null,null,null,null,null,null,null,null,null,null,"X"]
[null,null,null,null,null,null,null,null,null,null,null,null,null,null,null,null,null,null,null,null,null,null,null,null,null,null,null,null,null,null,null,null,null,null,null,null,null,null,null,null,"X"]
[null,"Decos",null,null,"12-3/8\" x 13-1/2\"",null,"Mosaic",null,null,null,"1\" x 4\" 3D Picket",null,null,null,null,"1.23 SF/SHEET",null,null,{"$f":"IF(Suggested=\"Yes\",AA272,AG272)","v":20.05},"EA",{"$f":"+Instructions!$B$3","v":"G "},null,{"$f":"+Instructions!$C$22","v":0},{"$f":"ROUND($AA272*(1-W272)+0.004999,2)","v":20.05},null,"",20.05,{"$f":"+W272","v":0},{"$f":"+X272","v":20.05},{"$f":"(AG272-AC272)/AG272","v":0},null,3,{"$f":"SUM(AJ272:AL272)+AE272","v":20.05},null,null,{"$f":"ROUND(AC272/(1-VLOOKUP(AF272,Group,2,FALSE)),2)","v":20.05},{"$f":"IF(VLOOKUP(AF272,Group,5,FALSE)=\"YES\",VLOOKUP(ROUND(ROUND(AJ272,1)-AJ272,2),Round,2,FALSE)+VLOOKUP(AF272,Group,6,FALSE),0)","v":0},{"$f":"IF(VLOOKUP(AF272,Group,7,FALSE)=\"\",0,ROUND(AJ272-0.04999,1)-AJ272+AM272)","v":0},{"$f":"IF(VLOOKUP(AF272,Group,7,FALSE)=\"\",\"\",VLOOKUP(AF272,Group,7,FALSE))","v":""},null,"X"]
[null,null,null,null,null,null,null,null,null,null,null,null,null,null,null,null,null,null,null,null,null,null,null,null,null,null,null,null,null,null,null,null,null,null,null,null,null,null,null,null,"X"]
[null,null,null,"Colors:","Black(Matte)          Gray (Matte)          White (Glossy)          White (Matte)",null,null,null,null,null,null,null,null,null,null,null,null,null,null,null,null,null,null,null,null,null,null,null,null,null,null,null,null,null,null,null,null,null,null,null,"X"]
[null,null,null,null,null,null,null,null,null,null,null,null,null,null,null,null,null,null,null,null,null,null,null,null,null,null,null,null,null,null,null,null,null,null,null,null,null,null,null,null,"X"]
[null,"Decos",null,null,"12\" x 12\"",null,"Mosaic",null,null,null,"2\" Dots",null,null,null,null,"0.87 SF/SHEET",null,null,{"$f":"IF(Suggested=\"Yes\",AA276,AG276)","v":13.95},"EA",{"$f":"+Instructions!$B$3","v":"G "},null,{"$f":"+Instructions!$C$22","v":0},{"$f":"ROUND($AA276*(1-W276)+0.004999,2)","v":13.95},null,"",13.95,{"$f":"+W276","v":0},{"$f":"+X276","v":13.95},{"$f":"(AG276-AC276)/AG276","v":0},null,3,{"$f":"SUM(AJ276:AL276)+AE276","v":13.95},null,null,{"$f":"ROUND(AC276/(1-VLOOKUP(AF276,Group,2,FALSE)),2)","v":13.95},{"$f":"IF(VLOOKUP(AF276,Group,5,FALSE)=\"YES\",VLOOKUP(ROUND(ROUND(AJ276,1)-AJ276,2),Round,2,FALSE)+VLOOKUP(AF276,Group,6,FALSE),0)","v":0},{"$f":"IF(VLOOKUP(AF276,Group,7,FALSE)=\"\",0,ROUND(AJ276-0.04999,1)-AJ276+AM276)","v":0},{"$f":"IF(VLOOKUP(AF276,Group,7,FALSE)=\"\",\"\",VLOOKUP(AF276,Group,7,FALSE))","v":""},null,"X"]
[null,null,null,null,null,null,null,null,null,null,null,null,null,null,null,null,null,null,null,null,null,null,null,null,null,null,null,null,null,null,null,null,null,null,null,null,null,null,null,null,"X"]
[null,null,null,"Color:","Carrara (Matte)",null,null,null,null,null,null,null,null,null,null,null,null,null,null,null,null,null,null,null,null,null,null,null,null,null,null,null,null,null,null,null,null,null,null,null,"X"]
[null,null,null,null,null,null,null,null,null,null,null,null,null,null,null,null,null,null,null,null,null,null,null,null,null,null,null,null,null,null,null,null,null,null,null,null,null,null,null,null,"X"]
[null,"Decos",null,null,"12\" x 12\"",null,"Mosaic",null,null,null,"2\" Dots",null,null,null,null,"0.87 SF/SHEET",null,null,{"$f":"IF(Suggested=\"Yes\",AA280,AG280)","v":16.95},"EA",{"$f":"+Instructions!$B$3","v":"G "},null,{"$f":"+Instructions!$C$22","v":0},{"$f":"ROUND($AA280*(1-W280)+0.004999,2)","v":16.95},null,"",16.95,{"$f":"+W280","v":0},{"$f":"+X280","v":16.95},{"$f":"(AG280-AC280)/AG280","v":0},null,3,{"$f":"SUM(AJ280:AL280)+AE280","v":16.95},null,null,{"$f":"ROUND(AC280/(1-VLOOKUP(AF280,Group,2,FALSE)),2)","v":16.95},{"$f":"IF(VLOOKUP(AF280,Group,5,FALSE)=\"YES\",VLOOKUP(ROUND(ROUND(AJ280,1)-AJ280,2),Round,2,FALSE)+VLOOKUP(AF280,Group,6,FALSE),0)","v":0},{"$f":"IF(VLOOKUP(AF280,Group,7,FALSE)=\"\",0,ROUND(AJ280-0.04999,1)-AJ280+AM280)","v":0},{"$f":"IF(VLOOKUP(AF280,Group,7,FALSE)=\"\",\"\",VLOOKUP(AF280,Group,7,FALSE))","v":""},null,"X"]
[null,null,null,null,null,null,null,null,null,null,null,null,null,null,null,null,null,null,null,null,null,null,null,null,null,null,null,null,null,null,null,null,null,null,null,null,null,null,null,null,"X"]
[null,null,null,"Colors:","Tender Gray (Glossy)          White (Glossy)",null,null,null,null,null,null,null,null,null,null,null,null,null,null,null,null,null,null,null,null,null,null,null,null,null,null,null,null,null,null,null,null,null,null,null,"X"]
[null,null,null,null,null,null,null,null,null,null,null,null,null,null,null,null,null,null,null,null,null,null,null,null,null,null,null,null,null,null,null,null,null,null,null,null,null,null,null,null,"X"]
[null,"Decos",null,null,"12\" x 12\"",null,"Mosaic",null,null,null,"2\" x 4\" Brick Beveled",null,null,null,null,"0.96 SF/SHEET",null,null,{"$f":"IF(Suggested=\"Yes\",AA284,AG284)","v":14},"EA",{"$f":"+Instructions!$B$3","v":"G "},null,{"$f":"+Instructions!$C$22","v":0},{"$f":"ROUND($AA284*(1-W284)+0.004999,2)","v":14},null,"",14,{"$f":"+W284","v":0},{"$f":"+X284","v":14},{"$f":"(AG284-AC284)/AG284","v":0},null,3,{"$f":"SUM(AJ284:AL284)+AE284","v":14},null,null,{"$f":"ROUND(AC284/(1-VLOOKUP(AF284,Group,2,FALSE)),2)","v":14},{"$f":"IF(VLOOKUP(AF284,Group,5,FALSE)=\"YES\",VLOOKUP(ROUND(ROUND(AJ284,1)-AJ284,2),Round,2,FALSE)+VLOOKUP(AF284,Group,6,FALSE),0)","v":0},{"$f":"IF(VLOOKUP(AF284,Group,7,FALSE)=\"\",0,ROUND(AJ284-0.04999,1)-AJ284+AM284)","v":0},{"$f":"IF(VLOOKUP(AF284,Group,7,FALSE)=\"\",\"\",VLOOKUP(AF284,Group,7,FALSE))","v":""},null,"X"]
[null,null,null,null,null,null,null,null,null,null,null,null,null,null,null,null,null,null,null,null,null,null,null,null,null,null,null,null,null,null,null,null,null,null,null,null,null,null,null,null,"X"]
[null,null,null,"Color:","Antique White (Glossy)          White (Glossy)",null,null,null,null,null,null,null,null,null,null,null,null,null,null,null,null,null,null,null,null,null,null,null,null,null,null,null,null,null,null,null,null,null,null,null,"X"]
[null,null,null,null,null,null,null,null,null,null,null,null,null,null,null,null,null,null,null,null,null,null,null,null,null,null,null,null,null,null,null,null,null,null,null,null,null,null,null,null,"X"]
[null,"Decos",null,null,"11-1/8\" x 11-1/8\"",null,"Mosaic",null,null,null,"Herringbone",null,null,null,null,"0.86 SF/SHEET",null,null,{"$f":"IF(Suggested=\"Yes\",AA288,AG288)","v":16.95},"EA",{"$f":"+Instructions!$B$3","v":"G "},null,{"$f":"+Instructions!$C$22","v":0},{"$f":"ROUND($AA288*(1-W288)+0.004999,2)","v":16.95},null,"",16.95,{"$f":"+W288","v":0},{"$f":"+X288","v":16.95},{"$f":"(AG288-AC288)/AG288","v":0},null,3,{"$f":"SUM(AJ288:AL288)+AE288","v":16.95},null,null,{"$f":"ROUND(AC288/(1-VLOOKUP(AF288,Group,2,FALSE)),2)","v":16.95},{"$f":"IF(VLOOKUP(AF288,Group,5,FALSE)=\"YES\",VLOOKUP(ROUND(ROUND(AJ288,1)-AJ288,2),Round,2,FALSE)+VLOOKUP(AF288,Group,6,FALSE),0)","v":0},{"$f":"IF(VLOOKUP(AF288,Group,7,FALSE)=\"\",0,ROUND(AJ288-0.04999,1)-AJ288+AM288)","v":0},{"$f":"IF(VLOOKUP(AF288,Group,7,FALSE)=\"\",\"\",VLOOKUP(AF288,Group,7,FALSE))","v":""},null,"X"]
[null,null,null,null,null,null,null,null,null,null,null,null,null,null,null,null,null,null,null,null,null,null,null,null,null,null,null,null,null,null,null,null,null,null,null,null,null,null,null,null,"X"]
[null,null,null,"Colors:","Cream (Glossy)",null,null,null," Pearl White (Glossy)",null,null,"       Sky Blue (Glossy)",null,null,null,null,null,null,null,null,null,null,null,null,null,null,null,null,null,null,null,null,null,null,null,null,null,null,null,null,"X"]
[null,null,null,null,"Mint Green (Glossy)",null,null,null," Sand (Glossy)",null,null,null,null,null,null,null,null,null,null,null,null,null,null,null,null,null,null,null,null,null,null,null,null,null,null,null,null,null,null,null,"X"]
[null,null,null,null,null,null,null,null,null,null,null,null,null,null,null,null,null,null,null,null,null,null,null,null,null,null,null,null,null,null,null,null,null,null,null,null,null,null,null,null,"X"]
[null,"Decos",null,null,"12\" x 12\"",null,"Mosaic",null,null,null,"Penny Round",null,null,null,null,"0.99 SF/SHEET",null,null,{"$f":"IF(Suggested=\"Yes\",AA293,AG293)","v":13.95},"EA",{"$f":"+Instructions!$B$3","v":"G "},null,{"$f":"+Instructions!$C$22","v":0},{"$f":"ROUND($AA293*(1-W293)+0.004999,2)","v":13.95},null,"",13.95,{"$f":"+W293","v":0},{"$f":"+X293","v":13.95},{"$f":"(AG293-AC293)/AG293","v":0},null,3,{"$f":"SUM(AJ293:AL293)+AE293","v":13.95},null,null,{"$f":"ROUND(AC293/(1-VLOOKUP(AF293,Group,2,FALSE)),2)","v":13.95},{"$f":"IF(VLOOKUP(AF293,Group,5,FALSE)=\"YES\",VLOOKUP(ROUND(ROUND(AJ293,1)-AJ293,2),Round,2,FALSE)+VLOOKUP(AF293,Group,6,FALSE),0)","v":0},{"$f":"IF(VLOOKUP(AF293,Group,7,FALSE)=\"\",0,ROUND(AJ293-0.04999,1)-AJ293+AM293)","v":0},{"$f":"IF(VLOOKUP(AF293,Group,7,FALSE)=\"\",\"\",VLOOKUP(AF293,Group,7,FALSE))","v":""},null,"X"]
[null,null,null,null,null,null,null,null,null,null,null,null,null,null,null,null,null,null,null,null,null,null,null,null,null,null,null,null,null,null,null,null,null,null,null,null,null,null,null,null,"X"]
[null,null,null,"Colors:","Antique White",null,"    Dark Gray",null,null,"    Tender Gray",null,null,null,null,null,null,null,null,null,null,null,null,null,null,null,null,null,null,null,null,null,null,null,null,null,null,null,null,null,null,"X"]
[null,null,null,null,"Dark Blue",null,"    Forest Green",null,null,null,null,null,null,null,null,null,null,null,null,null,null,null,null,null,null,null,null,null,null,null,null,null,null,null,null,null,null,null,null,null,"X"]
[null,null,null,null,null,null,null,null,null,null,null,null,null,null,null,null,null,null,null,null,null,null,null,null,null,null,null,null,null,null,null,null,null,null,null,null,null,null,null,null,"X"]
[null,"Decos",null,null,"12\" x 12\"",null,"Mosaic",null,null,null,"Stacked",null,null,null,null,"0.90 SF/SHEET",null,null,{"$f":"IF(Suggested=\"Yes\",AA298,AG298)","v":21.6},"EA",{"$f":"+Instructions!$B$3","v":"G "},null,{"$f":"+Instructions!$C$22","v":0},{"$f":"ROUND($AA298*(1-W298)+0.004999,2)","v":21.6},null,"",21.6,{"$f":"+W298","v":0},{"$f":"+X298","v":21.6},{"$f":"(AG298-AC298)/AG298","v":0},null,3,{"$f":"SUM(AJ298:AL298)+AE298","v":21.6},null,null,{"$f":"ROUND(AC298/(1-VLOOKUP(AF298,Group,2,FALSE)),2)","v":21.6},{"$f":"IF(VLOOKUP(AF298,Group,5,FALSE)=\"YES\",VLOOKUP(ROUND(ROUND(AJ298,1)-AJ298,2),Round,2,FALSE)+VLOOKUP(AF298,Group,6,FALSE),0)","v":0},{"$f":"IF(VLOOKUP(AF298,Group,7,FALSE)=\"\",0,ROUND(AJ298-0.04999,1)-AJ298+AM298)","v":0},{"$f":"IF(VLOOKUP(AF298,Group,7,FALSE)=\"\",\"\",VLOOKUP(AF298,Group,7,FALSE))","v":""},null,"X"]
[]
[null,null,"CC PORCELAIN (Unglazed Mosaics)",null,null,null,null,null,null,null,null,null,null,null,null,null,null,"Item # Lookup:","USU",null,null,null,null,null,null,null,null,null,null,null,null,null,null,null,null,null,null,null,null,null,"X"]
[]
[null,null,null,"Color:","U259 Black",null,null,null,null,null,null,null,null,null,null,null,null,null,null,null,null,null,null,null,null,null,null,null,null,null,null,null,null,null,null,null,null,null,null,null,"X"]
[null,null,null,null,null,null,null,null,null,null,null,null,null,null,null,null,null,null,null,null,null,null,null,null,null,null,null,null,null,null,null,null,null,null,null,null,null,null,null,null,"X"]
[null,"Field Tile",null,null,"12\" x 12\"",null,"Mosaic",null,null,null,"2\" x 2\" (Dot Mounted)",null,null," ",null,null,null,null,{"$f":"IF(Suggested=\"Yes\",AA304,AG304)","v":10.25},"EA",{"$f":"+Instructions!$B$3","v":"G "},null,{"$f":"+Instructions!$C$22","v":0},{"$f":"ROUND($AA304*(1-W304)+0.004999,2)","v":10.25},null,"",10.25,{"$f":"+W304","v":0},{"$f":"+X304","v":10.25},{"$f":"(AG304-AC304)/AG304","v":0},null,1,{"$f":"SUM(AJ304:AL304)+AE304","v":10.25},null,null,{"$f":"ROUND(AC304/(1-VLOOKUP(AF304,Group,2,FALSE)),2)","v":10.25},{"$f":"IF(VLOOKUP(AF304,Group,5,FALSE)=\"YES\",VLOOKUP(ROUND(ROUND(AJ304,1)-AJ304,2),Round,2,FALSE)+VLOOKUP(AF304,Group,6,FALSE),0)","v":0},{"$f":"IF(VLOOKUP(AF304,Group,7,FALSE)=\"\",0,ROUND(AJ304-0.04999,1)-AJ304+AM304)","v":0},{"$f":"IF(VLOOKUP(AF304,Group,7,FALSE)=\"\",\"\",VLOOKUP(AF304,Group,7,FALSE))","v":""},null,"X"]
[null,null,null,null,null,null,null,null,null,null,null,null,null,null,null,null,null,null,null,null,null,null,null,null,null,null,null,null,null,null,null,null,null,null,null,null,null,null,null,null,"X"]
[null,null,null,"Color:","U272 Snow White          U289 Taupe          U261 Tender Grey",null,null,null,null,null,null,null,null,null,null,null,null,null,null,null,null,null,null,null,null,null,null,null,null,null,null,null,null,null,null,null,null,null,null,null,"X"]
[null,null,null,null,null,null,null,null,null,null,null,null,null,null,null,null,null,null,null,null,null,null,null,null,null,null,null,null,null,null,null,null,null,null,null,null,null,null,null,null,"X"]
[null,"Field Tile",null,null,"12\" x 12\"",null,"Mosaic ",null,null,null,"2\" x 2\" (Dot Mounted)",null,null,null," ",null,null,null,{"$f":"IF(Suggested=\"Yes\",AA308,AG308)","v":8.65},"EA",{"$f":"+Instructions!$B$3","v":"G "},null,{"$f":"+Instructions!$C$22","v":0},{"$f":"ROUND($AA308*(1-W308)+0.004999,2)","v":8.65},null,"",8.65,{"$f":"+W308","v":0},{"$f":"+X308","v":8.65},{"$f":"(AG308-AC308)/AG308","v":0},null,1,{"$f":"SUM(AJ308:AL308)+AE308","v":8.65},null,null,{"$f":"ROUND(AC308/(1-VLOOKUP(AF308,Group,2,FALSE)),2)","v":8.65},{"$f":"IF(VLOOKUP(AF308,Group,5,FALSE)=\"YES\",VLOOKUP(ROUND(ROUND(AJ308,1)-AJ308,2),Round,2,FALSE)+VLOOKUP(AF308,Group,6,FALSE),0)","v":0},{"$f":"IF(VLOOKUP(AF308,Group,7,FALSE)=\"\",0,ROUND(AJ308-0.04999,1)-AJ308+AM308)","v":0},{"$f":"IF(VLOOKUP(AF308,Group,7,FALSE)=\"\",\"\",VLOOKUP(AF308,Group,7,FALSE))","v":""},null,"X"]
[null,null,null,null,null,null,null,null,null,null,null,null,null,null,null,null,null,null,null,null,null,null,null,null,null,null,null,null,null,null,null,null,null,null,null,null,null,null,null,null,"X"]
[null,null,"CC TEXTURES - Glazed Ceramic Wall",null,null,null,null,null,null,null,null,null,null,null,null,null,null,"Item # Lookup:","ROCT",null,null,null,null,null,null,null,null,null,null,null,null,null,null,null,null,null,null,null,null,null,"X"]
[null,null,null,null,null,null,null,null,null,null,null,null,null,null,null,null,null,null,null,null,null,null,null,null,null,null,null,null,null,null,null,null,null,null,null,null,null,null,null,null,"X"]
[null,null,null,"Colors:","U074 Biscuit (Bright)",null,null,null,"       U081 White Ice (Bright)",null,null,null,null,null,null,null,null,null,null,null,null,null,null,null,null,null,null,null,null,null,null,null,null,null,null,null,null,null,null,null,"X"]
[null,null,null,null,"U761 Tender Gray (Bright)",null,null,null,"       U281 White Ice (Matte)",null,null,null,null,null,null,null,null,null,null,null,null,null,null,null,null,null,null,null,null,null,null,null,null,null,null,null,null,null,null,null,"X"]
[null,null,null,null,null,null,null,null,null,null,null,null,null,null,null,null,null,null,null,null,null,null,null,null,null,null,null,null,null,null,null,null,null,null,null,null,null,null,null,null,"X"]
[null,"Field Tile",null,null,"3\" x 6\"",null,"Field",null,"Beveled Edge",null,null,null,null,null,null,"10.00 SF/CTN",null,"a",{"$f":"IF(Suggested=\"Yes\",AA315,AG315)","v":5.0999999999999996},"SF",{"$f":"+Instructions!$B$3","v":"G "},null,{"$f":"+Instructions!$C$22","v":0},{"$f":"ROUND($AA315*(1-W315)+0.004999,2)","v":5.0999999999999996},null,"",5.0999999999999996,{"$f":"+W315","v":0},{"$f":"+X315","v":5.0999999999999996},{"$f":"(AG315-AC315)/AG315","v":0},null,1,{"$f":"SUM(AJ315:AL315)+AE315","v":5.0999999999999996},null,null,{"$f":"ROUND(AC315/(1-VLOOKUP(AF315,Group,2,FALSE)),2)","v":5.0999999999999996},{"$f":"IF(VLOOKUP(AF315,Group,5,FALSE)=\"YES\",VLOOKUP(ROUND(ROUND(AJ315,1)-AJ315,2),Round,2,FALSE)+VLOOKUP(AF315,Group,6,FALSE),0)","v":0},{"$f":"IF(VLOOKUP(AF315,Group,7,FALSE)=\"\",0,ROUND(AJ315-0.04999,1)-AJ315+AM315)","v":0},{"$f":"IF(VLOOKUP(AF315,Group,7,FALSE)=\"\",\"\",VLOOKUP(AF315,Group,7,FALSE))","v":""},null,"X"]
[null,null,null,null,null,null,null,null,null,null,null,null,null,null,null,null,null,null,null,null,null,null,null,null,null,null,null,null,null,null,null,null,null,null,null,null,null,null,null,null,"X"]
[null,null,null,"Colors:","U759 Black (Bright)          U072 Snow White (Bright)",null,null,null,null,null,null,null,null,null,null,null,null,null,null,null,null,null,null,null,null,null,null,null,null,null,null,null,null,null,null,null,null,null,null,null,"X"]
[null,null,null,null,null,null,null,null,null,null,null,null,null,null,null,null,null,null,null,null,null,null,null,null,null,null,null,null,null,null,null,null,null,null,null,null,null,null,null,null,"X"]
[null,"Field Tile",null,null,"3\" x 6\"",null,"Field",null,"Beveled Edge",null,null,null,null,null,null,"10.00 SF/CTN",null,"a",{"$f":"IF(Suggested=\"Yes\",AA319,AG319)","v":5.4},"SF",{"$f":"+Instructions!$B$3","v":"G "},null,{"$f":"+Instructions!$C$22","v":0},{"$f":"ROUND($AA319*(1-W319)+0.004999,2)","v":5.4},null,"",5.4,{"$f":"+W319","v":0},{"$f":"+X319","v":5.4},{"$f":"(AG319-AC319)/AG319","v":0},null,1,{"$f":"SUM(AJ319:AL319)+AE319","v":5.4},null,null,{"$f":"ROUND(AC319/(1-VLOOKUP(AF319,Group,2,FALSE)),2)","v":5.4},{"$f":"IF(VLOOKUP(AF319,Group,5,FALSE)=\"YES\",VLOOKUP(ROUND(ROUND(AJ319,1)-AJ319,2),Round,2,FALSE)+VLOOKUP(AF319,Group,6,FALSE),0)","v":0},{"$f":"IF(VLOOKUP(AF319,Group,7,FALSE)=\"\",0,ROUND(AJ319-0.04999,1)-AJ319+AM319)","v":0},{"$f":"IF(VLOOKUP(AF319,Group,7,FALSE)=\"\",\"\",VLOOKUP(AF319,Group,7,FALSE))","v":""},null,"X"]
[null,null,null,null,null,null,null,null,null,null,null,null,null,null,null,null,null,null,null,null,null,null,null,null,null,null,null,null,null,null,null,null,null,null,null,null,null,null,null,null,"X"]
[null,null,"continued on next page",null,null,null,null,null,null,null,null,null,null," "]
[null,null,"CC TEXTURES - Glazed Ceramic Wall - continued",null,null,null,null,null,null,null,null,null,null,null,null,null,null,"Item # Lookup:","ROCT",null,null,null,null,null,null,null,null,null,null,null,null,null,null,null,null,null,null,null,null,null,"X"]
[null,null,null,null,null,null,null,null,null,null,null,null,null,null,null,null,null,null,null,null,null,null,null,null,null,null,null,null,null,null,null,null,null,null,null,null,null,null,null,null,"X"]
[null,null,null,"Colors:","U761 Tender Gray (Bright)",null,null,null,"       U081 White Ice (Bright)",null,null,null,null,null,null,null,null,null,null,null,null,null,null,null,null,null,null,null,null,null,null,null,null,null,null,null,null,null,null,null,"X"]
[null,null,null,null,"U261 Tender Gray (Matte)",null,null,null,"       U281 White Ice (Matte)",null,null,null,null,null,null,null,null,null,null,null,null,null,null,null,null,null,null,null,null,null,null,null,null,null,null,null,null,null,null,null,"X"]
[null,null,null,null,null,null,null,null,null,null,null,null,null,null,null,null,null,null,null,null,null,null,null,null,null,null,null,null,null,null,null,null,null,null,null,null,null,null,null,null,"X"]
[null,"Field Tile",null,null,"3\" x 6\"",null,"Field",null,"Mondrian (Reversed Beveled Edge)",null,null,null,null,null,null,"10.00 SF/CTN",null,null,{"$f":"IF(Suggested=\"Yes\",AA327,AG327)","v":5.0999999999999996},"SF",{"$f":"+Instructions!$B$3","v":"G "},null,{"$f":"+Instructions!$C$22","v":0},{"$f":"ROUND($AA327*(1-W327)+0.004999,2)","v":5.0999999999999996},null,"",5.0999999999999996,{"$f":"+W327","v":0},{"$f":"+X327","v":5.0999999999999996},{"$f":"(AG327-AC327)/AG327","v":0},null,1,{"$f":"SUM(AJ327:AL327)+AE327","v":5.0999999999999996},null,null,{"$f":"ROUND(AC327/(1-VLOOKUP(AF327,Group,2,FALSE)),2)","v":5.0999999999999996},{"$f":"IF(VLOOKUP(AF327,Group,5,FALSE)=\"YES\",VLOOKUP(ROUND(ROUND(AJ327,1)-AJ327,2),Round,2,FALSE)+VLOOKUP(AF327,Group,6,FALSE),0)","v":0},{"$f":"IF(VLOOKUP(AF327,Group,7,FALSE)=\"\",0,ROUND(AJ327-0.04999,1)-AJ327+AM327)","v":0},{"$f":"IF(VLOOKUP(AF327,Group,7,FALSE)=\"\",\"\",VLOOKUP(AF327,Group,7,FALSE))","v":""},null,"X"]
[null,null,null,null,null,null,null,null,null,null,null,null,null,null,null,null,null,null,null,null,null,null,null,null,null,null,null,null,null,null,null,null,null,null,null,null,null,null,null,null,"X"]
[null,null,null,"Colors:","U759 Black (Bright)          U259 Black (Matte)",null,null,null,null,null,null,null,null,null,null,null,null,null,null,null,null,null,null,null,null,null,null,null,null,null,null,null,null,null,null,null,null,null,null,null,"X"]
[null,null,null,null,null,null,null,null,null,null,null,null,null,null,null,null,null,null,null,null,null,null,null,null,null,null,null,null,null,null,null,null,null,null,null,null,null,null,null,null,"X"]
[null,"Field Tile",null,null,"3\" x 6\"",null,"Field",null,"Mondrian (Reversed Beveled Edge)",null,null,null,null,null,null,"10.00 SF/CTN",null,null,{"$f":"IF(Suggested=\"Yes\",AA331,AG331)","v":5.4},"SF",{"$f":"+Instructions!$B$3","v":"G "},null,{"$f":"+Instructions!$C$22","v":0},{"$f":"ROUND($AA331*(1-W331)+0.004999,2)","v":5.4},null,"",5.4,{"$f":"+W331","v":0},{"$f":"+X331","v":5.4},{"$f":"(AG331-AC331)/AG331","v":0},null,1,{"$f":"SUM(AJ331:AL331)+AE331","v":5.4},null,null,{"$f":"ROUND(AC331/(1-VLOOKUP(AF331,Group,2,FALSE)),2)","v":5.4},{"$f":"IF(VLOOKUP(AF331,Group,5,FALSE)=\"YES\",VLOOKUP(ROUND(ROUND(AJ331,1)-AJ331,2),Round,2,FALSE)+VLOOKUP(AF331,Group,6,FALSE),0)","v":0},{"$f":"IF(VLOOKUP(AF331,Group,7,FALSE)=\"\",0,ROUND(AJ331-0.04999,1)-AJ331+AM331)","v":0},{"$f":"IF(VLOOKUP(AF331,Group,7,FALSE)=\"\",\"\",VLOOKUP(AF331,Group,7,FALSE))","v":""},null,"X"]
[null,null,null,null,null,null,null,null,null,null,null,null,null,null,null,null,null,null,null,null,null,null,null,null,null,null,null,null,null,null,null,null,null,null,null,null,null,null,null,null,"X"]
[null,null,null,"Color:","U759 Black (Bright)",null,null,null,null,null,null,null,null,null,null,null,null,null,null,null,null,null,null,null,null,null,null,null,null,null,null,null,null,null,null,null,null,null,null,null,"X"]
[null,null,null,null,null,null,null,null,null,null,null,null,null,null,null,null,null,null,null,null,null,null,null,null,null,null,null,null,null,null,null,null,null,null,null,null,null,null,null,null,"X"]
[null,"Field Tile",null,null,"4-1/4\" x 10\"",null,"Field",null,"Beveled Edge",null,null,null,null,null,null,"11.25 SF/CTN",null,"a",{"$f":"IF(Suggested=\"Yes\",AA335,AG335)","v":6.3},"SF",{"$f":"+Instructions!$B$3","v":"G "},null,{"$f":"+Instructions!$C$22","v":0},{"$f":"ROUND($AA335*(1-W335)+0.004999,2)","v":6.3},null,"",6.3,{"$f":"+W335","v":0},{"$f":"+X335","v":6.3},{"$f":"(AG335-AC335)/AG335","v":0},null,1,{"$f":"SUM(AJ335:AL335)+AE335","v":6.3},null,null,{"$f":"ROUND(AC335/(1-VLOOKUP(AF335,Group,2,FALSE)),2)","v":6.3},{"$f":"IF(VLOOKUP(AF335,Group,5,FALSE)=\"YES\",VLOOKUP(ROUND(ROUND(AJ335,1)-AJ335,2),Round,2,FALSE)+VLOOKUP(AF335,Group,6,FALSE),0)","v":0},{"$f":"IF(VLOOKUP(AF335,Group,7,FALSE)=\"\",0,ROUND(AJ335-0.04999,1)-AJ335+AM335)","v":0},{"$f":"IF(VLOOKUP(AF335,Group,7,FALSE)=\"\",\"\",VLOOKUP(AF335,Group,7,FALSE))","v":""},null,"X"]
[null,null,null,null,null,null,null,null,null,null,null,null,null,null,null,null,null,null,null,null,null,null,null,null,null,null,null,null,null,null,null,null,null,null,null,null,null,null,null,null,"X"]
[null,null,null,"Colors:","U761 Tender Gray (Bright)          U081 White Ice (Bright)          U281 White Ice (Matte)",null,null,null,null,null,null,null,null,null,null,null,null,null,null,null,null,null,null,null,null,null,null,null,null,null,null,null,null,null,null,null,null,null,null,null,"X"]
[null,null,null,null,null,null,null,null,null,null,null,null,null,null,null,null,null,null,null,null,null,null,null,null,null,null,null,null,null,null,null,null,null,null,null,null,null,null,null,null,"X"]
[null,"Field Tile",null,null,"4-1/4\" x 10\"",null,"Field",null,"Beveled Edge",null,null,null,null,null,null,"11.25 SF/CTN",null,"a",{"$f":"IF(Suggested=\"Yes\",AA339,AG339)","v":5.85},"SF",{"$f":"+Instructions!$B$3","v":"G "},null,{"$f":"+Instructions!$C$22","v":0},{"$f":"ROUND($AA339*(1-W339)+0.004999,2)","v":5.85},null,"",5.85,{"$f":"+W339","v":0},{"$f":"+X339","v":5.85},{"$f":"(AG339-AC339)/AG339","v":0},null,1,{"$f":"SUM(AJ339:AL339)+AE339","v":5.85},null,null,{"$f":"ROUND(AC339/(1-VLOOKUP(AF339,Group,2,FALSE)),2)","v":5.85},{"$f":"IF(VLOOKUP(AF339,Group,5,FALSE)=\"YES\",VLOOKUP(ROUND(ROUND(AJ339,1)-AJ339,2),Round,2,FALSE)+VLOOKUP(AF339,Group,6,FALSE),0)","v":0},{"$f":"IF(VLOOKUP(AF339,Group,7,FALSE)=\"\",0,ROUND(AJ339-0.04999,1)-AJ339+AM339)","v":0},{"$f":"IF(VLOOKUP(AF339,Group,7,FALSE)=\"\",\"\",VLOOKUP(AF339,Group,7,FALSE))","v":""},null,"X"]
[null,null,null,null,null,null,null,null,null,null,null,null,null,null,null,null,null,null,null,null,null,null,null,null,null,null,null,null,null,null,null,null,null,null,null,null,null,null,null,null,"X"]
[null,null,null,"Colors:","U081 White Ice (Bright)          U281 White Ice (Matte)",null,null,null,null,null,null,null,null,null,null,null,null,null,null,null,null,null,null,null,null,null,null,null,null,null,null,null,null,null,null,null,null,null,null,null,"X"]
[null,null,null,null,null,null,null,null,null,null,null,null,null,null,null,null,null,null,null,null,null,null,null,null,null,null,null,null,null,null,null,null,null,null,null,null,null,null,null,null,"X"]
[null,"Field Tile",null,null,"4-1/4\" x 10\"",null,"Field",null,"Wavy",null,null,null,null,null,null,"11.25 SF/CTN",null,"a",{"$f":"IF(Suggested=\"Yes\",AA343,AG343)","v":5.85},"SF",{"$f":"+Instructions!$B$3","v":"G "},null,{"$f":"+Instructions!$C$22","v":0},{"$f":"ROUND($AA343*(1-W343)+0.004999,2)","v":5.85},null,"",5.85,{"$f":"+W343","v":0},{"$f":"+X343","v":5.85},{"$f":"(AG343-AC343)/AG343","v":0},null,1,{"$f":"SUM(AJ343:AL343)+AE343","v":5.85},null,null,{"$f":"ROUND(AC343/(1-VLOOKUP(AF343,Group,2,FALSE)),2)","v":5.85},{"$f":"IF(VLOOKUP(AF343,Group,5,FALSE)=\"YES\",VLOOKUP(ROUND(ROUND(AJ343,1)-AJ343,2),Round,2,FALSE)+VLOOKUP(AF343,Group,6,FALSE),0)","v":0},{"$f":"IF(VLOOKUP(AF343,Group,7,FALSE)=\"\",0,ROUND(AJ343-0.04999,1)-AJ343+AM343)","v":0},{"$f":"IF(VLOOKUP(AF343,Group,7,FALSE)=\"\",\"\",VLOOKUP(AF343,Group,7,FALSE))","v":""},null,"X"]
[null,null,null,null,null,null,null,null,null,null,null,null,null,null,null,null,null,null,null,null,null,null,null,null,null,null,null,null,null,null,null,null,null,null,null,null,null,null,null,null,"X"]
[null,null,null,"Color:","White Ice (Bright)",null,null,null,null,null,null,null,null,null,null,null,null,null,null,null,null,null,null,null,null,null,null,null,null,null,null,null,null,null,null,null,null,null,null,null,"X"]
[null,null,null,null,null,null,null,null,null,null,null,null,null,null,null,null,null,null,null,null,null,null,null,null,null,null,null,null,null,null,null,null,null,null,null,null,null,null,null,null,"X"]
[null,"Field Tile",null,null,"10\" x 28\"",null,"Field",null,"Wavy",null,null,null,null,null,null,"13.13 SF/CTN",null,null,{"$f":"IF(Suggested=\"Yes\",AA347,AG347)","v":6},"SF",{"$f":"+Instructions!$B$3","v":"G "},null,{"$f":"+Instructions!$C$22","v":0},{"$f":"ROUND($AA347*(1-W347)+0.004999,2)","v":6},null,"",6,{"$f":"+W347","v":0},{"$f":"+X347","v":6},{"$f":"(AG347-AC347)/AG347","v":0},null,1,{"$f":"SUM(AJ347:AL347)+AE347","v":6},null,null,{"$f":"ROUND(AC347/(1-VLOOKUP(AF347,Group,2,FALSE)),2)","v":6},{"$f":"IF(VLOOKUP(AF347,Group,5,FALSE)=\"YES\",VLOOKUP(ROUND(ROUND(AJ347,1)-AJ347,2),Round,2,FALSE)+VLOOKUP(AF347,Group,6,FALSE),0)","v":0},{"$f":"IF(VLOOKUP(AF347,Group,7,FALSE)=\"\",0,ROUND(AJ347-0.04999,1)-AJ347+AM347)","v":0},{"$f":"IF(VLOOKUP(AF347,Group,7,FALSE)=\"\",\"\",VLOOKUP(AF347,Group,7,FALSE))","v":""},null,"X"]
[null,null,null,null,null,null,null,null,null,null,null,null,null,null,null,null,null,null,null,null,null,null,null,null,null,null,null,null,null,null,null,null,null,null,null,null,null,null,null,null,"X"]
[null,null,null,"Note:","a) This item is also found in the Color Collection Series. ",null,null,null,null,null,null,null,null,null,null,null,null,null,null,null,null,null,null,null,null,null,null,null,null,null,null,null,null,null,null,null,null,null,null,null,"X"]
[null,null,null,null,null,null,null,null,null,null,null,null,null,null,null,null,null,null,null,null,null,null,null,null,null,null,null,null,null,null,null,null,null,null,null,null,null,null,null,null,"X"]
[null,null,"COLONIAL - Color Body Porcelain",null,null,null,null,null,null,null,null,null,null,null,null,null,null,"Item # Lookup:","ROCO",null,null,null,null,null,null,null,null,null,null,null,null,null,null,null,null,null,null,null,null,null,"X"]
[null,null,null,null,null,null,null,null,null,null,null,null,null,null,null,null,null,null,null,null,null,null,null,null,null,null,null,null,null,null,null,null,null,null,null,null,null,null,null,null,"X"]
[null,null,null,"Colors:","Almond          Blanco          Roble",null,null,null,null,null,null,null,null,null,null,null,null,null,null,null,null,null,null,null,null,null,null,null,null,null,null,null,null,null,null,null,null,null,null,null,"X"]
[null,null,null,null,null,null,null,null,null,null,null,null,null,null,null,null,null,null,null,null,null,null,null,null,null,null,null,null,null,null,null,null,null,null,null,null,null,null,null,null,"X"]
[null,"Field Tile",null,null,"8\" x 48\"",null,"Field",null,"Rectified",null,null,null,null,null,null,"10.12 SF/CTN",null,null,{"$f":"IF(Suggested=\"Yes\",AA355,AG355)","v":9.15},"SF",{"$f":"+Instructions!$B$3","v":"G "},null,{"$f":"+Instructions!$C$22","v":0},{"$f":"ROUND($AA355*(1-W355)+0.004999,2)","v":9.15},null,"YES",9.15,{"$f":"+W355","v":0},{"$f":"+X355","v":9.15},{"$f":"(AG355-AC355)/AG355","v":0},null,1,{"$f":"SUM(AJ355:AL355)+AE355","v":9.15},null,null,{"$f":"ROUND(AC355/(1-VLOOKUP(AF355,Group,2,FALSE)),2)","v":9.15},{"$f":"IF(VLOOKUP(AF355,Group,5,FALSE)=\"YES\",VLOOKUP(ROUND(ROUND(AJ355,1)-AJ355,2),Round,2,FALSE)+VLOOKUP(AF355,Group,6,FALSE),0)","v":0},{"$f":"IF(VLOOKUP(AF355,Group,7,FALSE)=\"\",0,ROUND(AJ355-0.04999,1)-AJ355+AM355)","v":0},{"$f":"IF(VLOOKUP(AF355,Group,7,FALSE)=\"\",\"\",VLOOKUP(AF355,Group,7,FALSE))","v":""},null,"X"]
[null,null,null,null,null,null,null,null,null,null,null,null,null,null,null,null,null,null,null,null,null,null,null,null,null,null,null,null,null,null,null,null,null,null,null,null,null,null,null,null,"X"]
[null,null,null,"Notes:","a) This format is going through a change of thickness.  Packaging is changing from 10.12 SF/CTN to 20.13 SF/CTN as inventory ",null,null,null,null,null,null,null,null,null,null,null,null,null,null,null,null,null,null,null,null,null,null,null,null,null,null,null,null,null,null,null,null,null,null,null,"X"]
[null,null,null,null,"with old packaging is depleted.  Check with Customer Service to be sure which packaging amount you will be receiving.",null,null,null,null,null,null,null,null,null,null,null,null,null,null,null,null,null,null,null,null,null,null,null,null,null,null,null,null,null,null,null,null,null,null,null,"X"]
[null,null,null,null,null,null,null,null,null,null,null,null,null,null,null,null,null,null,null,null,null,null,null,null,null,null,null,null,null,null,null,null,null,null,null,null,null,null,null,null,"X"]
[null,null,"COLOR COLLECTION - BRIGHT - Glazed Ceramic",null,null,null,null,null,null,null,null,null,null,null,null,null,null,"Item # Lookup:","USU",null,null,null,null,null,null,null,null,null,null,null,null,null,null,null,null,null,null,null,null,null,"X"]
[null,null,null,null,null,null,null,null,null,null,null,null,null,null,null,null,null,null,null,null,null,null,null,null,null,null,null,null,null,null,null,null,null,null,null,null,null,null,null,null,"X"]
[null,null,null,null," Group 0 Colors:",null,"U074 Biscuit          U761 Tender Gray          U081 White Ice",null,null,null,null,null,null,null,null,null,null,null,null,null,null,null,null,null,null,null,null,null,null,null,null,null,null,null,null,null,null,null,null,null,"X"]
[null,null,null,null,null,null,null,null,null,null,null,null,null,null,null,null,null,null,null,null,null,null,null,null,null,null,null,null,null,null,null,null,null,null,null,null,null,null,null,null,"X"]
[null,"Field Tile",null,null,"4-1/4\" x 4-1/4\"",null,"Field",null,null,null,null,null,null,null,null,"10.00 SF/CTN",null,null,{"$f":"IF(Suggested=\"Yes\",AA364,AG364)","v":4.5},"SF",{"$f":"+Instructions!$B$3","v":"G "},null,{"$f":"+Instructions!$C$22","v":0},{"$f":"ROUND($AA364*(1-W364)+0.004999,2)","v":4.5},null,"",4.5,{"$f":"+W364","v":0},4.5,{"$f":"(AG364-AC364)/AG364","v":0},null,1,{"$f":"SUM(AJ364:AL364)+AE364","v":4.5},null,null,{"$f":"ROUND(AC364/(1-VLOOKUP(AF364,Group,2,FALSE)),2)","v":4.5},{"$f":"IF(VLOOKUP(AF364,Group,5,FALSE)=\"YES\",VLOOKUP(ROUND(ROUND(AJ364,1)-AJ364,2),Round,2,FALSE)+VLOOKUP(AF364,Group,6,FALSE),0)","v":0},{"$f":"IF(VLOOKUP(AF364,Group,7,FALSE)=\"\",0,ROUND(AJ364-0.04999,1)-AJ364+AM364)","v":0},{"$f":"IF(VLOOKUP(AF364,Group,7,FALSE)=\"\",\"\",VLOOKUP(AF364,Group,7,FALSE))","v":""},null,"X"]
[null,"Field Tile",null,null,"3\" x 6\"",null,"Field",null,null,null,null,null,null,null,null,"10.00 SF/CTN","Stock","a,g",4.45,"SF",{"$f":"+Instructions!$B$3","v":"G "},null,{"$f":"+Instructions!$C$22","v":0},4.45,null,"",4.45,0,4.45,0,null,1,4.45,null,null,4.45,0,0,"",null,"X"]
[null,"Field Tile",null,null,"3\" x 6\"",null,"Field",null,"Beveled Edge",null,null,null,null,null,null,"10.00 SF/CTN",null,"b",{"$f":"IF(Suggested=\"Yes\",AA366,AG366)","v":5.0999999999999996},"SF",{"$f":"+Instructions!$B$3","v":"G "},null,{"$f":"+Instructions!$C$22","v":0},5.0999999999999996,null,"",5.0999999999999996,0,5.0999999999999996,0,null,1,5.0999999999999996,null,null,5.0999999999999996,0,0,"",null,"X"]
[null,"Field Tile",null,null,"6\" x 6\"",null,"Field",null,null,null,null,null,null,null,null,"12.50 SF/CTN",null,"c",4.45,"SF",{"$f":"+Instructions!$B$3","v":"G "},null,{"$f":"+Instructions!$C$22","v":0},4.45,null,"",4.45,0,4.45,0,null,1,4.45,null,null,4.45,0,0,"",null,"X"]
[null,"Field Tile",null,null,"2\" x 8\"",null,"Field",null,null,null,null,null,null,null,null,"6.50 SF/CTN",null,null,{"$f":"IF(Suggested=\"Yes\",AA368,AG368)","v":6.3},"SF",{"$f":"+Instructions!$B$3","v":"G "},null,{"$f":"+Instructions!$C$22","v":0},6.3,null,"",6.3,0,6.3,0,null,1,6.3,null,null,6.3,0,0,"",null,"X"]
[null,"Field Tile",null,null,"4-1/4\" x 10\"",null,"Field",null,null,null,null,null,null,null,null,"11.25 SF/CTN","Stock","a",5.05,"SF",{"$f":"+Instructions!$B$3","v":"G "},null,{"$f":"+Instructions!$C$22","v":0},5.05,null,"",5.05,0,5.05,0,null,1,5.05,null,null,5.05,0,0,"",null,"X"]
[null,"Field Tile",null,null,"4-1/4\" x 10\"",null,"Field",null,"Beveled Edge",null,null,null,null,null,null,"11.25 SF/CTN",null,"b,d",{"$f":"IF(Suggested=\"Yes\",AA370,AG370)","v":5.85},"SF",{"$f":"+Instructions!$B$3","v":"G "},null,{"$f":"+Instructions!$C$22","v":0},5.85,null,"",5.85,0,5.85,0,null,1,5.85,null,null,5.85,0,0,"",null,"X"]
[null,"Field Tile",null,null,"4-1/4\" x 10\"",null,"Field",null,"Wavy",null,null,null,null,null,null,"11.25 SF/CTN",null,"b,e",5.85,"SF",{"$f":"+Instructions!$B$3","v":"G "},null,{"$f":"+Instructions!$C$22","v":0},5.85,null,"",5.85,{"$f":"+W371","v":0},5.85,0,null,1,5.85,null,null,5.85,0,0,"",null,"X"]
[null,"Field Tile",null,null,"3\" x 12\"",null,"Field",null,null,null,null,null,null,null,null,"12.59 SF/CTN",null,"d",6.25,"SF",{"$f":"+Instructions!$B$3","v":"G "},null,{"$f":"+Instructions!$C$22","v":0},6.25,null,"",6.25,0,6.25,0,null,1,6.25,null,null,6.25,0,0,"",null,"X"]
[null,"Field Tile",null,null,"3\" x 12\"",null,"Field",null,"Picket",null,null,null,null,null,null,"11.79 SF/CTN",null,"d",8.9499999999999993,"SF",{"$f":"+Instructions!$B$3","v":"G "},null,{"$f":"+Instructions!$C$22","v":0},8.9499999999999993,null,"",8.9499999999999993,0,8.9499999999999993,0,null,1,8.9499999999999993,null,null,8.9499999999999993,0,0,"",null,"X"]
[null,"Field Tile",null,null,"4\" x 12\"",null,"Field",null,null,null,null,null,null,null,null,"11.49 SF/CTN",null,"d",{"$f":"IF(Suggested=\"Yes\",AA374,AG374)","v":5.05},"SF",{"$f":"+Instructions!$B$3","v":"G "},null,{"$f":"+Instructions!$C$22","v":0},5.05,null,"YES",5.05,0,5.05,0,null,1,5.05,null,null,5.05,0,0,"",null,"X"]
[null,"Field Tile",null,null,"9-1/2\" x 13\"",null,"Field",null,null,null,null,null,null,null,null,"25.58 SF/CTN",null,"e",4.4000000000000004,"SF",{"$f":"+Instructions!$B$3","v":"G "},null,{"$f":"+Instructions!$C$22","v":0},4.4000000000000004,null,"",4.4000000000000004,{"$f":"+W375","v":0},{"$f":"+X375","v":4.4000000000000004},0,null,1,4.4000000000000004,null,null,4.4000000000000004,0,0,"",null,"X"]
[null,"Field Tile",null,null,"4-1/4\" x 16\"",null,"Field",null,null,null,null,null,null,null,null,"15.33 SF/CTN"," ","f",4.3499999999999996,"SF",{"$f":"+Instructions!$B$3","v":"G "},null,{"$f":"+Instructions!$C$22","v":0},4.3499999999999996,null,"",4.3499999999999996,{"$f":"+W376","v":0},{"$f":"+X376","v":4.3499999999999996},0,null,1,4.3499999999999996,null,null,4.3499999999999996,0,0,"",null,"X"]
[null,"Field Tile",null,null,"6\" x 18\"",null,"Field",null,null,null,null,null,null,null,null,"12.00 SF/CTN",null,null,5.5,"SF",{"$f":"+Instructions!$B$3","v":"G "},null,{"$f":"+Instructions!$C$22","v":0},5.5,null,"",5.5,{"$f":"+W377","v":0},5.5,0,null,1,5.5,null,null,5.5,0,0,"",null,"X"]
[null,"Field Tile",null,null,"6\" x 18\" x 7mm",null,"Field",null,null,null,null,null,null,null,null,"13.45 SF/CTN",null,"e",{"$f":"IF(Suggested=\"Yes\",AA378,AG378)","v":5.5},"SF",{"$f":"+Instructions!$B$3","v":"G "},null,{"$f":"+Instructions!$C$22","v":0},{"$f":"ROUND($AA378*(1-W378)+0.004999,2)","v":5.5},null,"",5.5,0,5.5,{"$f":"(AG378-AC378)/AG378","v":0},null,1,{"$f":"SUM(AJ378:AL378)+AE378","v":5.5},null,null,{"$f":"ROUND(AC378/(1-VLOOKUP(AF378,Group,2,FALSE)),2)","v":5.5},{"$f":"IF(VLOOKUP(AF378,Group,5,FALSE)=\"YES\",VLOOKUP(ROUND(ROUND(AJ378,1)-AJ378,2),Round,2,FALSE)+VLOOKUP(AF378,Group,6,FALSE),0)","v":0},{"$f":"IF(VLOOKUP(AF378,Group,7,FALSE)=\"\",0,ROUND(AJ378-0.04999,1)-AJ378+AM378)","v":0},{"$f":"IF(VLOOKUP(AF378,Group,7,FALSE)=\"\",\"\",VLOOKUP(AF378,Group,7,FALSE))","v":""},null,"X"]
[null,"Field Tile",null,null,"13\" x 24\"",null,"Field",null,null,null,null,null,null,null,null,"23.49 SF/CTN",null,"e",{"$f":"IF(Suggested=\"Yes\",AA379,AG379)","v":5.0999999999999996},"SF",{"$f":"+Instructions!$B$3","v":"G "},null,{"$f":"+Instructions!$C$22","v":0},{"$f":"ROUND($AA379*(1-W379)+0.004999,2)","v":5.0999999999999996},null,"",5.0999999999999996,0,5.0999999999999996,{"$f":"(AG379-AC379)/AG379","v":0},null,1,{"$f":"SUM(AJ379:AL379)+AE379","v":5.0999999999999996},null,null,{"$f":"ROUND(AC379/(1-VLOOKUP(AF379,Group,2,FALSE)),2)","v":5.0999999999999996},{"$f":"IF(VLOOKUP(AF379,Group,5,FALSE)=\"YES\",VLOOKUP(ROUND(ROUND(AJ379,1)-AJ379,2),Round,2,FALSE)+VLOOKUP(AF379,Group,6,FALSE),0)","v":0},{"$f":"IF(VLOOKUP(AF379,Group,7,FALSE)=\"\",0,ROUND(AJ379-0.04999,1)-AJ379+AM379)","v":0},{"$f":"IF(VLOOKUP(AF379,Group,7,FALSE)=\"\",\"\",VLOOKUP(AF379,Group,7,FALSE))","v":""},null,"X"]
[null,"Field Tile",null,null,"10\" x 28\"",null,"Field",null,null,null,null,null,null,null,null,"13.13 SF/CTN",null,"e",{"$f":"IF(Suggested=\"Yes\",AA380,AG380)","v":5.45},"SF",{"$f":"+Instructions!$B$3","v":"G "},null,{"$f":"+Instructions!$C$22","v":0},{"$f":"ROUND($AA380*(1-W380)+0.004999,2)","v":5.45},null,"",5.45,0,5.45,{"$f":"(AG380-AC380)/AG380","v":0},null,1,{"$f":"SUM(AJ380:AL380)+AE380","v":5.45},null,null,{"$f":"ROUND(AC380/(1-VLOOKUP(AF380,Group,2,FALSE)),2)","v":5.45},{"$f":"IF(VLOOKUP(AF380,Group,5,FALSE)=\"YES\",VLOOKUP(ROUND(ROUND(AJ380,1)-AJ380,2),Round,2,FALSE)+VLOOKUP(AF380,Group,6,FALSE),0)","v":0},{"$f":"IF(VLOOKUP(AF380,Group,7,FALSE)=\"\",0,ROUND(AJ380-0.04999,1)-AJ380+AM380)","v":0},{"$f":"IF(VLOOKUP(AF380,Group,7,FALSE)=\"\",\"\",VLOOKUP(AF380,Group,7,FALSE))","v":""},null,"X"]
[null,"Field Tile",null,null,"12\" x 36\"",null,"Field",null,null,null,null,null,null,null,null,"11.63 SF/CTN",null,"e",{"$f":"IF(Suggested=\"Yes\",AA381,AG381)","v":7.3},"SF",{"$f":"+Instructions!$B$3","v":"G "},null,{"$f":"+Instructions!$C$22","v":0},{"$f":"ROUND($AA381*(1-W381)+0.004999,2)","v":7.3},null,"new",7.3,{"$f":"+W381","v":0},{"$f":"+X381","v":7.3},{"$f":"(AG381-AC381)/AG381","v":0},null,1,{"$f":"SUM(AJ381:AL381)+AE381","v":7.3},null,null,{"$f":"ROUND(AC381/(1-VLOOKUP(AF381,Group,2,FALSE)),2)","v":7.3},{"$f":"IF(VLOOKUP(AF381,Group,5,FALSE)=\"YES\",VLOOKUP(ROUND(ROUND(AJ381,1)-AJ381,2),Round,2,FALSE)+VLOOKUP(AF381,Group,6,FALSE),0)","v":0},{"$f":"IF(VLOOKUP(AF381,Group,7,FALSE)=\"\",0,ROUND(AJ381-0.04999,1)-AJ381+AM381)","v":0},{"$f":"IF(VLOOKUP(AF381,Group,7,FALSE)=\"\",\"\",VLOOKUP(AF381,Group,7,FALSE))","v":""},null,"X"]
[null,null,null,null,null,null,null,null,null,null,null,null,null,null,null,null,null,null,null,null,null,null,null,null,null,null,null,null,null,null,null,null,null,null,null,null,null,null,null,null,"X"]
[null,"Trim"," ",null,"2\" x 6\"",null,"S4269",null,null,null,"Bullnose",null,null,null,null,null,null,null,{"$f":"IF(Suggested=\"Yes\",AA383,AG383)","v":1.25},"EA",{"$f":"+Instructions!$B$3","v":"G "},null,{"$f":"+Instructions!$C$22","v":0},{"$f":"ROUND($AA383*(1-W383)+0.004999,2)","v":1.25},null,"",1.25,{"$f":"+W383","v":0},{"$f":"+X383","v":1.25},{"$f":"(AG383-AC383)/AG383","v":0},null,2,{"$f":"SUM(AJ383:AL383)+AE383","v":1.25},null,null,{"$f":"ROUND(AC383/(1-VLOOKUP(AF383,Group,2,FALSE)),2)","v":1.25},{"$f":"IF(VLOOKUP(AF383,Group,5,FALSE)=\"YES\",VLOOKUP(ROUND(ROUND(AJ383,1)-AJ383,2),Round,2,FALSE)+VLOOKUP(AF383,Group,6,FALSE),0)","v":0},{"$f":"IF(VLOOKUP(AF383,Group,7,FALSE)=\"\",0,ROUND(AJ383-0.04999,1)-AJ383+AM383)","v":0},{"$f":"IF(VLOOKUP(AF383,Group,7,FALSE)=\"\",\"\",VLOOKUP(AF383,Group,7,FALSE))","v":""},null,"X"]
[null,"Trim",null,null,"2\" x 8\"",null,"S4289",null,null,null,"Bullnose",null,null,null,null,null,null,null,3.4,"EA",{"$f":"+Instructions!$B$3","v":"G "},null,{"$f":"+Instructions!$C$22","v":0},3.4,null,"",3.4,0,3.4,0,null,2,3.4,null,null,3.4,0,0,"",null,"X"]
[null,"Trim",null,null,"2\" x 2\"",null,"SN4269",null,null,null,"Bullnose Corner",null,null,null,null,null,null,null,2.2999999999999998,"EA",{"$f":"+Instructions!$B$3","v":"G "},null,{"$f":"+Instructions!$C$22","v":0},2.2999999999999998,null,"",2.2999999999999998,0,2.2999999999999998,0,null,2,2.2999999999999998,null,null,2.2999999999999998,0,0,"",null,"X"]
[null,"Trim",null,null,"4-1/4\" x 4-1/4\"",null,"S4449",null,null,null,"Bullnose",null,null,null,null,null,null,null,3.1,"EA",{"$f":"+Instructions!$B$3","v":"G "},null,{"$f":"+Instructions!$C$22","v":0},3.1,null,"",3.1,0,3.1,0,null,2,3.1,null,null,3.1,0,0,"",null,"X"]
[null,"Trim",null,null,"4-1/4\" x 4-1/4\"",null,"SN4449",null,null,null,"Bullnose Corner",null,null,null,null,null,null,null,4.1500000000000004,"EA",{"$f":"+Instructions!$B$3","v":"G "},null,{"$f":"+Instructions!$C$22","v":0},4.1500000000000004,null,"",4.1500000000000004,0,4.1500000000000004,0,null,2,4.1500000000000004,null,null,4.1500000000000004,0,0,"",null,"X"]
[null,"Trim",null,null,"3\" x 6\"",null,"S4369",null,null,null,"Bullnose - 6\" edge",null,null,null,null,null,"Stock","a",2.65,"EA",{"$f":"+Instructions!$B$3","v":"G "},null,{"$f":"+Instructions!$C$22","v":0},2.65,null,"",2.65,0,2.65,0,null,2,2.65,null,null,2.65,0,0,"",null,"X"]
[null,"Trim",null,null,"3\" x 6\"",null,"S4639",null,null,null,"Bullnose - 3\" edge",null,null,null,null,null,null,null,2.65,"EA",{"$f":"+Instructions!$B$3","v":"G "},null,{"$f":"+Instructions!$C$22","v":0},2.65,null,"",2.65,0,2.65,0,null,2,2.65,null,null,2.65,0,0,"",null,"X"]
[null,"Trim",null,null,"3\" x 9-1/2\"",null,"S439",null,null,null,"Bullnose",null,null,null,null,null,null,"e",{"$f":"IF(Suggested=\"Yes\",AA390,AG390)","v":4.8},"EA",{"$f":"+Instructions!$B$3","v":"G "},null,{"$f":"+Instructions!$C$22","v":0},{"$f":"ROUND($AA390*(1-W390)+0.004999,2)","v":4.8},null,"",4.8,{"$f":"+W390","v":0},4.8,{"$f":"(AG390-AC390)/AG390","v":0},null,2,{"$f":"SUM(AJ390:AL390)+AE390","v":4.8},null,null,{"$f":"ROUND(AC390/(1-VLOOKUP(AF390,Group,2,FALSE)),2)","v":4.8},{"$f":"IF(VLOOKUP(AF390,Group,5,FALSE)=\"YES\",VLOOKUP(ROUND(ROUND(AJ390,1)-AJ390,2),Round,2,FALSE)+VLOOKUP(AF390,Group,6,FALSE),0)","v":0},{"$f":"IF(VLOOKUP(AF390,Group,7,FALSE)=\"\",0,ROUND(AJ390-0.04999,1)-AJ390+AM390)","v":0},{"$f":"IF(VLOOKUP(AF390,Group,7,FALSE)=\"\",\"\",VLOOKUP(AF390,Group,7,FALSE))","v":""},null,"X"]
[null,"Trim",null,null,"3\" x 10\"",null,"S4310",null,null,null,"Bullnose",null,null,null,null,null,"Stock","a",{"$f":"IF(Suggested=\"Yes\",AA391,AG391)","v":4.5},"EA",{"$f":"+Instructions!$B$3","v":"G "},null,{"$f":"+Instructions!$C$22","v":0},{"$f":"ROUND($AA391*(1-W391)+0.004999,2)","v":4.5},null,"",4.5,0,4.5,{"$f":"(AG391-AC391)/AG391","v":0},null,2,{"$f":"SUM(AJ391:AL391)+AE391","v":4.5},null,null,{"$f":"ROUND(AC391/(1-VLOOKUP(AF391,Group,2,FALSE)),2)","v":4.5},{"$f":"IF(VLOOKUP(AF391,Group,5,FALSE)=\"YES\",VLOOKUP(ROUND(ROUND(AJ391,1)-AJ391,2),Round,2,FALSE)+VLOOKUP(AF391,Group,6,FALSE),0)","v":0},{"$f":"IF(VLOOKUP(AF391,Group,7,FALSE)=\"\",0,ROUND(AJ391-0.04999,1)-AJ391+AM391)","v":0},{"$f":"IF(VLOOKUP(AF391,Group,7,FALSE)=\"\",\"\",VLOOKUP(AF391,Group,7,FALSE))","v":""},null,"X"]
[null,"Trim",null,null,"3\" x 12\"",null,"S4312",null,null,null,"Bullnose",null,null,null,null,null,null,"d",{"$f":"IF(Suggested=\"Yes\",AA392,AG392)","v":5.3},"EA",{"$f":"+Instructions!$B$3","v":"G "},null,{"$f":"+Instructions!$C$22","v":0},{"$f":"ROUND($AA392*(1-W392)+0.004999,2)","v":5.3},null,"",5.3,0,5.3,{"$f":"(AG392-AC392)/AG392","v":0},null,2,{"$f":"SUM(AJ392:AL392)+AE392","v":5.3},null,null,{"$f":"ROUND(AC392/(1-VLOOKUP(AF392,Group,2,FALSE)),2)","v":5.3},{"$f":"IF(VLOOKUP(AF392,Group,5,FALSE)=\"YES\",VLOOKUP(ROUND(ROUND(AJ392,1)-AJ392,2),Round,2,FALSE)+VLOOKUP(AF392,Group,6,FALSE),0)","v":0},{"$f":"IF(VLOOKUP(AF392,Group,7,FALSE)=\"\",0,ROUND(AJ392-0.04999,1)-AJ392+AM392)","v":0},{"$f":"IF(VLOOKUP(AF392,Group,7,FALSE)=\"\",\"\",VLOOKUP(AF392,Group,7,FALSE))","v":""},null,"X"]
[null,"Trim",null,null,"3\" x 3\"",null,"SN4339",null,null,null,"Bullnose Corner",null,null,null,null,null,"Stock","a",6.8,"EA",{"$f":"+Instructions!$B$3","v":"G "},null,{"$f":"+Instructions!$C$22","v":0},6.8,null,"",6.8,0,6.8,0,null,2,6.8,null,null,6.8,0,0,"",null,"X"]
[null,"Trim",null,null,"6\" x 6\"",null,"S4669",null,null,null,"Bullnose",null,null,null,null,null,null,null,3.2,"EA",{"$f":"+Instructions!$B$3","v":"G "},null,{"$f":"+Instructions!$C$22","v":0},3.2,null,"",3.2,0,3.2,0,null,2,3.2,null,null,3.2,0,0,"",null,"X"]
[null,"Trim",null,null,"6\" x 6\"",null,"SN4669",null,null,null,"Bullnose Corner",null,null,null,null,null,null,null,4.6500000000000004,"EA",{"$f":"+Instructions!$B$3","v":"G "},null,{"$f":"+Instructions!$C$22","v":0},4.6500000000000004,null,"",4.6500000000000004,0,4.6500000000000004,0,null,2,4.6500000000000004,null,null,4.6500000000000004,0,0,"",null,"X"]
[null,"Trim",null,null,"4-1/4\" x 16\"",null,"S4169",null,null,null,"Bullnose",null,null,null,null,null,null,null,{"$f":"IF(Suggested=\"Yes\",AA396,AG396)","v":8.25},"EA",{"$f":"+Instructions!$B$3","v":"G "},null,{"$f":"+Instructions!$C$22","v":0},8.25,null,"",8.25,0,8.25,0,null,2,8.25,null,null,8.25,0,0,"",null,"X"]
[null,"Trim",null,null,"6\" x 18\"",null,"S4618",null,null,null,"Bullnose",null,null,null,null,null,null,null,{"$f":"IF(Suggested=\"Yes\",AA397,AG397)","v":11.25},"EA",{"$f":"+Instructions!$B$3","v":"G "},null,{"$f":"+Instructions!$C$22","v":0},11.25,null,"",11.25,0,11.25,0,null,2,11.25,null,null,11.25,0,0,"",null,"X"]
[null,null,null,null,null,null,null,null,null,null,null,null,null,null,null,null,null,null,null,null,null,null,null,null,null,null,null,null,null,null,null,null,null,null,null,null,null,null,null,null,"X"]
[null,"Trim",null,null,"3\" x 6\"",null,"AT1663",null,null,null,"Flat Top Cove Base",null,null,null,null,null,null,null,{"$f":"IF(Suggested=\"Yes\",AA399,AG399)","v":2.0499999999999998},"EA",{"$f":"+Instructions!$B$3","v":"G "},null,{"$f":"+Instructions!$C$22","v":0},{"$f":"ROUND($AA399*(1-W399)+0.004999,2)","v":2.0499999999999998},null,"",2.0499999999999998,{"$f":"+W399","v":0},{"$f":"+X399","v":2.0499999999999998},{"$f":"(AG399-AC399)/AG399","v":0},null,2,{"$f":"SUM(AJ399:AL399)+AE399","v":2.0499999999999998},null,null,{"$f":"ROUND(AC399/(1-VLOOKUP(AF399,Group,2,FALSE)),2)","v":2.0499999999999998},{"$f":"IF(VLOOKUP(AF399,Group,5,FALSE)=\"YES\",VLOOKUP(ROUND(ROUND(AJ399,1)-AJ399,2),Round,2,FALSE)+VLOOKUP(AF399,Group,6,FALSE),0)","v":0},{"$f":"IF(VLOOKUP(AF399,Group,7,FALSE)=\"\",0,ROUND(AJ399-0.04999,1)-AJ399+AM399)","v":0},{"$f":"IF(VLOOKUP(AF399,Group,7,FALSE)=\"\",\"\",VLOOKUP(AF399,Group,7,FALSE))","v":""},null,"X"]
[null,"Trim",null,null,"3\" x 6\"",null,"STCL1663",null,null,null,"Flat Top Cove Base Corner - Left",null,null,null,null,null,null,"e",5.25,"EA",{"$f":"+Instructions!$B$3","v":"G "},null,{"$f":"+Instructions!$C$22","v":0},5.25,null,"",5.25,0,5.25,0,null,2,5.25,null,null,5.25,0,0,"",null,"X"]
[null,"Trim",null,null,"3\" x 6\"",null,"STCR1663",null,null,null,"Flat Top Cove Base Corner - Right",null,null,null,null,null,null,"e",5.25,"EA",{"$f":"+Instructions!$B$3","v":"G "},null,{"$f":"+Instructions!$C$22","v":0},5.25,null,"",5.25,0,5.25,0,null,2,5.25,null,null,5.25,0,0,"",null,"X"]
[null,"Trim",null,null,"4-1/4\" x 4-1/4\"",null,"AT3401",null,null,null,"Flat Top Cove Base",null,null,null,null,null,null,null,1.6,"EA",{"$f":"+Instructions!$B$3","v":"G "},null,{"$f":"+Instructions!$C$22","v":0},1.6,null,"",1.6,0,1.6,0,null,2,1.6,null,null,1.6,0,0,"",null,"X"]
[null,"Trim",null,null,"4-1/4\" x 4-1/4\"",null,"STCL3401",null,null,null,"Flat Top Cove Base Corner - Left",null,null,null,null,null,null,"e",3.1,"EA",{"$f":"+Instructions!$B$3","v":"G "},null,{"$f":"+Instructions!$C$22","v":0},3.1,null,"",3.1,0,3.1,0,null,2,3.1,null,null,3.1,0,0,"",null,"X"]
[null,"Trim",null,null,"4-1/4\" x 4-1/4\"",null,"STCR3401",null,null,null,"Flat Top Cove Base Corner - Right",null,null,null,null,null,null,"e",3.1,"EA",{"$f":"+Instructions!$B$3","v":"G "},null,{"$f":"+Instructions!$C$22","v":0},3.1,null,"",3.1,0,3.1,0,null,2,3.1,null,null,3.1,0,0,"",null,"X"]
[null,null,null,null,null,null,null,null,null,null,null,null,null,null,null,null,null,null,null,null,null,null,null,null,null,null,null,null,null,null,null,null,null,null,null,null,null,null,null,null,"X"]
[null,null,"continued on next page",null,null,null,null,null,null,null,null,null,null," "]
[null,null,"COLOR COLLECTION - BRIGHT - Glazed Ceramic - continued",null,null,null,null,null,null,null,null,null,null,null,null,null,null,"Item # Lookup:","USU",null,null,null,null,null,null,null,null,null,null,null,null,null,null,null,null,null,null,null,null,null,"X"]
[null,null,null,null,null,null,null,null,null,null,null,null,null,null,null,null,null,null,null,null,null,null,null,null,null,null,null,null,null,null,null,null,null,null,null,null,null,null,null,null,"X"]
[null,null,null,null," Group 0 Colors:",null,"U074 Biscuit          U761 Tender Gray          U081 White Ice",null,null,null,null,null,null,null,null,null,null,null,null,null,null,null,null,null,null,null,null,null,null,null,null,null,null,null,null,null,null,null,null,null,"X"]
[null,null,null,null,null,null,null,null,null,null,null,null,null,null,null,null,null,null,null,null,null,null,null,null,null,null,null,null,null,null,null,null,null,null,null,null,null,null,null,null,"X"]
[null,"Trim",null,null,"4-1/4\" x 6\"",null,"AT3410",null,null,null,"Round Top Cove Base",null,null,null,null,null,null,null,2.1,"EA",{"$f":"+Instructions!$B$3","v":"G "},null,{"$f":"+Instructions!$C$22","v":0},2.1,null,"",2.1,0,2.1,0,null,2,2.1,null,null,2.1,0,0,"",null,"X"]
[null,"Trim",null,null,"4-1/4\" x 6\"",null,"ATCL3410",null,null,null,"Round Cove Base Corner - Left",null,null,null,null,null,null,null,7.35,"EA",{"$f":"+Instructions!$B$3","v":"G "},null,{"$f":"+Instructions!$C$22","v":0},7.35,null,"",7.35,0,7.35,0,null,2,7.35,null,null,7.35,0,0,"",null,"X"]
[null,"Trim",null,null,"4-1/4\" x 6\"",null,"ATCR3410",null,null,null,"Round Cove Base Corner - Right",null,null,null,null,null,null,null,7.35,"EA",{"$f":"+Instructions!$B$3","v":"G "},null,{"$f":"+Instructions!$C$22","v":0},7.35,null,"",7.35,0,7.35,0,null,2,7.35,null,null,7.35,0,0,"",null,"X"]
[null,"Trim",null,null,"6\" x 6\"",null,"S3619TN",null,null,null,"Round Top Sanitary Cove Base",null,null,null,null,null,null,"e",{"$f":"IF(Suggested=\"Yes\",AA414,AG414)","v":5.35},"EA",{"$f":"+Instructions!$B$3","v":"G "},null,{"$f":"+Instructions!$C$22","v":0},5.35,null,"",5.35,0,5.35,0,null,2,5.35,null,null,5.35,0,0,"",null,"X"]
[null,"Trim",null,null,"6\" x 6\"",null,"AT3610ST",null,null,null,"Flat Top Cove Base",null,null,null,null,null,null,"e",{"$f":"IF(Suggested=\"Yes\",AA415,AG415)","v":5.25},"EA",{"$f":"+Instructions!$B$3","v":"G "},null,{"$f":"+Instructions!$C$22","v":0},5.25,null,"",5.25,0,5.25,0,null,2,5.25,null,null,5.25,0,0,"",null,"X"]
[null,"Trim",null,null,"6\" x 6\"",null,"AT3610",null,null,null,"Universal Cove Base",null,null,null,null,null,null,null,5.3,"EA",{"$f":"+Instructions!$B$3","v":"G "},null,{"$f":"+Instructions!$C$22","v":0},5.3,null,"",5.3,0,5.3,0,null,2,5.3,null,null,5.3,0,0,"",null,"X"]
[null,"Trim",null,null,"6\" x 6\"",null,"ATCL3610",null,null,null,"Universal Cove Base Corner - Left",null,null,null,null,null,null,null,7.7,"EA",{"$f":"+Instructions!$B$3","v":"G "},null,{"$f":"+Instructions!$C$22","v":0},7.7,null,"",7.7,0,7.7,0,null,2,7.7,null,null,7.7,0,0,"",null,"X"]
[null,"Trim",null,null,"6\" x 6\"",null,"ATCR3610",null,null,null,"Universal Cove Base Corner - Right",null,null,null,null,null,null,null,7.7,"EA",{"$f":"+Instructions!$B$3","v":"G "},null,{"$f":"+Instructions!$C$22","v":0},7.7,null,"",7.7,0,7.7,0,null,2,7.7,null,null,7.7,0,0,"",null,"X"]
[null,null,null,null,null,null,null,null,null,null,null,null,null,null,null,null,null,null,null,null,null,null,null,null,null,null,null,null,null,null,null,null,null,null,null,null,null,null,null,null,"X"]
[null,"Trim",null,null,"3/4\" x 6\"",null,"A106",null,null,null,"Quarter Round",null,null,null,null,null,null,null,{"$f":"IF(Suggested=\"Yes\",AA420,AG420)","v":2.2999999999999998},"EA",{"$f":"+Instructions!$B$3","v":"G "},null,{"$f":"+Instructions!$C$22","v":0},{"$f":"ROUND($AA420*(1-W420)+0.004999,2)","v":2.2999999999999998},null,"",2.2999999999999998,{"$f":"+W420","v":0},2.2999999999999998,{"$f":"(AG420-AC420)/AG420","v":0},null,2,{"$f":"SUM(AJ420:AL420)+AE420","v":2.2999999999999998},null,null,{"$f":"ROUND(AC420/(1-VLOOKUP(AF420,Group,2,FALSE)),2)","v":2.2999999999999998},{"$f":"IF(VLOOKUP(AF420,Group,5,FALSE)=\"YES\",VLOOKUP(ROUND(ROUND(AJ420,1)-AJ420,2),Round,2,FALSE)+VLOOKUP(AF420,Group,6,FALSE),0)","v":0},{"$f":"IF(VLOOKUP(AF420,Group,7,FALSE)=\"\",0,ROUND(AJ420-0.04999,1)-AJ420+AM420)","v":0},{"$f":"IF(VLOOKUP(AF420,Group,7,FALSE)=\"\",\"\",VLOOKUP(AF420,Group,7,FALSE))","v":""},null,"X"]
[null,"Trim",null,null,"3/4\" x 6\"",null,"AC106",null,null,null,"Quarter Round Out Corner",null,null,null,null,null,null,null,3.8,"EA",{"$f":"+Instructions!$B$3","v":"G "},null,{"$f":"+Instructions!$C$22","v":0},3.8,null,"",3.8,0,3.8,0,null,2,3.8,null,null,3.8,0,0,"",null,"X"]
[null,"Trim",null,null,"3/4\" x 3/4\"",null,"AK106",null,null,null,"Quarter Round In Corner",null,null,null,null,null,null,"e",2.2999999999999998,"EA",{"$f":"+Instructions!$B$3","v":"G "},null,{"$f":"+Instructions!$C$22","v":0},2.2999999999999998,null,"",2.2999999999999998,0,2.2999999999999998,0,null,2,2.2999999999999998,null,null,2.2999999999999998,0,0,"",null,"X"]
[null,"Trim",null,null,"2-1/8\" x 2-5/8 x 6\"",null,"AT8262",null,null,null,"V-Cap (Counter Trim)",null,null,null,null,null,null,null,3.9,"EA",{"$f":"+Instructions!$B$3","v":"G "},null,{"$f":"+Instructions!$C$22","v":0},3.9,null,"",3.9,0,3.9,0,null,2,3.9,null,null,3.9,0,0,"",null,"X"]
[null,"Trim",null,null,"2-1/8\" x 2-5/8",null,"ATC8262",null,null,null,"V-Cap Corner",null,null,null,null,null,null,"e",5.8,"EA",{"$f":"+Instructions!$B$3","v":"G "},null,{"$f":"+Instructions!$C$22","v":0},5.8,null,"",5.8,0,5.8,0,null,2,5.8,null,null,5.8,0,0,"",null,"X"]
[null,"Trim",null,null,"2\" x 6\"",null,"A4200",null,null,null,"Radius Cap",null,null,null,null,null,null,null,2.35,"EA",{"$f":"+Instructions!$B$3","v":"G "},null,{"$f":"+Instructions!$C$22","v":0},2.35,null,"",2.35,0,2.35,0,null,2,2.35,null,null,2.35,0,0,"",null,"X"]
[null,"Trim",null,null,"2\" x 2\"",null,"AN4200",null,null,null,"Radius Cap Corner",null,null,null,null,null,null,"e",2.2999999999999998,"EA",{"$f":"+Instructions!$B$3","v":"G "},null,{"$f":"+Instructions!$C$22","v":0},2.2999999999999998,null,"",2.2999999999999998,{"$f":"+W426","v":0},{"$f":"+X426","v":2.2999999999999998},0,null,2,2.2999999999999998,null,null,2.2999999999999998,0,0,"",null,"X"]
[null,null,null,null,null,null,null,null,null,null,null,null,null,null,null,null,null,null,null,null,null,null,null,null,null,null,null,null,null,null,null,null,null,null,null,null,null,null,null,null,"X"]
[null,"Trim",null,null,"1/2\" x 6\"",null,"PENCIL",null,null,null,"Pencil",null,null,null,null,null,null,"d",{"$f":"IF(Suggested=\"Yes\",AA428,AG428)","v":5.15},"EA",{"$f":"+Instructions!$B$3","v":"G "},null,{"$f":"+Instructions!$C$22","v":0},5.15,null,"",5.15,{"$f":"+W428","v":0},{"$f":"+X428","v":5.15},0,null,2,5.15,null,null,5.15,0,0,"",null,"X"]
[null,null,null,null,null,null,null,null,null,null,null,null,null,null,null,null,null,null,null,null,null,null,null,null,null,null,null,null,null,null,null,null,null,null,null,null,null,null,null,null,"X"]
[null,null,null,"Notes:","a) Stocked in color U081 White Ice only.",null,null,null,null,null,"b) This item is also found in the CC Textures Series.  ",null,null,null,null,null,null,null,null,null,null,null,null,null,null,null,null,null,null,null,null,null,null,null,null,null,null,null,null,null,"X"]
[null,null,null,null,"c) Packaging will be changing from 12.50 SF/CTN to 12.60 SF/CTN as inventory in the old packaging is exhausted.",null,null,null,null,null,null,null,null,null,null,null,null,null,null,null,null,null,null,null,null,null,null,null,null,null,null,null,null,null,null,null,null,null,null,null,"X"]
[null,null,null,null,"d)  Not available in color U074 Biscuit.",null,null,null,null,null,"e) Available in color U081 White Ice only.",null,null,null,null,null,null,null,null,null,null,null,null,null,null,null,null,null,null,null,null,null,null,null,null,null,null,null,null,null,"X"]
[null,null,null,null,"f) Packaging will be changing from 10.00 SF/CTN to 15.33 SF/CTN as inventory in the old packaging is exhausted.",null,null,null,null,null,null,null,null,null,null,null,null,null,null,null,null,null,null,null,null,null,null,null,null,null,null,null,null,null,null,null,null,null,null,null,"X"]
[null,null,null,null,"g) This format is going through a change of thickness.  Packaging is changing from 10.00 SF/CTN to 11.26 SF/CTN as inventory ",null,null,null,null,null,null,null,null,null,null,null,null,null,null,null,null,null,null,null,null,null,null,null,null,null,null,null,null,null,null,null,null,null,null,null,"X"]
[null,null,null,null,"with old packaging is depleted.  Check with Customer Service to be sure which packaging amount you will be receiving.",null,null,null,null,null,null,null,null,null,null,null,null,null,null,null,null,null,null,null,null,null,null,null,null,null,null,null,null,null,null,null,null,null,null,null,"X"]
[null,null,null,null,null,null,null,null,null,null,null,null,null,null,null,null,null,null,null,null,null,null,null,null,null,null,null,null,null,null,null,null,null,null,null,null,null,null,null,null,"X"]
[null,null,null,null," Group 1 Colors:",null,"U759 Black          U072 Snow White          U789 Taupe",null,null,null,null,null,null," ",null,null,null,null,null,null,null,null,null,null,null,null,null,null,null,null,null,null,null,null,null,null,null,null,null,null,"X"]
[null,null,null,null,null,null,null,null,null,null,null,null,null,null,null,null,null,null,null,null,null,null,null,null,null,null,null,null,null,null,null,null,null,null,null,null,null,null,null,null,"X"]
[null,"Field Tile",null,null,"4-1/4\" x 4-1/4\"",null,"Field",null,null,null,null,null,null,null,null,"10.00 SF/CTN",null,"a",{"$f":"IF(Suggested=\"Yes\",AA439,AG439)","v":6.2},"SF",{"$f":"+Instructions!$B$3","v":"G "},null,{"$f":"+Instructions!$C$22","v":0},{"$f":"ROUND($AA439*(1-W439)+0.004999,2)","v":6.2},null,"",6.2,{"$f":"+W439","v":0},6.2,{"$f":"(AG439-AC439)/AG439","v":0},null,1,{"$f":"SUM(AJ439:AL439)+AE439","v":6.2},null,null,{"$f":"ROUND(AC439/(1-VLOOKUP(AF439,Group,2,FALSE)),2)","v":6.2},{"$f":"IF(VLOOKUP(AF439,Group,5,FALSE)=\"YES\",VLOOKUP(ROUND(ROUND(AJ439,1)-AJ439,2),Round,2,FALSE)+VLOOKUP(AF439,Group,6,FALSE),0)","v":0},{"$f":"IF(VLOOKUP(AF439,Group,7,FALSE)=\"\",0,ROUND(AJ439-0.04999,1)-AJ439+AM439)","v":0},{"$f":"IF(VLOOKUP(AF439,Group,7,FALSE)=\"\",\"\",VLOOKUP(AF439,Group,7,FALSE))","v":""},null,"X"]
[null,"Field Tile",null,null,"3\" x 6\"",null,"Field",null,null,null,null,null,null,null,null,"10.00 SF/CTN",null,null,6.2,"SF",{"$f":"+Instructions!$B$3","v":"G "},null,{"$f":"+Instructions!$C$22","v":0},6.2,null,"",6.2,0,6.2,0,null,1,6.2,null,null,6.2,0,0,"",null,"X"]
[null,"Field Tile",null,null,"3\" x 6\"",null,"Field",null,"Beveled Edge",null,null,null,null,null,null,"10.00 SF/CTN",null,"b,c",5.4,"SF",{"$f":"+Instructions!$B$3","v":"G "},null,{"$f":"+Instructions!$C$22","v":0},5.4,null,"",5.4,{"$f":"+W441","v":0},{"$f":"+X441","v":5.4},0,null,1,5.4,null,null,5.4,0,0,"",null,"X"]
[null,"Field Tile",null,null,"6\" x 6\"",null,"Field",null,null,null,null,null,null,null,null,"12.50 SF/CTN",null,"d,g",6.2,"SF",{"$f":"+Instructions!$B$3","v":"G "},null,{"$f":"+Instructions!$C$22","v":0},6.2,null,"",6.2,{"$f":"+W442","v":0},{"$f":"+X442","v":6.2},0,null,1,6.2,null,null,6.2,0,0,"",null,"X"]
[null,"Field Tile",null,null,"4-1/4\" x 10\"",null,"Field",null,null,null,null,null,null,null,null,"11.25 SF/CTN",null,"e",6.2,"SF",{"$f":"+Instructions!$B$3","v":"G "},null,{"$f":"+Instructions!$C$22","v":0},6.2,null,"",6.2,0,6.2,0,null,1,6.2,null,null,6.2,0,0,"",null,"X"]
[null,"Field Tile",null,null,"4-1/4\" x 10\"",null,"Field",null,"Beveled Edge",null,null,null,null,null,null,"11.25 SF/CTN",null,"b,f",6.3,"SF",{"$f":"+Instructions!$B$3","v":"G "},null,{"$f":"+Instructions!$C$22","v":0},6.3,null,"",6.3,0,6.3,0,null,1,6.3,null,null,6.3,0,0,"",null,"X"]
[null,"Field Tile",null,null,"4-1/4\" x 16\"",null,"Field",null,null,null,null,null,null,null,null,"15.33 SF/CTN",null,"g",7.1,"SF",{"$f":"+Instructions!$B$3","v":"G "},null,{"$f":"+Instructions!$C$22","v":0},7.1,null,"",7.1,{"$f":"+W445","v":0},{"$f":"+X445","v":7.1},0,null,1,7.1,null,null,7.1,0,0,"",null,"X"]
[null,"Field Tile",null,null,"6\" x 18\"",null,"Field",null,null,null,null,null,null,null,null,"12.00 SF/CTN",null,"g",6.65,"SF",{"$f":"+Instructions!$B$3","v":"G "},null,{"$f":"+Instructions!$C$22","v":0},6.65,null,"",6.65,{"$f":"+W446","v":0},{"$f":"+X446","v":6.65},0,null,1,6.65,null,null,6.65,0,0,"",null,"X"]
[null,null,null,null,null,null,null,null,null,null,null,null,null,null,null,null,null,null,null,null,null,null,null,null,null,null,null,null,null,null,null,null,null,null,null,null,null,null,null,null,"X"]
[null,"Trim",null,null,"2\" x 6\"",null,"S4269",null,null,null,"Bullnose",null,null,null,null,null,null,"c",{"$f":"IF(Suggested=\"Yes\",AA448,AG448)","v":1.9},"EA",{"$f":"+Instructions!$B$3","v":"G "},null,{"$f":"+Instructions!$C$22","v":0},{"$f":"ROUND($AA448*(1-W448)+0.004999,2)","v":1.9},null,"",1.9,{"$f":"+W448","v":0},1.9,{"$f":"(AG448-AC448)/AG448","v":0},null,2,{"$f":"SUM(AJ448:AL448)+AE448","v":1.9},null,null,{"$f":"ROUND(AC448/(1-VLOOKUP(AF448,Group,2,FALSE)),2)","v":1.9},{"$f":"IF(VLOOKUP(AF448,Group,5,FALSE)=\"YES\",VLOOKUP(ROUND(ROUND(AJ448,1)-AJ448,2),Round,2,FALSE)+VLOOKUP(AF448,Group,6,FALSE),0)","v":0},{"$f":"IF(VLOOKUP(AF448,Group,7,FALSE)=\"\",0,ROUND(AJ448-0.04999,1)-AJ448+AM448)","v":0},{"$f":"IF(VLOOKUP(AF448,Group,7,FALSE)=\"\",\"\",VLOOKUP(AF448,Group,7,FALSE))","v":""},null,"X"]
[null,"Trim",null,null,"4-1/4\" x 4-1/4\"",null,"S4449",null,null,null,"Bullnose",null,null,null,null,null,null,null,3.7,"EA",{"$f":"+Instructions!$B$3","v":"G "},null,{"$f":"+Instructions!$C$22","v":0},3.7,null,"",3.7,0,3.7,0,null,2,3.7,null,null,3.7,0,0,"",null,"X"]
[null,"Trim",null,null,"3\" x 6\"",null,"S4369",null,null,null,"Bullnose - 6\" edge",null,null,null,null,null,null,null,4.1500000000000004,"EA",{"$f":"+Instructions!$B$3","v":"G "},null,{"$f":"+Instructions!$C$22","v":0},4.1500000000000004,null,"",4.1500000000000004,0,4.1500000000000004,0,null,2,4.1500000000000004,null,null,4.1500000000000004,0,0,"",null,"X"]
[null,"Trim",null,null,"3\" x 6\"",null,"S4639",null,null,null,"Bullnose - 3\" edge",null,null,null,null,null,null,null,4.1500000000000004,"EA",{"$f":"+Instructions!$B$3","v":"G "},null,{"$f":"+Instructions!$C$22","v":0},4.1500000000000004,null,"",4.1500000000000004,0,4.1500000000000004,0,null,2,4.1500000000000004,null,null,4.1500000000000004,0,0,"",null,"X"]
[null,"Trim",null,null,"3\" x 10\"",null,"S4310",null,null,null,"Bullnose",null,null,null,null,null,null,"g",6.6,"EA",{"$f":"+Instructions!$B$3","v":"G "},null,{"$f":"+Instructions!$C$22","v":0},6.6,null,"",6.6,0,6.6,0,null,2,6.6,null,null,6.6,0,0,"",null,"X"]
[null,"Trim",null,null,"6\" x 6\"",null,"S4669",null,null,null,"Bullnose",null,null,null,null,null,null,null,3.5,"EA",{"$f":"+Instructions!$B$3","v":"G "},null,{"$f":"+Instructions!$C$22","v":0},3.5,null,"",3.5,0,3.5,0,null,2,3.5,null,null,3.5,0,0,"",null,"X"]
[null,"Trim",null,null,"4-1/4\" x 16\"",null,"S4169",null,null,null,"Bullnose",null,null,null,null,null,null,"g",9,"EA",{"$f":"+Instructions!$B$3","v":"G "},null,{"$f":"+Instructions!$C$22","v":0},9,null,"",9,0,9,0,null,2,9,null,null,9,0,0,"",null,"X"]
[null,null,null,null,null,null,null,null,null,null,null,null,null,null,null,null,null,null,null,null,null,null,null,null,null,null,null,null,null,null,null,null,null,null,null,null,null,null,null,null,"X"]
[null,"Trim",null,null,"4-1/4\" x 4-1/4\"",null,"AT3401",null,null,null,"Flat Top Cove Base",null,null,null,null,null,null,null,{"$f":"IF(Suggested=\"Yes\",AA456,AG456)","v":3.1},"EA",{"$f":"+Instructions!$B$3","v":"G "},null,{"$f":"+Instructions!$C$22","v":0},{"$f":"ROUND($AA456*(1-W456)+0.004999,2)","v":3.1},null,"",3.1,{"$f":"+W456","v":0},3.1,{"$f":"(AG456-AC456)/AG456","v":0},null,2,{"$f":"SUM(AJ456:AL456)+AE456","v":3.1},null,null,{"$f":"ROUND(AC456/(1-VLOOKUP(AF456,Group,2,FALSE)),2)","v":3.1},{"$f":"IF(VLOOKUP(AF456,Group,5,FALSE)=\"YES\",VLOOKUP(ROUND(ROUND(AJ456,1)-AJ456,2),Round,2,FALSE)+VLOOKUP(AF456,Group,6,FALSE),0)","v":0},{"$f":"IF(VLOOKUP(AF456,Group,7,FALSE)=\"\",0,ROUND(AJ456-0.04999,1)-AJ456+AM456)","v":0},{"$f":"IF(VLOOKUP(AF456,Group,7,FALSE)=\"\",\"\",VLOOKUP(AF456,Group,7,FALSE))","v":""},null,"X"]
[null,"Trim",null,null,"4-1/4\" x 6\"",null,"AT3410",null,null,null,"Round Top Cove Base",null,null,null,null,null,null,null,{"$f":"IF(Suggested=\"Yes\",AA457,AG457)","v":4.2},"EA",{"$f":"+Instructions!$B$3","v":"G "},null,{"$f":"+Instructions!$C$22","v":0},{"$f":"ROUND($AA457*(1-W457)+0.004999,2)","v":4.2},null,"",4.2,0,4.2,{"$f":"(AG457-AC457)/AG457","v":0},null,2,{"$f":"SUM(AJ457:AL457)+AE457","v":4.2},null,null,{"$f":"ROUND(AC457/(1-VLOOKUP(AF457,Group,2,FALSE)),2)","v":4.2},{"$f":"IF(VLOOKUP(AF457,Group,5,FALSE)=\"YES\",VLOOKUP(ROUND(ROUND(AJ457,1)-AJ457,2),Round,2,FALSE)+VLOOKUP(AF457,Group,6,FALSE),0)","v":0},{"$f":"IF(VLOOKUP(AF457,Group,7,FALSE)=\"\",0,ROUND(AJ457-0.04999,1)-AJ457+AM457)","v":0},{"$f":"IF(VLOOKUP(AF457,Group,7,FALSE)=\"\",\"\",VLOOKUP(AF457,Group,7,FALSE))","v":""},null,"X"]
[null,"Trim",null,null,"6\" x 6\"",null,"AT3610",null,null,null,"Universal Cove Base",null,null,null,null,null,null,null,{"$f":"IF(Suggested=\"Yes\",AA458,AG458)","v":5.6},"EA",{"$f":"+Instructions!$B$3","v":"G "},null,{"$f":"+Instructions!$C$22","v":0},{"$f":"ROUND($AA458*(1-W458)+0.004999,2)","v":5.6},null,"",5.6,0,5.6,{"$f":"(AG458-AC458)/AG458","v":0},null,2,{"$f":"SUM(AJ458:AL458)+AE458","v":5.6},null,null,{"$f":"ROUND(AC458/(1-VLOOKUP(AF458,Group,2,FALSE)),2)","v":5.6},{"$f":"IF(VLOOKUP(AF458,Group,5,FALSE)=\"YES\",VLOOKUP(ROUND(ROUND(AJ458,1)-AJ458,2),Round,2,FALSE)+VLOOKUP(AF458,Group,6,FALSE),0)","v":0},{"$f":"IF(VLOOKUP(AF458,Group,7,FALSE)=\"\",0,ROUND(AJ458-0.04999,1)-AJ458+AM458)","v":0},{"$f":"IF(VLOOKUP(AF458,Group,7,FALSE)=\"\",\"\",VLOOKUP(AF458,Group,7,FALSE))","v":""},null,"X"]
[null,null,null," ",null,null,null,null,null,null,null,null,null,null,null,null,null,null,null,null,null,null,null,null,null,null,null,null,null,null,null,null,null,null,null,null,null,null,null,null,"X"]
[null,"Trim",null,null,"3/4\" x 6\"",null,"A106",null,null,null,"Quarter Round",null,null,null,null,null,null,"a",{"$f":"IF(Suggested=\"Yes\",AA460,AG460)","v":3.05},"EA",{"$f":"+Instructions!$B$3","v":"G "},null,{"$f":"+Instructions!$C$22","v":0},{"$f":"ROUND($AA460*(1-W460)+0.004999,2)","v":3.05},null,"",3.05,{"$f":"+W460","v":0},{"$f":"+X460","v":3.05},{"$f":"(AG460-AC460)/AG460","v":0},null,2,{"$f":"SUM(AJ460:AL460)+AE460","v":3.05},null,null,{"$f":"ROUND(AC460/(1-VLOOKUP(AF460,Group,2,FALSE)),2)","v":3.05},{"$f":"IF(VLOOKUP(AF460,Group,5,FALSE)=\"YES\",VLOOKUP(ROUND(ROUND(AJ460,1)-AJ460,2),Round,2,FALSE)+VLOOKUP(AF460,Group,6,FALSE),0)","v":0},{"$f":"IF(VLOOKUP(AF460,Group,7,FALSE)=\"\",0,ROUND(AJ460-0.04999,1)-AJ460+AM460)","v":0},{"$f":"IF(VLOOKUP(AF460,Group,7,FALSE)=\"\",\"\",VLOOKUP(AF460,Group,7,FALSE))","v":""},null,"X"]
[null,"Trim",null,null,"2\" x 6\"",null,"A4200",null,null,null,"Radius Cap",null,null,null,null,null,null,"c",{"$f":"IF(Suggested=\"Yes\",AA461,AG461)","v":3.1},"EA",{"$f":"+Instructions!$B$3","v":"G "},null,{"$f":"+Instructions!$C$22","v":0},{"$f":"ROUND($AA461*(1-W461)+0.004999,2)","v":3.1},null,"",3.1,{"$f":"+W461","v":0},{"$f":"+X461","v":3.1},{"$f":"(AG461-AC461)/AG461","v":0},null,2,{"$f":"SUM(AJ461:AL461)+AE461","v":3.1},null,null,{"$f":"ROUND(AC461/(1-VLOOKUP(AF461,Group,2,FALSE)),2)","v":3.1},{"$f":"IF(VLOOKUP(AF461,Group,5,FALSE)=\"YES\",VLOOKUP(ROUND(ROUND(AJ461,1)-AJ461,2),Round,2,FALSE)+VLOOKUP(AF461,Group,6,FALSE),0)","v":0},{"$f":"IF(VLOOKUP(AF461,Group,7,FALSE)=\"\",0,ROUND(AJ461-0.04999,1)-AJ461+AM461)","v":0},{"$f":"IF(VLOOKUP(AF461,Group,7,FALSE)=\"\",\"\",VLOOKUP(AF461,Group,7,FALSE))","v":""},null,"X"]
[null,null,null,null,null,null,null,null,null,null,null,null,null,null,null,null,null,null,null,null,null,null,null,null,null,null,null,null,null,null,null,null,null,null,null,null,null,null,null,null,"X"]
[null,null,null,"Notes:","a) Available in colors U759 Black and U789 Taupe only.",null,null,null,null,null,null,null,null,null,null,null,null,null,null,null,null,null,null,null,null,null,null,null,null,null,null,null,null,null,null,null,null,null,null,null,"X"]
[null,null,null,null,"b) This item is also found in the CC Textures Series.  ",null,null,null,null,null,"c) Not available in color U789 Taupe."]
[null,null,null,null,"d) Packaging will be changing from 12.50 SF/CTN to 12.60 SF/CTN as inventory in the old packaging is exhausted."]
[null,null,null,null,"e) Not available in color U759 Black.",null,null,null,null,"f) Available in color U759 Black only.",null,null,null,"g) Available in color U789 Taupe only.",null,null,null,null,null,null,null,null,null,null,null,null,null,null,null,null,null,null,null,null,null,null,null,null,null,null,"X"]
[null,null,null," ",null,null,null,null,null,null,null,null,null,null,null,null,null,null,null,null,null,null,null,null,null,null,null,null,null,null,null,null,null,null,null,null,null,null,null,null,"X"]
[null,null,null,null," Group 2 Colors:",null,"U726 Cobalt          U796 Cocoa          U769 Dark Gray          U785 Fawn",null,null,null,null,null,null,null,null,null,null,null,null,null,null,null,null,null,null,null,null,null,null,null,null,null,null,null,null,null,null,null,null,null,"X"]
[null,null,null,null," ",null,null,null,null,null,null,null,null,null,null,null,null,null,null,null,null,null,null,null,null,null,null,null,null,null,null,null,null,null,null,null,null,null,null,null,"X"]
[null,"Field Tile",null,null,"4-1/4\" x 4-1/4\"",null,"Field",null,null,null,null,null,null,null,null,"10.00 SF/CTN",null,null,{"$f":"IF(Suggested=\"Yes\",AA470,AG470)","v":7.1},"SF",{"$f":"+Instructions!$B$3","v":"G "},null,{"$f":"+Instructions!$C$22","v":0},{"$f":"ROUND($AA470*(1-W470)+0.004999,2)","v":7.1},null,"",7.1,{"$f":"+W470","v":0},7.1,{"$f":"(AG470-AC470)/AG470","v":0},null,1,{"$f":"SUM(AJ470:AL470)+AE470","v":7.1},null,null,{"$f":"ROUND(AC470/(1-VLOOKUP(AF470,Group,2,FALSE)),2)","v":7.1},{"$f":"IF(VLOOKUP(AF470,Group,5,FALSE)=\"YES\",VLOOKUP(ROUND(ROUND(AJ470,1)-AJ470,2),Round,2,FALSE)+VLOOKUP(AF470,Group,6,FALSE),0)","v":0},{"$f":"IF(VLOOKUP(AF470,Group,7,FALSE)=\"\",0,ROUND(AJ470-0.04999,1)-AJ470+AM470)","v":0},{"$f":"IF(VLOOKUP(AF470,Group,7,FALSE)=\"\",\"\",VLOOKUP(AF470,Group,7,FALSE))","v":""},null,"X"]
[null,"Field Tile",null,null,"3\" x 6\"",null,"Field",null,null,null,null,null,null,null,null,"10.00 SF/CTN",null,null,{"$f":"IF(Suggested=\"Yes\",AA471,AG471)","v":7.05},"SF",{"$f":"+Instructions!$B$3","v":"G "},null,{"$f":"+Instructions!$C$22","v":0},{"$f":"ROUND($AA471*(1-W471)+0.004999,2)","v":7.05},null,"",7.05,0,7.05,{"$f":"(AG471-AC471)/AG471","v":0},null,1,{"$f":"SUM(AJ471:AL471)+AE471","v":7.05},null,null,{"$f":"ROUND(AC471/(1-VLOOKUP(AF471,Group,2,FALSE)),2)","v":7.05},{"$f":"IF(VLOOKUP(AF471,Group,5,FALSE)=\"YES\",VLOOKUP(ROUND(ROUND(AJ471,1)-AJ471,2),Round,2,FALSE)+VLOOKUP(AF471,Group,6,FALSE),0)","v":0},{"$f":"IF(VLOOKUP(AF471,Group,7,FALSE)=\"\",0,ROUND(AJ471-0.04999,1)-AJ471+AM471)","v":0},{"$f":"IF(VLOOKUP(AF471,Group,7,FALSE)=\"\",\"\",VLOOKUP(AF471,Group,7,FALSE))","v":""},null,"X"]
[null,"Field Tile",null,null,"6\" x 6\"",null,"Field",null,null,null,null,null,null,null,null,"12.50 SF/CTN",null,"a",{"$f":"IF(Suggested=\"Yes\",AA472,AG472)","v":7.05},"SF",{"$f":"+Instructions!$B$3","v":"G "},null,{"$f":"+Instructions!$C$22","v":0},{"$f":"ROUND($AA472*(1-W472)+0.004999,2)","v":7.05},null,"",7.05,0,7.05,{"$f":"(AG472-AC472)/AG472","v":0},null,1,{"$f":"SUM(AJ472:AL472)+AE472","v":7.05},null,null,{"$f":"ROUND(AC472/(1-VLOOKUP(AF472,Group,2,FALSE)),2)","v":7.05},{"$f":"IF(VLOOKUP(AF472,Group,5,FALSE)=\"YES\",VLOOKUP(ROUND(ROUND(AJ472,1)-AJ472,2),Round,2,FALSE)+VLOOKUP(AF472,Group,6,FALSE),0)","v":0},{"$f":"IF(VLOOKUP(AF472,Group,7,FALSE)=\"\",0,ROUND(AJ472-0.04999,1)-AJ472+AM472)","v":0},{"$f":"IF(VLOOKUP(AF472,Group,7,FALSE)=\"\",\"\",VLOOKUP(AF472,Group,7,FALSE))","v":""},null,"X"]
[null,null,null,null,null,null,null,null,null,null,null,null,null,null,null,null,null,null,null,null,null,null,null,null,null,null,null,null,null,null,null,null,null,null,null,null,null,null,null,null,"X"]
[null,"Trim",null,null,"3\" x 6\"",null,"S4369",null,null,null,"Bullnose - 6\" edge",null,null,null,null,null,null,null,{"$f":"IF(Suggested=\"Yes\",AA474,AG474)","v":4.1500000000000004},"EA",{"$f":"+Instructions!$B$3","v":"G "},null,{"$f":"+Instructions!$C$22","v":0},{"$f":"ROUND($AA474*(1-W474)+0.004999,2)","v":4.1500000000000004},null,"",4.1500000000000004,{"$f":"+W474","v":0},{"$f":"+X474","v":4.1500000000000004},{"$f":"(AG474-AC474)/AG474","v":0},null,2,{"$f":"SUM(AJ474:AL474)+AE474","v":4.1500000000000004},null,null,{"$f":"ROUND(AC474/(1-VLOOKUP(AF474,Group,2,FALSE)),2)","v":4.1500000000000004},{"$f":"IF(VLOOKUP(AF474,Group,5,FALSE)=\"YES\",VLOOKUP(ROUND(ROUND(AJ474,1)-AJ474,2),Round,2,FALSE)+VLOOKUP(AF474,Group,6,FALSE),0)","v":0},{"$f":"IF(VLOOKUP(AF474,Group,7,FALSE)=\"\",0,ROUND(AJ474-0.04999,1)-AJ474+AM474)","v":0},{"$f":"IF(VLOOKUP(AF474,Group,7,FALSE)=\"\",\"\",VLOOKUP(AF474,Group,7,FALSE))","v":""},null,"X"]
[null,"Trim",null,null,"3\" x 6\"",null,"S4639",null,null,null,"Bullnose - 3\" edge",null,null,null,null,null,null,null,{"$f":"IF(Suggested=\"Yes\",AA475,AG475)","v":4.1500000000000004},"EA",{"$f":"+Instructions!$B$3","v":"G "},null,{"$f":"+Instructions!$C$22","v":0},{"$f":"ROUND($AA475*(1-W475)+0.004999,2)","v":4.1500000000000004},null,"",4.1500000000000004,{"$f":"+W475","v":0},{"$f":"+X475","v":4.1500000000000004},{"$f":"(AG475-AC475)/AG475","v":0},null,2,{"$f":"SUM(AJ475:AL475)+AE475","v":4.1500000000000004},null,null,{"$f":"ROUND(AC475/(1-VLOOKUP(AF475,Group,2,FALSE)),2)","v":4.1500000000000004},{"$f":"IF(VLOOKUP(AF475,Group,5,FALSE)=\"YES\",VLOOKUP(ROUND(ROUND(AJ475,1)-AJ475,2),Round,2,FALSE)+VLOOKUP(AF475,Group,6,FALSE),0)","v":0},{"$f":"IF(VLOOKUP(AF475,Group,7,FALSE)=\"\",0,ROUND(AJ475-0.04999,1)-AJ475+AM475)","v":0},{"$f":"IF(VLOOKUP(AF475,Group,7,FALSE)=\"\",\"\",VLOOKUP(AF475,Group,7,FALSE))","v":""},null,"X"]
[null,null,null,null,null,null,null,null,null,null,null,null,null,null,null,null,null,null,null,null,null,null,null,null,null,null,null,null,null,null,null,null,null,null,null,null,null,null,null,null,"X"]
[null,null,null,"Note:","a) Packaging will be changing from 12.50 SF/CTN to 12.60 SF/CTN as inventory in the old packaging is exhausted."]
[null,null,null,null,null,null,null,null,null,null,null,null,null,null,null,null,null,null,null,null,null,null,null,null,null,null,null,null,null,null,null,null,null,null,null,null,null,null,null,null,"X"]
[null,null,null,null," Group 3 Colors:",null,"U721 Denim",null,null,"U719 Kelly",null,"       U711 Spring Green",null,null,null,null,null,null," ",null,null,null,null,null,null,null,null,null,null,null,null,null,null,null,null,null,null,null,null,null,"X"]
[null,null,null,null,null,null,"U740 Khaki",null,null,"U745 Mustard",null,"       U724 Wedgewood",null,null,null,null,null,null,null,null,null,null,null,null,null,null,null,null,null,null,null,null,null,null,null,null,null,null,null,null,"X"]
[null,null,null,null,null,null,null,null,null,null,null,null,null,null,null,null,null,null,null,null,null,null,null,null,null,null,null,null,null,null,null,null,null,null,null,null,null,null,null,null,"X"]
[null,"Field Tile",null,null,"4-1/4\" x 4-1/4\"",null,"Field",null,null,null,null,null,null,null,null,"10.00 SF/CTN",null,"a",{"$f":"IF(Suggested=\"Yes\",AA482,AG482)","v":10.3},"SF",{"$f":"+Instructions!$B$3","v":"G "},null,{"$f":"+Instructions!$C$22","v":0},{"$f":"ROUND($AA482*(1-W482)+0.004999,2)","v":10.3},null,"",10.3,{"$f":"+W482","v":0},{"$f":"+X482","v":10.3},{"$f":"(AG482-AC482)/AG482","v":0},null,1,{"$f":"SUM(AJ482:AL482)+AE482","v":10.3},null,null,{"$f":"ROUND(AC482/(1-VLOOKUP(AF482,Group,2,FALSE)),2)","v":10.3},{"$f":"IF(VLOOKUP(AF482,Group,5,FALSE)=\"YES\",VLOOKUP(ROUND(ROUND(AJ482,1)-AJ482,2),Round,2,FALSE)+VLOOKUP(AF482,Group,6,FALSE),0)","v":0},{"$f":"IF(VLOOKUP(AF482,Group,7,FALSE)=\"\",0,ROUND(AJ482-0.04999,1)-AJ482+AM482)","v":0},{"$f":"IF(VLOOKUP(AF482,Group,7,FALSE)=\"\",\"\",VLOOKUP(AF482,Group,7,FALSE))","v":""},null,"X"]
[null,"Field Tile",null,null,"3\" x 6\"",null,"Field",null,null,null,null,null,null,null,null,"10.00 SF/CTN",null,null,{"$f":"IF(Suggested=\"Yes\",AA483,AG483)","v":10.25},"SF",{"$f":"+Instructions!$B$3","v":"G "},null,{"$f":"+Instructions!$C$22","v":0},{"$f":"ROUND($AA483*(1-W483)+0.004999,2)","v":10.25},null,"",10.25,{"$f":"+W483","v":0},{"$f":"+X483","v":10.25},{"$f":"(AG483-AC483)/AG483","v":0},null,1,{"$f":"SUM(AJ483:AL483)+AE483","v":10.25},null,null,{"$f":"ROUND(AC483/(1-VLOOKUP(AF483,Group,2,FALSE)),2)","v":10.25},{"$f":"IF(VLOOKUP(AF483,Group,5,FALSE)=\"YES\",VLOOKUP(ROUND(ROUND(AJ483,1)-AJ483,2),Round,2,FALSE)+VLOOKUP(AF483,Group,6,FALSE),0)","v":0},{"$f":"IF(VLOOKUP(AF483,Group,7,FALSE)=\"\",0,ROUND(AJ483-0.04999,1)-AJ483+AM483)","v":0},{"$f":"IF(VLOOKUP(AF483,Group,7,FALSE)=\"\",\"\",VLOOKUP(AF483,Group,7,FALSE))","v":""},null,"X"]
[null,null,null," ",null,null,null,null,null,null,null,null,null,null,null,null,null,null,null,null,null,null,null,null,null,null,null,null,null,null,null,null,null,null,null,null,null,null,null,null,"X"]
[null,"Trim",null,null,"3\" x 6\"",null,"S4369",null,null,null,"Bullnose - 6\" edge",null,null,null,null,null,null,null,{"$f":"IF(Suggested=\"Yes\",AA485,AG485)","v":4.75},"EA",{"$f":"+Instructions!$B$3","v":"G "},null,{"$f":"+Instructions!$C$22","v":0},{"$f":"ROUND($AA485*(1-W485)+0.004999,2)","v":4.75},null,"",4.75,{"$f":"+W485","v":0},{"$f":"+X485","v":4.75},{"$f":"(AG485-AC485)/AG485","v":0},null,2,{"$f":"SUM(AJ485:AL485)+AE485","v":4.75},null,null,{"$f":"ROUND(AC485/(1-VLOOKUP(AF485,Group,2,FALSE)),2)","v":4.75},{"$f":"IF(VLOOKUP(AF485,Group,5,FALSE)=\"YES\",VLOOKUP(ROUND(ROUND(AJ485,1)-AJ485,2),Round,2,FALSE)+VLOOKUP(AF485,Group,6,FALSE),0)","v":0},{"$f":"IF(VLOOKUP(AF485,Group,7,FALSE)=\"\",0,ROUND(AJ485-0.04999,1)-AJ485+AM485)","v":0},{"$f":"IF(VLOOKUP(AF485,Group,7,FALSE)=\"\",\"\",VLOOKUP(AF485,Group,7,FALSE))","v":""},null,"X"]
[null,"Trim",null,null,"3\" x 6\"",null,"S4639",null,null,null,"Bullnose - 3\" edge",null,null,null,null,null,null,"b",{"$f":"IF(Suggested=\"Yes\",AA486,AG486)","v":4.75},"EA",{"$f":"+Instructions!$B$3","v":"G "},null,{"$f":"+Instructions!$C$22","v":0},{"$f":"ROUND($AA486*(1-W486)+0.004999,2)","v":4.75},null,"",4.75,{"$f":"+W486","v":0},{"$f":"+X486","v":4.75},{"$f":"(AG486-AC486)/AG486","v":0},null,2,{"$f":"SUM(AJ486:AL486)+AE486","v":4.75},null,null,{"$f":"ROUND(AC486/(1-VLOOKUP(AF486,Group,2,FALSE)),2)","v":4.75},{"$f":"IF(VLOOKUP(AF486,Group,5,FALSE)=\"YES\",VLOOKUP(ROUND(ROUND(AJ486,1)-AJ486,2),Round,2,FALSE)+VLOOKUP(AF486,Group,6,FALSE),0)","v":0},{"$f":"IF(VLOOKUP(AF486,Group,7,FALSE)=\"\",0,ROUND(AJ486-0.04999,1)-AJ486+AM486)","v":0},{"$f":"IF(VLOOKUP(AF486,Group,7,FALSE)=\"\",\"\",VLOOKUP(AF486,Group,7,FALSE))","v":""},null,"X"]
[null,null,null,null,null,null,null,null,null,null,null,null,null,null,null,null,null,null,null,null,null,null,null,null,null,null,null,null,null,null,null,null,null,null,null,null,null,null,null,null,"X"]
[null,null,null,"Note:","a) Color U711 Spring Green is packaged 5.00 SF/CTN.",null,null,null,null,null,null,"b) Not available in color U711 Spring Green.",null,null,null,null,null,null,null,null,null,null,null,null,null,null,null,null,null,null,null,null,null,null,null,null,null,null,null,null,"X"]
[null,null,null,null,null,null,null,null,null,null,null,null,null,null,null,null,null,null,null,null,null,null,null,null,null,null,null,null,null,null,null,null,null,null,null,null,null,null,null,null,"X"]
[null,null,"continued on next page",null,null,null,null,null,null,null,null,null,null," "]
[null,null,"COLOR COLLECTION - BRIGHT - Glazed Ceramic - continued",null,null,null,null,null,null,null,null,null,null,null,null,null,null,"Item # Lookup:","USU",null,null,null,null,null,null,null,null,null,null,null,null,null,null,null,null,null,null,null,null,null,"X"]
[null,null,null,null,null,null,null,null,null,null,null,null,null,null,null,null,null,null,null,null,null,null,null,null,null,null,null,null,null,null,null,null,null,null,null,null,null,null,null,null,"X"]
[null,null,null,null," Group 4 Color:",null,"U739 Red Pepper",null,null,null,null,null,null,null,null,null,null,null,null,null,null,null,null,null,null,null,null,null,null,null,null,null,null,null,null,null,null,null,null,null,"X"]
[null,null,null,null," ",null,null,null,null,null,null,null,null,null,null,null,null,null,null,null,null,null,null,null,null,null,null,null,null,null,null,null,null,null,null,null,null,null,null,null,"X"]
[null,"Field Tile",null,null,"4-1/4\" x 4-1/4\"",null,"Field",null,null,null,null,null,null,null,null,"10.00 SF/CTN",null,null,{"$f":"IF(Suggested=\"Yes\",AA495,AG495)","v":16.8},"SF",{"$f":"+Instructions!$B$3","v":"G "},null,{"$f":"+Instructions!$C$22","v":0},{"$f":"ROUND($AA495*(1-W495)+0.004999,2)","v":16.8},null,"",16.8,{"$f":"+W495","v":0},16.8,{"$f":"(AG495-AC495)/AG495","v":0},null,1,{"$f":"SUM(AJ495:AL495)+AE495","v":16.8},null,null,{"$f":"ROUND(AC495/(1-VLOOKUP(AF495,Group,2,FALSE)),2)","v":16.8},{"$f":"IF(VLOOKUP(AF495,Group,5,FALSE)=\"YES\",VLOOKUP(ROUND(ROUND(AJ495,1)-AJ495,2),Round,2,FALSE)+VLOOKUP(AF495,Group,6,FALSE),0)","v":0},{"$f":"IF(VLOOKUP(AF495,Group,7,FALSE)=\"\",0,ROUND(AJ495-0.04999,1)-AJ495+AM495)","v":0},{"$f":"IF(VLOOKUP(AF495,Group,7,FALSE)=\"\",\"\",VLOOKUP(AF495,Group,7,FALSE))","v":""},null,"X"]
[null,"Field Tile",null,null,"3\" x 6\"",null,"Field",null,null,null,null,null,null,null,null,"10.00 SF/CTN",null,null,{"$f":"IF(Suggested=\"Yes\",AA496,AG496)","v":16.75},"SF",{"$f":"+Instructions!$B$3","v":"G "},null,{"$f":"+Instructions!$C$22","v":0},{"$f":"ROUND($AA496*(1-W496)+0.004999,2)","v":16.75},null,"",16.75,0,16.75,{"$f":"(AG496-AC496)/AG496","v":0},null,1,{"$f":"SUM(AJ496:AL496)+AE496","v":16.75},null,null,{"$f":"ROUND(AC496/(1-VLOOKUP(AF496,Group,2,FALSE)),2)","v":16.75},{"$f":"IF(VLOOKUP(AF496,Group,5,FALSE)=\"YES\",VLOOKUP(ROUND(ROUND(AJ496,1)-AJ496,2),Round,2,FALSE)+VLOOKUP(AF496,Group,6,FALSE),0)","v":0},{"$f":"IF(VLOOKUP(AF496,Group,7,FALSE)=\"\",0,ROUND(AJ496-0.04999,1)-AJ496+AM496)","v":0},{"$f":"IF(VLOOKUP(AF496,Group,7,FALSE)=\"\",\"\",VLOOKUP(AF496,Group,7,FALSE))","v":""},null,"X"]
[null,"Field Tile",null,null,"6\" x 6\"",null,"Field",null,null,null,null,null,null,null,null,"12.50 SF/CTN",null,"a",{"$f":"IF(Suggested=\"Yes\",AA497,AG497)","v":16.75},"SF",{"$f":"+Instructions!$B$3","v":"G "},null,{"$f":"+Instructions!$C$22","v":0},{"$f":"ROUND($AA497*(1-W497)+0.004999,2)","v":16.75},null,"",16.75,0,16.75,{"$f":"(AG497-AC497)/AG497","v":0},null,1,{"$f":"SUM(AJ497:AL497)+AE497","v":16.75},null,null,{"$f":"ROUND(AC497/(1-VLOOKUP(AF497,Group,2,FALSE)),2)","v":16.75},{"$f":"IF(VLOOKUP(AF497,Group,5,FALSE)=\"YES\",VLOOKUP(ROUND(ROUND(AJ497,1)-AJ497,2),Round,2,FALSE)+VLOOKUP(AF497,Group,6,FALSE),0)","v":0},{"$f":"IF(VLOOKUP(AF497,Group,7,FALSE)=\"\",0,ROUND(AJ497-0.04999,1)-AJ497+AM497)","v":0},{"$f":"IF(VLOOKUP(AF497,Group,7,FALSE)=\"\",\"\",VLOOKUP(AF497,Group,7,FALSE))","v":""},null,"X"]
[null,"Field Tile",null,null,"4-1/4\" x 10\"",null,"Field",null,null,null,null,null,null,null,null,"11.25 SF/CTN",null,null,{"$f":"IF(Suggested=\"Yes\",AA498,AG498)","v":16.8},"SF",{"$f":"+Instructions!$B$3","v":"G "},null,{"$f":"+Instructions!$C$22","v":0},{"$f":"ROUND($AA498*(1-W498)+0.004999,2)","v":16.8},null,"",16.8,{"$f":"+W498","v":0},{"$f":"+X498","v":16.8},{"$f":"(AG498-AC498)/AG498","v":0},null,1,{"$f":"SUM(AJ498:AL498)+AE498","v":16.8},null,null,{"$f":"ROUND(AC498/(1-VLOOKUP(AF498,Group,2,FALSE)),2)","v":16.8},{"$f":"IF(VLOOKUP(AF498,Group,5,FALSE)=\"YES\",VLOOKUP(ROUND(ROUND(AJ498,1)-AJ498,2),Round,2,FALSE)+VLOOKUP(AF498,Group,6,FALSE),0)","v":0},{"$f":"IF(VLOOKUP(AF498,Group,7,FALSE)=\"\",0,ROUND(AJ498-0.04999,1)-AJ498+AM498)","v":0},{"$f":"IF(VLOOKUP(AF498,Group,7,FALSE)=\"\",\"\",VLOOKUP(AF498,Group,7,FALSE))","v":""},null,"X"]
[null,null,null,null,null,null,null,null,null,null,null,null,null,null,null,null,null,null,null,null,null,null,null,null,null,null,null,null,null,null,null,null,null,null,null,null,null,null,null,null,"X"]
[null,"Trim",null,null,"4-1/4\" x 4-1/4\"",null,"S4449",null,null,null,"Bullnose",null,null,null,null,null,null,null,{"$f":"IF(Suggested=\"Yes\",AA500,AG500)","v":4.9000000000000004},"EA",{"$f":"+Instructions!$B$3","v":"G "},null,{"$f":"+Instructions!$C$22","v":0},{"$f":"ROUND($AA500*(1-W500)+0.004999,2)","v":4.9000000000000004},null,"",4.9000000000000004,{"$f":"+W500","v":0},4.9000000000000004,{"$f":"(AG500-AC500)/AG500","v":0},null,2,{"$f":"SUM(AJ500:AL500)+AE500","v":4.9000000000000004},null,null,{"$f":"ROUND(AC500/(1-VLOOKUP(AF500,Group,2,FALSE)),2)","v":4.9000000000000004},{"$f":"IF(VLOOKUP(AF500,Group,5,FALSE)=\"YES\",VLOOKUP(ROUND(ROUND(AJ500,1)-AJ500,2),Round,2,FALSE)+VLOOKUP(AF500,Group,6,FALSE),0)","v":0},{"$f":"IF(VLOOKUP(AF500,Group,7,FALSE)=\"\",0,ROUND(AJ500-0.04999,1)-AJ500+AM500)","v":0},{"$f":"IF(VLOOKUP(AF500,Group,7,FALSE)=\"\",\"\",VLOOKUP(AF500,Group,7,FALSE))","v":""},null,"X"]
[null,"Trim",null,null,"4-1/4\" x 4-1/4\"",null,"SN4449",null,null,null,"Bullnose Corner",null,null,null,null,null,null,null,7.6,"EA",{"$f":"+Instructions!$B$3","v":"G "},null,{"$f":"+Instructions!$C$22","v":0},7.6,null,"",7.6,0,7.6,0,null,2,7.6,null,null,7.6,0,0,"",null,"X"]
[null,"Trim",null,null,"3\" x 6\"",null,"S4369",null,null,null,"Bullnose - 6\" edge",null,null,null,null,null,null,null,8.35,"EA",{"$f":"+Instructions!$B$3","v":"G "},null,{"$f":"+Instructions!$C$22","v":0},8.35,null,"",8.35,0,8.35,0,null,2,8.35,null,null,8.35,0,0,"",null,"X"]
[null,"Trim",null,null,"3\" x 6\"",null,"S4639",null,null,null,"Bullnose - 3\" edge",null,null,null,null,null,null,null,7.15,"EA",{"$f":"+Instructions!$B$3","v":"G "},null,{"$f":"+Instructions!$C$22","v":0},7.15,null,"",7.15,0,7.15,0,null,2,7.15,null,null,7.15,0,0,"",null,"X"]
[null,"Trim",null,null,"3\" x 3\"",null,"SN4339",null,null,null,"Bullnose Corner",null,null,null,null,null,null,null,12.05,"EA",{"$f":"+Instructions!$B$3","v":"G "},null,{"$f":"+Instructions!$C$22","v":0},12.05,null,"",12.05,0,12.05,0,null,2,12.05,null,null,12.05,0,0,"",null,"X"]
[null,"Trim",null,null,"6\" x 6\"",null,"S4669",null,null,null,"Bullnose",null,null,null,null,null,null,null,5.6,"EA",{"$f":"+Instructions!$B$3","v":"G "},null,{"$f":"+Instructions!$C$22","v":0},5.6,null,"",5.6,0,5.6,0,null,2,5.6,null,null,5.6,0,0,"",null,"X"]
[null,"Trim",null,null,"6\" x 6\"",null,"SN4669",null,null,null,"Bullnose Corner",null,null,null,null,null,null,null,8.85,"EA",{"$f":"+Instructions!$B$3","v":"G "},null,{"$f":"+Instructions!$C$22","v":0},8.85,null,"",8.85,0,8.85,0,null,2,8.85,null,null,8.85,0,0,"",null,"X"]
[null,null,null,null,null,null,null,null,null,null,null,null,null,null,null,null,null,null,null,null,null,null,null,null,null,null,null,null,null,null,null,null,null,null,null,null,null,null,null,null,"X"]
[null,null,null,"Note:","a) Packaging will be changing from 12.50 SF/CTN to 12.60 SF/CTN as inventory in the old packaging is exhausted."]
[null,null,null,null,null,null,null,null,null,null,null,null,null,null,null,null,null,null,null,null,null,null,null,null,null,null,null,null,null,null,null,null,null,null,null,null,null,null,null,null,"X"]
[null,null,null,null,"Colors of the Year:",null,"U725 Deep Blue          U715 Olive Green          U723 Soft Blue",null,null,null,null,null,null,null,null,null,null,null,null,null,null,null,null,null,null,null,null,null,null,null,null,null,null,null,null,null,null,null,null,null,"X"]
[null,null,null,null,null,null,null,null,null,null,null,null,null,null,null,null,null,null,null,null,null,null,null,null,null,null,null,null,null,null,null,null,null,null,null,null,null,null,null,null,"X"]
[null,"Field Tile",null,null,"3\" x 6\"",null,"Field",null,null,null,null,null,null,null,null,"10.00 SF/CTN",null,null,{"$f":"IF(Suggested=\"Yes\",AA512,AG512)","v":7.05},"SF",{"$f":"+Instructions!$B$3","v":"G "},null,{"$f":"+Instructions!$C$22","v":0},{"$f":"ROUND($AA512*(1-W512)+0.004999,2)","v":7.05},null,"",7.05,{"$f":"+W512","v":0},7.05,{"$f":"(AG512-AC512)/AG512","v":0},null,1,{"$f":"SUM(AJ512:AL512)+AE512","v":7.05},null,null,{"$f":"ROUND(AC512/(1-VLOOKUP(AF512,Group,2,FALSE)),2)","v":7.05},{"$f":"IF(VLOOKUP(AF512,Group,5,FALSE)=\"YES\",VLOOKUP(ROUND(ROUND(AJ512,1)-AJ512,2),Round,2,FALSE)+VLOOKUP(AF512,Group,6,FALSE),0)","v":0},{"$f":"IF(VLOOKUP(AF512,Group,7,FALSE)=\"\",0,ROUND(AJ512-0.04999,1)-AJ512+AM512)","v":0},{"$f":"IF(VLOOKUP(AF512,Group,7,FALSE)=\"\",\"\",VLOOKUP(AF512,Group,7,FALSE))","v":""},null,"X"]
[null,"Field Tile",null,null,"3\" x 12\"",null,"Field",null,null,null,null,null,null,null,null,"12.59 SF/CTN",null,null,{"$f":"IF(Suggested=\"Yes\",AA513,AG513)","v":10.15},"SF",{"$f":"+Instructions!$B$3","v":"G "},null,{"$f":"+Instructions!$C$22","v":0},{"$f":"ROUND($AA513*(1-W513)+0.004999,2)","v":10.15},null,"",10.15,0,10.15,{"$f":"(AG513-AC513)/AG513","v":0},null,1,{"$f":"SUM(AJ513:AL513)+AE513","v":10.15},null,null,{"$f":"ROUND(AC513/(1-VLOOKUP(AF513,Group,2,FALSE)),2)","v":10.15},{"$f":"IF(VLOOKUP(AF513,Group,5,FALSE)=\"YES\",VLOOKUP(ROUND(ROUND(AJ513,1)-AJ513,2),Round,2,FALSE)+VLOOKUP(AF513,Group,6,FALSE),0)","v":0},{"$f":"IF(VLOOKUP(AF513,Group,7,FALSE)=\"\",0,ROUND(AJ513-0.04999,1)-AJ513+AM513)","v":0},{"$f":"IF(VLOOKUP(AF513,Group,7,FALSE)=\"\",\"\",VLOOKUP(AF513,Group,7,FALSE))","v":""},null,"X"]
[null,"Field Tile",null,null,"4-1/4\" x 16\"",null,"Field",null,null,null,null,null,null,null,null,"15.33 SF/CTN",null,null,{"$f":"IF(Suggested=\"Yes\",AA514,AG514)","v":7.1},"SF",{"$f":"+Instructions!$B$3","v":"G "},null,{"$f":"+Instructions!$C$22","v":0},{"$f":"ROUND($AA514*(1-W514)+0.004999,2)","v":7.1},null,"",7.1,0,7.1,{"$f":"(AG514-AC514)/AG514","v":0},null,1,{"$f":"SUM(AJ514:AL514)+AE514","v":7.1},null,null,{"$f":"ROUND(AC514/(1-VLOOKUP(AF514,Group,2,FALSE)),2)","v":7.1},{"$f":"IF(VLOOKUP(AF514,Group,5,FALSE)=\"YES\",VLOOKUP(ROUND(ROUND(AJ514,1)-AJ514,2),Round,2,FALSE)+VLOOKUP(AF514,Group,6,FALSE),0)","v":0},{"$f":"IF(VLOOKUP(AF514,Group,7,FALSE)=\"\",0,ROUND(AJ514-0.04999,1)-AJ514+AM514)","v":0},{"$f":"IF(VLOOKUP(AF514,Group,7,FALSE)=\"\",\"\",VLOOKUP(AF514,Group,7,FALSE))","v":""},null,"X"]
[null,null,null,null,null,null,null,null,null,null,null,null,null,null,null,null,null,null,null,null,null,null,null,null,null,null,null,null,null,null,null,null,null,null,null,null,null,null,null,null,"X"]
[null,"Trim",null,null,"1/2\" x 12\"",null,"S4112",null,null,null,"Pencil",null,null,null,null,null,null,null,{"$f":"IF(Suggested=\"Yes\",AA516,AG516)","v":10.1},"EA",{"$f":"+Instructions!$B$3","v":"G "},null,{"$f":"+Instructions!$C$22","v":0},{"$f":"ROUND($AA516*(1-W516)+0.004999,2)","v":10.1},null,"",10.1,{"$f":"+W516","v":0},{"$f":"+X516","v":10.1},{"$f":"(AG516-AC516)/AG516","v":0},null,2,{"$f":"SUM(AJ516:AL516)+AE516","v":10.1},null,null,{"$f":"ROUND(AC516/(1-VLOOKUP(AF516,Group,2,FALSE)),2)","v":10.1},{"$f":"IF(VLOOKUP(AF516,Group,5,FALSE)=\"YES\",VLOOKUP(ROUND(ROUND(AJ516,1)-AJ516,2),Round,2,FALSE)+VLOOKUP(AF516,Group,6,FALSE),0)","v":0},{"$f":"IF(VLOOKUP(AF516,Group,7,FALSE)=\"\",0,ROUND(AJ516-0.04999,1)-AJ516+AM516)","v":0},{"$f":"IF(VLOOKUP(AF516,Group,7,FALSE)=\"\",\"\",VLOOKUP(AF516,Group,7,FALSE))","v":""},null,"X"]
[null,null,null,null,null,null,null,null,null,null,null,null,null,null,null,null,null,null,null,null,null,null,null,null,null,null,null,null,null,null,null,null,null,null,null,null,null,null,null,null,"X"]
[null,null,null,"Colors:","U708 Mist          U706 Petrol          U709 Sage Green",null,null,null,null,null,null,null,null,null,null,null,null,null,null,null,null,null,null,null,null,null,null,null,null,null,null,null,null,null,null,null,null,null,null,null,"X"]
[null,null,null,null," ",null,null,null,null,null,null,null,null,null,null,null,null,null,null,null,null,null,null,null,null,null,null,null,null,null,null,null,null,null,null,null,null,null,null,null,"X"]
[null,"Field Tile",null,null,"3\" x 12\"",null,"Field",null,null,null,null,null,null,null,null,"12.64 SF/CTN",null,null,{"$f":"IF(Suggested=\"Yes\",AA520,AG520)","v":7},"SF",{"$f":"+Instructions!$B$3","v":"G "},null,{"$f":"+Instructions!$C$22","v":0},{"$f":"ROUND($AA520*(1-W520)+0.004999,2)","v":7},null,"new",7,{"$f":"+W520","v":0},{"$f":"+X520","v":7},{"$f":"(AG520-AC520)/AG520","v":0},null,1,{"$f":"SUM(AJ520:AL520)+AE520","v":7},null,null,{"$f":"ROUND(AC520/(1-VLOOKUP(AF520,Group,2,FALSE)),2)","v":7},{"$f":"IF(VLOOKUP(AF520,Group,5,FALSE)=\"YES\",VLOOKUP(ROUND(ROUND(AJ520,1)-AJ520,2),Round,2,FALSE)+VLOOKUP(AF520,Group,6,FALSE),0)","v":0},{"$f":"IF(VLOOKUP(AF520,Group,7,FALSE)=\"\",0,ROUND(AJ520-0.04999,1)-AJ520+AM520)","v":0},{"$f":"IF(VLOOKUP(AF520,Group,7,FALSE)=\"\",\"\",VLOOKUP(AF520,Group,7,FALSE))","v":""},null,"X"]
[null,null,null,null,null,null,null,null,null,null,null,null,null,null,null,null,null,null,null,null,null,null,null,null,null,null,null,null,null,null,null,null,null,null,null,null,null,null,null,null,"X"]
[null,null,null,"Color:","U705 Neu Gray",null,null,null,null,null,null,null,null,null,null,null,null,null,null,null,null,null,null,null,null,null,null,null,null,null,null,null,null,null,null,null,null,null,null,null,"X"]
[null,null,null,null," ",null,null,null,null,null,null,null,null,null,null,null,null,null,null,null,null,null,null,null,null,null,null,null,null,null,null,null,null,null,null,null,null,null,null,null,"X"]
[null,"Field Tile",null,null,"3\" x 12\"",null,"Field",null,null,null,null,null,null,null,null,"12.64 SF/CTN",null,null,{"$f":"IF(Suggested=\"Yes\",AA524,AG524)","v":5},"SF",{"$f":"+Instructions!$B$3","v":"G "},null,{"$f":"+Instructions!$C$22","v":0},{"$f":"ROUND($AA524*(1-W524)+0.004999,2)","v":5},null,"new",5,{"$f":"+W524","v":0},{"$f":"+X524","v":5},{"$f":"(AG524-AC524)/AG524","v":0},null,1,{"$f":"SUM(AJ524:AL524)+AE524","v":5},null,null,{"$f":"ROUND(AC524/(1-VLOOKUP(AF524,Group,2,FALSE)),2)","v":5},{"$f":"IF(VLOOKUP(AF524,Group,5,FALSE)=\"YES\",VLOOKUP(ROUND(ROUND(AJ524,1)-AJ524,2),Round,2,FALSE)+VLOOKUP(AF524,Group,6,FALSE),0)","v":0},{"$f":"IF(VLOOKUP(AF524,Group,7,FALSE)=\"\",0,ROUND(AJ524-0.04999,1)-AJ524+AM524)","v":0},{"$f":"IF(VLOOKUP(AF524,Group,7,FALSE)=\"\",\"\",VLOOKUP(AF524,Group,7,FALSE))","v":""},null,"X"]
[null,null,null,null,null,null,null,null,null,null,null,null,null,null,null,null,null,null,null,null,null,null,null,null,null,null,null,null,null,null,null,null,null,null,null,null,null,null,null,null,"X"]
[null,null,null,"Colors:","U708 Mist          U706 Petrol          U707 Teal",null,null,null,null,null,null,null,null,null,null,null,null,null,null,null,null,null,null,null,null,null,null,null,null,null,null,null,null,null,null,null,null,null,null,null,"X"]
[null,null,null,null," ",null,null,null,null,null,null,null,null,null,null,null,null,null,null,null,null,null,null,null,null,null,null,null,null,null,null,null,null,null,null,null,null,null,null,null,"X"]
[null,"Field Tile",null,null,"4\" x 12\"",null,"Field",null,null,null,null,null,null,null,null,"11.51 SF/CTN",null,null,{"$f":"IF(Suggested=\"Yes\",AA528,AG528)","v":7.05},"SF",{"$f":"+Instructions!$B$3","v":"G "},null,{"$f":"+Instructions!$C$22","v":0},{"$f":"ROUND($AA528*(1-W528)+0.004999,2)","v":7.05},null,"new",7.05,{"$f":"+W528","v":0},{"$f":"+X528","v":7.05},{"$f":"(AG528-AC528)/AG528","v":0},null,1,{"$f":"SUM(AJ528:AL528)+AE528","v":7.05},null,null,{"$f":"ROUND(AC528/(1-VLOOKUP(AF528,Group,2,FALSE)),2)","v":7.05},{"$f":"IF(VLOOKUP(AF528,Group,5,FALSE)=\"YES\",VLOOKUP(ROUND(ROUND(AJ528,1)-AJ528,2),Round,2,FALSE)+VLOOKUP(AF528,Group,6,FALSE),0)","v":0},{"$f":"IF(VLOOKUP(AF528,Group,7,FALSE)=\"\",0,ROUND(AJ528-0.04999,1)-AJ528+AM528)","v":0},{"$f":"IF(VLOOKUP(AF528,Group,7,FALSE)=\"\",\"\",VLOOKUP(AF528,Group,7,FALSE))","v":""},null,"X"]
[null,null,null,null,null,null,null,null,null,null,null,null,null,null,null,null,null,null,null,null,null,null,null,null,null,null,null,null,null,null,null,null,null,null,null,null,null,null,null,null,"X"]
[null,null,null,"Color:","U705 Neu Gray",null,null,null,null,null,null,null,null,null,null,null,null,null,null,null,null,null,null,null,null,null,null,null,null,null,null,null,null,null,null,null,null,null,null,null,"X"]
[null,null,null,null," ",null,null,null,null,null,null,null,null,null,null,null,null,null,null,null,null,null,null,null,null,null,null,null,null,null,null,null,null,null,null,null,null,null,null,null,"X"]
[null,"Field Tile",null,null,"4\" x 12\"",null,"Field",null,null,null,null,null,null,null,null,"11.51 SF/CTN",null,null,{"$f":"IF(Suggested=\"Yes\",AA532,AG532)","v":5.05},"SF",{"$f":"+Instructions!$B$3","v":"G "},null,{"$f":"+Instructions!$C$22","v":0},{"$f":"ROUND($AA532*(1-W532)+0.004999,2)","v":5.05},null,"new",5.05,{"$f":"+W532","v":0},{"$f":"+X532","v":5.05},{"$f":"(AG532-AC532)/AG532","v":0},null,1,{"$f":"SUM(AJ532:AL532)+AE532","v":5.05},null,null,{"$f":"ROUND(AC532/(1-VLOOKUP(AF532,Group,2,FALSE)),2)","v":5.05},{"$f":"IF(VLOOKUP(AF532,Group,5,FALSE)=\"YES\",VLOOKUP(ROUND(ROUND(AJ532,1)-AJ532,2),Round,2,FALSE)+VLOOKUP(AF532,Group,6,FALSE),0)","v":0},{"$f":"IF(VLOOKUP(AF532,Group,7,FALSE)=\"\",0,ROUND(AJ532-0.04999,1)-AJ532+AM532)","v":0},{"$f":"IF(VLOOKUP(AF532,Group,7,FALSE)=\"\",\"\",VLOOKUP(AF532,Group,7,FALSE))","v":""},null,"X"]
[null,null,null,null,null,null,null,null,null,null,null,null,null,null,null,null,null,null,null,null,null,null,null,null,null,null,null,null,null,null,null,null,null,null,null,null,null,null,null,null,"X"]
[null,null,"COLOR COLLECTION - MATTE - Glazed Ceramic",null,null,null,null,null,null,null,null,null,null,null,null,null,null,"Item # Lookup:","USU",null,null,null,null,null,null,null,null,null,null,null,null,null,null,null,null,null,null,null,null,null,"X"]
[null,null,null,null,null,null,null,null,null,null,null,null,null,null,null,null,null,null,null,null,null,null,null,null,null,null,null,null,null,null,null,null,null,null,null,null,null,null,null,null,"X"]
[null,null,null,null," Group 0 Colors:",null,"U274 Biscuit          U261 Tender Gray          U281 White Ice                              ",null,null,null,null,null,null,null,null,null,null,null,null,null,null,null,null,null,null,null,null,null,null,null,null,null,null,null,null,null,null,null,null,null,"X"]
[null,null,null," ",null,null,null,null,null,null,null,null,null,null,null,null,null,null,null,null,null,null,null,null,null,null,null,null,null,null,null,null,null,null,null,null,null,null,null,null,"X"]
[null,"Field Tile",null,null,"4-1/4\" x 4-1/4\"",null,"Field",null,null,null,null,null,null,null,null,"10.00 SF/CTN",null,null,{"$f":"IF(Suggested=\"Yes\",AA538,AG538)","v":4.5},"SF",{"$f":"+Instructions!$B$3","v":"G "},null,{"$f":"+Instructions!$C$22","v":0},{"$f":"ROUND($AA538*(1-W538)+0.004999,2)","v":4.5},null,"",4.5,{"$f":"+W538","v":0},4.5,{"$f":"(AG538-AC538)/AG538","v":0},null,1,{"$f":"SUM(AJ538:AL538)+AE538","v":4.5},null,null,{"$f":"ROUND(AC538/(1-VLOOKUP(AF538,Group,2,FALSE)),2)","v":4.5},{"$f":"IF(VLOOKUP(AF538,Group,5,FALSE)=\"YES\",VLOOKUP(ROUND(ROUND(AJ538,1)-AJ538,2),Round,2,FALSE)+VLOOKUP(AF538,Group,6,FALSE),0)","v":0},{"$f":"IF(VLOOKUP(AF538,Group,7,FALSE)=\"\",0,ROUND(AJ538-0.04999,1)-AJ538+AM538)","v":0},{"$f":"IF(VLOOKUP(AF538,Group,7,FALSE)=\"\",\"\",VLOOKUP(AF538,Group,7,FALSE))","v":""},null,"X"]
[null,"Field Tile",null,null,"3\" x 6\"",null,"Field",null,null,null,null,null,null,null,null,"10.00 SF/CTN",null,"a",4.45,"SF",{"$f":"+Instructions!$B$3","v":"G "},null,{"$f":"+Instructions!$C$22","v":0},4.45,null,"",4.45,0,4.45,0,null,1,4.45,null,null,4.45,0,0,"",null,"X"]
[null,"Field Tile",null,null,"3\" x 6\"",null,"Field",null,"Beveled Edge",null,null,null,null,null,null,"10.00 SF/CTN",null,"b,c",5.0999999999999996,"SF",{"$f":"+Instructions!$B$3","v":"G "},null,{"$f":"+Instructions!$C$22","v":0},5.0999999999999996,null,"",5.0999999999999996,{"$f":"+W540","v":0},{"$f":"+X540","v":5.0999999999999996},0,null,1,5.0999999999999996,null,null,5.0999999999999996,0,0,"",null,"X"]
[null,"Field Tile",null,null,"6\" x 6\"",null,"Field",null,null,null,null,null,null,null,null,"12.50 SF/CTN",null,"d",4.45,"SF",{"$f":"+Instructions!$B$3","v":"G "},null,{"$f":"+Instructions!$C$22","v":0},4.45,null,"",4.45,0,4.45,0,null,1,4.45,null,null,4.45,0,0,"",null,"X"]
[null,"Field Tile",null,null,"2\" x 8\"",null,"Field",null,null,null,null,null,null,null,null,"6.50 SF/CTN",null,"b",6.3,"SF",{"$f":"+Instructions!$B$3","v":"G "},null,{"$f":"+Instructions!$C$22","v":0},6.3,null,"",6.3,0,6.3,0,null,1,6.3,null,null,6.3,0,0,"",null,"X"]
[null,"Field Tile",null,null,"4-1/4\" x 10\"",null,"Field",null,null,null,null,null,null,null,null,"11.25 SF/CTN",null,null,5.05,"SF",{"$f":"+Instructions!$B$3","v":"G "},null,{"$f":"+Instructions!$C$22","v":0},5.05,null,"",5.05,0,5.05,0,null,1,5.05,null,null,5.05,0,0,"",null,"X"]
[null,"Field Tile",null,null,"4-1/4\" x 10\"",null,"Field",null,"Beveled Edge",null,null,null,null,null,null,"11.25 SF/CTN",null,"b,c",5.85,"SF",{"$f":"+Instructions!$B$3","v":"G "},null,{"$f":"+Instructions!$C$22","v":0},5.85,null,"",5.85,0,5.85,0,null,1,5.85,null,null,5.85,0,0,"",null,"X"]
[null,"Field Tile",null,null,"4-1/4\" x 10\"",null,"Field",null,"Wavy",null,null,null,null,null,null,"11.25 SF/CTN",null,"b,c",5.85,"SF",{"$f":"+Instructions!$B$3","v":"G "},null,{"$f":"+Instructions!$C$22","v":0},5.85,null,"",5.85,{"$f":"+W545","v":0},{"$f":"+X545","v":5.85},0,null,1,5.85,null,null,5.85,0,0,"",null,"X"]
[null,"Field Tile",null,null,"3\" x 12\"",null,"Field",null,null,null,null,null,null,null,null,"12.59 SF/CTN",null,"e",6.25,"SF",{"$f":"+Instructions!$B$3","v":"G "},null,{"$f":"+Instructions!$C$22","v":0},6.25,null,"",6.25,0,6.25,0,null,1,6.25,null,null,6.25,0,0,"",null,"X"]
[null,"Field Tile",null,null,"3\" x 12\"",null,"Field",null,"Picket",null,null,null,null,null,null,"11.79 SF/CTN",null,"e",{"$f":"IF(Suggested=\"Yes\",AA547,AG547)","v":8.9499999999999993},"SF",{"$f":"+Instructions!$B$3","v":"G "},null,{"$f":"+Instructions!$C$22","v":0},{"$f":"ROUND($AA547*(1-W547)+0.004999,2)","v":8.9499999999999993},null,"",8.9499999999999993,0,8.9499999999999993,{"$f":"(AG547-AC547)/AG547","v":0},null,1,{"$f":"SUM(AJ547:AL547)+AE547","v":8.9499999999999993},null,null,{"$f":"ROUND(AC547/(1-VLOOKUP(AF547,Group,2,FALSE)),2)","v":8.9499999999999993},{"$f":"IF(VLOOKUP(AF547,Group,5,FALSE)=\"YES\",VLOOKUP(ROUND(ROUND(AJ547,1)-AJ547,2),Round,2,FALSE)+VLOOKUP(AF547,Group,6,FALSE),0)","v":0},{"$f":"IF(VLOOKUP(AF547,Group,7,FALSE)=\"\",0,ROUND(AJ547-0.04999,1)-AJ547+AM547)","v":0},{"$f":"IF(VLOOKUP(AF547,Group,7,FALSE)=\"\",\"\",VLOOKUP(AF547,Group,7,FALSE))","v":""},null,"X"]
[null,"Field Tile",null,null,"4\" x 12\"",null,"Field",null,null,null,null,null,null,null,null,"11.49 SF/CTN",null,"e",{"$f":"IF(Suggested=\"Yes\",AA548,AG548)","v":5.05},"SF",{"$f":"+Instructions!$B$3","v":"G "},null,{"$f":"+Instructions!$C$22","v":0},{"$f":"ROUND($AA548*(1-W548)+0.004999,2)","v":5.05},null,"YES",5.05,0,5.05,{"$f":"(AG548-AC548)/AG548","v":0},null,1,{"$f":"SUM(AJ548:AL548)+AE548","v":5.05},null,null,{"$f":"ROUND(AC548/(1-VLOOKUP(AF548,Group,2,FALSE)),2)","v":5.05},{"$f":"IF(VLOOKUP(AF548,Group,5,FALSE)=\"YES\",VLOOKUP(ROUND(ROUND(AJ548,1)-AJ548,2),Round,2,FALSE)+VLOOKUP(AF548,Group,6,FALSE),0)","v":0},{"$f":"IF(VLOOKUP(AF548,Group,7,FALSE)=\"\",0,ROUND(AJ548-0.04999,1)-AJ548+AM548)","v":0},{"$f":"IF(VLOOKUP(AF548,Group,7,FALSE)=\"\",\"\",VLOOKUP(AF548,Group,7,FALSE))","v":""},null,"X"]
[null,"Field Tile",null,null,"4-1/4\" x 16\"",null,"Field",null,null,null,null,null,null,null,null,"15.33 SF/CTN",null,"f",{"$f":"IF(Suggested=\"Yes\",AA549,AG549)","v":4.3499999999999996},"SF",{"$f":"+Instructions!$B$3","v":"G "},null,{"$f":"+Instructions!$C$22","v":0},{"$f":"ROUND($AA549*(1-W549)+0.004999,2)","v":4.3499999999999996},null,"",4.3499999999999996,{"$f":"+W549","v":0},{"$f":"+X549","v":4.3499999999999996},{"$f":"(AG549-AC549)/AG549","v":0},null,1,{"$f":"SUM(AJ549:AL549)+AE549","v":4.3499999999999996},null,null,{"$f":"ROUND(AC549/(1-VLOOKUP(AF549,Group,2,FALSE)),2)","v":4.3499999999999996},{"$f":"IF(VLOOKUP(AF549,Group,5,FALSE)=\"YES\",VLOOKUP(ROUND(ROUND(AJ549,1)-AJ549,2),Round,2,FALSE)+VLOOKUP(AF549,Group,6,FALSE),0)","v":0},{"$f":"IF(VLOOKUP(AF549,Group,7,FALSE)=\"\",0,ROUND(AJ549-0.04999,1)-AJ549+AM549)","v":0},{"$f":"IF(VLOOKUP(AF549,Group,7,FALSE)=\"\",\"\",VLOOKUP(AF549,Group,7,FALSE))","v":""},null,"X"]
[null,"Field Tile",null,null,"6\" x 18\"",null,"Field",null,null,null,null,null,null,null,null,"12.00 SF/CTN",null,"b",{"$f":"IF(Suggested=\"Yes\",AA550,AG550)","v":5.5},"SF",{"$f":"+Instructions!$B$3","v":"G "},null,{"$f":"+Instructions!$C$22","v":0},{"$f":"ROUND($AA550*(1-W550)+0.004999,2)","v":5.5},null,"",5.5,{"$f":"+W550","v":0},{"$f":"+X550","v":5.5},{"$f":"(AG550-AC550)/AG550","v":0},null,1,{"$f":"SUM(AJ550:AL550)+AE550","v":5.5},null,null,{"$f":"ROUND(AC550/(1-VLOOKUP(AF550,Group,2,FALSE)),2)","v":5.5},{"$f":"IF(VLOOKUP(AF550,Group,5,FALSE)=\"YES\",VLOOKUP(ROUND(ROUND(AJ550,1)-AJ550,2),Round,2,FALSE)+VLOOKUP(AF550,Group,6,FALSE),0)","v":0},{"$f":"IF(VLOOKUP(AF550,Group,7,FALSE)=\"\",0,ROUND(AJ550-0.04999,1)-AJ550+AM550)","v":0},{"$f":"IF(VLOOKUP(AF550,Group,7,FALSE)=\"\",\"\",VLOOKUP(AF550,Group,7,FALSE))","v":""},null,"X"]
[null,null,null,null,null,null,null,null,null,null,null,null,null,null,null,null,null,null,null,null,null,null,null,null,null,null,null,null,null,null,null,null,null,null,null,null,null,null,null,null,"X"]
[null,"Trim",null,null,"2\" x 6\"",null,"S4269",null,null,null,"Bullnose",null,null,null,null,null,null,null,{"$f":"IF(Suggested=\"Yes\",AA552,AG552)","v":1.25},"EA",{"$f":"+Instructions!$B$3","v":"G "},null,{"$f":"+Instructions!$C$22","v":0},{"$f":"ROUND($AA552*(1-W552)+0.004999,2)","v":1.25},null,"",1.25,{"$f":"+W552","v":0},{"$f":"+X552","v":1.25},{"$f":"(AG552-AC552)/AG552","v":0},null,2,{"$f":"SUM(AJ552:AL552)+AE552","v":1.25},null,null,{"$f":"ROUND(AC552/(1-VLOOKUP(AF552,Group,2,FALSE)),2)","v":1.25},{"$f":"IF(VLOOKUP(AF552,Group,5,FALSE)=\"YES\",VLOOKUP(ROUND(ROUND(AJ552,1)-AJ552,2),Round,2,FALSE)+VLOOKUP(AF552,Group,6,FALSE),0)","v":0},{"$f":"IF(VLOOKUP(AF552,Group,7,FALSE)=\"\",0,ROUND(AJ552-0.04999,1)-AJ552+AM552)","v":0},{"$f":"IF(VLOOKUP(AF552,Group,7,FALSE)=\"\",\"\",VLOOKUP(AF552,Group,7,FALSE))","v":""},null,"X"]
[null,"Trim",null,null,"2\" x 8\"",null,"S4289",null,null,null,"Bullnose",null,null,null,null,null,null,"b",3.4,"EA",{"$f":"+Instructions!$B$3","v":"G "},null,{"$f":"+Instructions!$C$22","v":0},3.4,null,"",3.4,0,3.4,0,null,2,3.4,null,null,3.4,0,0,"",null,"X"]
[null,"Trim",null,null,"2\" x 2\"",null,"SN4269",null,null,null,"Bullnose Corner",null,null,null,null,null,null,null,2.2999999999999998,"EA",{"$f":"+Instructions!$B$3","v":"G "},null,{"$f":"+Instructions!$C$22","v":0},2.2999999999999998,null,"",2.2999999999999998,0,2.2999999999999998,0,null,2,2.2999999999999998,null,null,2.2999999999999998,0,0,"",null,"X"]
[null,"Trim",null,null,"4-1/4\" x 4-1/4\"",null,"S4449",null,null,null,"Bullnose",null,null,null,null,null,null,null,3.1,"EA",{"$f":"+Instructions!$B$3","v":"G "},null,{"$f":"+Instructions!$C$22","v":0},3.1,null,"",3.1,0,3.1,0,null,2,3.1,null,null,3.1,0,0,"",null,"X"]
[null,"Trim",null,null,"4-1/4\" x 4-1/4\"",null,"SN4449",null,null,null,"Bullnose Corner",null,null,null,null,null,null,null,4.1500000000000004,"EA",{"$f":"+Instructions!$B$3","v":"G "},null,{"$f":"+Instructions!$C$22","v":0},4.1500000000000004,null,"",4.1500000000000004,0,4.1500000000000004,0,null,2,4.1500000000000004,null,null,4.1500000000000004,0,0,"",null,"X"]
[null,"Trim",null,null,"3\" x 6\"",null,"S4369",null,null,null,"Bullnose - 6\" edge",null,null,null,null,null,null,null,2.65,"EA",{"$f":"+Instructions!$B$3","v":"G "},null,{"$f":"+Instructions!$C$22","v":0},2.65,null,"",2.65,0,2.65,0,null,2,2.65,null,null,2.65,0,0,"",null,"X"]
[null,"Trim",null,null,"3\" x 6\"",null,"S4639",null,null,null,"Bullnose - 3\" edge",null,null,null,null,null,null,null,2.65,"EA",{"$f":"+Instructions!$B$3","v":"G "},null,{"$f":"+Instructions!$C$22","v":0},2.65,null,"",2.65,0,2.65,0,null,2,2.65,null,null,2.65,0,0,"",null,"X"]
[null,"Trim",null,null,"3\" x 10\"",null,"S4310",null,null,null,"Bullnose",null,null,null,null,null,null,null,{"$f":"IF(Suggested=\"Yes\",AA559,AG559)","v":4.5},"EA",{"$f":"+Instructions!$B$3","v":"G "},null,{"$f":"+Instructions!$C$22","v":0},{"$f":"ROUND($AA559*(1-W559)+0.004999,2)","v":4.5},null,"",4.5,{"$f":"+W559","v":0},{"$f":"+X559","v":4.5},{"$f":"(AG559-AC559)/AG559","v":0},null,2,{"$f":"SUM(AJ559:AL559)+AE559","v":4.5},null,null,{"$f":"ROUND(AC559/(1-VLOOKUP(AF559,Group,2,FALSE)),2)","v":4.5},{"$f":"IF(VLOOKUP(AF559,Group,5,FALSE)=\"YES\",VLOOKUP(ROUND(ROUND(AJ559,1)-AJ559,2),Round,2,FALSE)+VLOOKUP(AF559,Group,6,FALSE),0)","v":0},{"$f":"IF(VLOOKUP(AF559,Group,7,FALSE)=\"\",0,ROUND(AJ559-0.04999,1)-AJ559+AM559)","v":0},{"$f":"IF(VLOOKUP(AF559,Group,7,FALSE)=\"\",\"\",VLOOKUP(AF559,Group,7,FALSE))","v":""},null,"X"]
[null,"Trim",null,null,"3\" x 12\"",null,"S4312",null,null,null,"Bullnose",null,null,null,null,null,null,"e",{"$f":"IF(Suggested=\"Yes\",AA560,AG560)","v":5.3},"EA",{"$f":"+Instructions!$B$3","v":"G "},null,{"$f":"+Instructions!$C$22","v":0},{"$f":"ROUND($AA560*(1-W560)+0.004999,2)","v":5.3},null,"",5.3,{"$f":"+W560","v":0},{"$f":"+X560","v":5.3},{"$f":"(AG560-AC560)/AG560","v":0},null,2,{"$f":"SUM(AJ560:AL560)+AE560","v":5.3},null,null,{"$f":"ROUND(AC560/(1-VLOOKUP(AF560,Group,2,FALSE)),2)","v":5.3},{"$f":"IF(VLOOKUP(AF560,Group,5,FALSE)=\"YES\",VLOOKUP(ROUND(ROUND(AJ560,1)-AJ560,2),Round,2,FALSE)+VLOOKUP(AF560,Group,6,FALSE),0)","v":0},{"$f":"IF(VLOOKUP(AF560,Group,7,FALSE)=\"\",0,ROUND(AJ560-0.04999,1)-AJ560+AM560)","v":0},{"$f":"IF(VLOOKUP(AF560,Group,7,FALSE)=\"\",\"\",VLOOKUP(AF560,Group,7,FALSE))","v":""},null,"X"]
[null,"Trim",null,null,"3\" x 3\"",null,"SN4339",null,null,null,"Bullnose Corner",null,null,null,null,null,null,null,6.8,"EA",{"$f":"+Instructions!$B$3","v":"G "},null,{"$f":"+Instructions!$C$22","v":0},6.8,null,"",6.8,0,6.8,0,null,2,6.8,null,null,6.8,0,0,"",null,"X"]
[null,"Trim",null,null,"6\" x 6\"",null,"S4669",null,null,null,"Bullnose",null,null,null,null,null,null,null,3.2,"EA",{"$f":"+Instructions!$B$3","v":"G "},null,{"$f":"+Instructions!$C$22","v":0},3.2,null,"",3.2,0,3.2,0,null,2,3.2,null,null,3.2,0,0,"",null,"X"]
[null,"Trim",null,null,"6\" x 6\"",null,"SN4669",null,null,null,"Bullnose Corner",null,null,null,null,null,null,null,4.6500000000000004,"EA",{"$f":"+Instructions!$B$3","v":"G "},null,{"$f":"+Instructions!$C$22","v":0},4.6500000000000004,null,"",4.6500000000000004,0,4.6500000000000004,0,null,2,4.6500000000000004,null,null,4.6500000000000004,0,0,"",null,"X"]
[null,"Trim",null,null,"4-1/4\" x 16\"",null,"S4169",null,null,null,"Bullnose",null,null,null,null,null,null,null,{"$f":"IF(Suggested=\"Yes\",AA564,AG564)","v":8.25},"EA",{"$f":"+Instructions!$B$3","v":"G "},null,{"$f":"+Instructions!$C$22","v":0},8.25,null,"",8.25,0,8.25,0,null,2,8.25,null,null,8.25,0,0,"",null,"X"]
[null,"Trim",null,null,"6\" x 18\"",null,"S4618",null,null,null,"Bullnose",null,null,null,null,null,null,"b",{"$f":"IF(Suggested=\"Yes\",AA565,AG565)","v":11.25},"EA",{"$f":"+Instructions!$B$3","v":"G "},null,{"$f":"+Instructions!$C$22","v":0},11.25,null,"",11.25,0,11.25,0,null,2,11.25,null,null,11.25,0,0,"",null,"X"]
[null," ",null,null,null,null,null,null,null,null,null,null,null,null,null,null,null,null,null,null,null,null,null,null,null,null,null,null,null,null,null,null,null,null,null,null,null,null,null,null,"X"]
[null,"Trim",null,null,"3\" x 6\"",null,"AT1663",null,null,null,"Flat Top Cove Base",null,null,null,null,null,null,null,{"$f":"IF(Suggested=\"Yes\",AA567,AG567)","v":2.0499999999999998},"EA",{"$f":"+Instructions!$B$3","v":"G "},null,{"$f":"+Instructions!$C$22","v":0},{"$f":"ROUND($AA567*(1-W567)+0.004999,2)","v":2.0499999999999998},null,"",2.0499999999999998,{"$f":"+W567","v":0},2.0499999999999998,{"$f":"(AG567-AC567)/AG567","v":0},null,2,{"$f":"SUM(AJ567:AL567)+AE567","v":2.0499999999999998},null,null,{"$f":"ROUND(AC567/(1-VLOOKUP(AF567,Group,2,FALSE)),2)","v":2.0499999999999998},{"$f":"IF(VLOOKUP(AF567,Group,5,FALSE)=\"YES\",VLOOKUP(ROUND(ROUND(AJ567,1)-AJ567,2),Round,2,FALSE)+VLOOKUP(AF567,Group,6,FALSE),0)","v":0},{"$f":"IF(VLOOKUP(AF567,Group,7,FALSE)=\"\",0,ROUND(AJ567-0.04999,1)-AJ567+AM567)","v":0},{"$f":"IF(VLOOKUP(AF567,Group,7,FALSE)=\"\",\"\",VLOOKUP(AF567,Group,7,FALSE))","v":""},null,"X"]
[null,"Trim",null,null,"3\" x 6\"",null,"STCL1663",null,null,null,"Flat Top Cove Base Corner - Left",null,null,null,null,null,null,"b",5.25,"EA",{"$f":"+Instructions!$B$3","v":"G "},null,{"$f":"+Instructions!$C$22","v":0},5.25,null,"",5.25,0,5.25,{"$f":"(AG568-AC568)/AG568","v":0},null,2,{"$f":"SUM(AJ568:AL568)+AE568","v":5.25},null,null,{"$f":"ROUND(AC568/(1-VLOOKUP(AF568,Group,2,FALSE)),2)","v":5.25},{"$f":"IF(VLOOKUP(AF568,Group,5,FALSE)=\"YES\",VLOOKUP(ROUND(ROUND(AJ568,1)-AJ568,2),Round,2,FALSE)+VLOOKUP(AF568,Group,6,FALSE),0)","v":0},{"$f":"IF(VLOOKUP(AF568,Group,7,FALSE)=\"\",0,ROUND(AJ568-0.04999,1)-AJ568+AM568)","v":0},{"$f":"IF(VLOOKUP(AF568,Group,7,FALSE)=\"\",\"\",VLOOKUP(AF568,Group,7,FALSE))","v":""},null,"X"]
[null,"Trim",null,null,"3\" x 6\"",null,"STCR1663",null,null,null,"Flat Top Cove Base Corner - Right",null,null,null,null,null," ","b",5.25,"EA",{"$f":"+Instructions!$B$3","v":"G "},null,{"$f":"+Instructions!$C$22","v":0},5.25,null,"",5.25,0,5.25,{"$f":"(AG569-AC569)/AG569","v":0},null,2,{"$f":"SUM(AJ569:AL569)+AE569","v":5.25},null,null,{"$f":"ROUND(AC569/(1-VLOOKUP(AF569,Group,2,FALSE)),2)","v":5.25},{"$f":"IF(VLOOKUP(AF569,Group,5,FALSE)=\"YES\",VLOOKUP(ROUND(ROUND(AJ569,1)-AJ569,2),Round,2,FALSE)+VLOOKUP(AF569,Group,6,FALSE),0)","v":0},{"$f":"IF(VLOOKUP(AF569,Group,7,FALSE)=\"\",0,ROUND(AJ569-0.04999,1)-AJ569+AM569)","v":0},{"$f":"IF(VLOOKUP(AF569,Group,7,FALSE)=\"\",\"\",VLOOKUP(AF569,Group,7,FALSE))","v":""},null,"X"]
[null,"Trim",null,null,"4-1/4\" x 4-1/4\"",null,"AT3401",null,null,null,"Flat Top Cove Base",null,null,null,null,null,null,null,1.6,"EA",{"$f":"+Instructions!$B$3","v":"G "},null,{"$f":"+Instructions!$C$22","v":0},1.6,null,"",1.6,{"$f":"+W570","v":0},{"$f":"+X570","v":1.6},{"$f":"(AG570-AC570)/AG570","v":0},null,2,{"$f":"SUM(AJ570:AL570)+AE570","v":1.6},null,null,{"$f":"ROUND(AC570/(1-VLOOKUP(AF570,Group,2,FALSE)),2)","v":1.6},{"$f":"IF(VLOOKUP(AF570,Group,5,FALSE)=\"YES\",VLOOKUP(ROUND(ROUND(AJ570,1)-AJ570,2),Round,2,FALSE)+VLOOKUP(AF570,Group,6,FALSE),0)","v":0},{"$f":"IF(VLOOKUP(AF570,Group,7,FALSE)=\"\",0,ROUND(AJ570-0.04999,1)-AJ570+AM570)","v":0},{"$f":"IF(VLOOKUP(AF570,Group,7,FALSE)=\"\",\"\",VLOOKUP(AF570,Group,7,FALSE))","v":""},null,"X"]
[null,"Trim",null,null,"4-1/4\" x 4-1/4\"",null,"STCL3401",null,null,null,"Flat Top Cove Base Corner - Left",null,null,null,null,null,null,"b",3.1,"EA",{"$f":"+Instructions!$B$3","v":"G "},null,{"$f":"+Instructions!$C$22","v":0},3.1,null,"",3.1,0,3.1,0,null,2,3.1,null,null,3.1,0,0,"",null,"X"]
[null,"Trim",null,null,"4-1/4\" x 4-1/4\"",null,"STCR3401",null,null,null,"Flat Top Cove Base Corner - Right",null,null,null,null,null,null,"b",3.1,"EA",{"$f":"+Instructions!$B$3","v":"G "},null,{"$f":"+Instructions!$C$22","v":0},3.1,null,"",3.1,0,3.1,0,null,2,3.1,null,null,3.1,0,0,"",null,"X"]
[null,null,null,null,null,null,null,null,null,null,null,null,null,null,null,null,null,null,null,null,null,null,null,null,null,null,null,null,null,null,null,null,null,null,null,null,null,null,null,null,"X"]
[null,null,"continued on next page",null,null,null,null,null,null,null,null,null,null," "]
[null,null,"COLOR COLLECTION - MATTE - Glazed Ceramic - continued",null,null,null,null,null,null,null,null,null,null,null,null,null,null,"Item # Lookup:","USU",null,null,null,null,null,null,null,null,null,null,null,null,null,null,null,null,null,null,null,null,null,"X"]
[null,null,null,null,null,null,null,null,null,null,null,null,null,null,null,null,null,null,null,null,null,null,null,null,null,null,null,null,null,null,null,null,null,null,null,null,null,null,null,null,"X"]
[null,null,null,null," Group 0 Colors:",null,"U274 Biscuit          U261 Tender Gray          U281 White Ice                              ",null,null,null,null,null,null,null,null,null,null,null,null,null,null,null,null,null,null,null,null,null,null,null,null,null,null,null,null,null,null,null,null,null,"X"]
[null,null,null," ",null,null,null,null,null,null,null,null,null,null,null,null,null,null,null,null,null,null,null,null,null,null,null,null,null,null,null,null,null,null,null,null,null,null,null,null,"X"]
[null,"Trim",null,null,"4-1/4\" x 6\"",null,"AT3410",null,null,null,"Round Top Cove Base",null,null,null,null,null,null,null,2.1,"EA",{"$f":"+Instructions!$B$3","v":"G "},null,{"$f":"+Instructions!$C$22","v":0},2.1,null,"",2.1,0,2.1,0,null,2,2.1,null,null,2.1,0,0,"",null,"X"]
[null,"Trim",null,null,"4-1/4\" x 6\"",null,"ATCL3410",null,null,null,"Round Cove Base Corner - Left",null,null,null,null,null,null,null,7.35,"EA",{"$f":"+Instructions!$B$3","v":"G "},null,{"$f":"+Instructions!$C$22","v":0},7.35,null,"",7.35,0,7.35,0,null,2,7.35,null,null,7.35,0,0,"",null,"X"]
[null,"Trim",null,null,"4-1/4\" x 6\"",null,"ATCR3410",null,null,null,"Round Cove Base Corner - Right",null,null,null,null,null,null,null,7.35,"EA",{"$f":"+Instructions!$B$3","v":"G "},null,{"$f":"+Instructions!$C$22","v":0},7.35,null,"",7.35,0,7.35,0,null,2,7.35,null,null,7.35,0,0,"",null,"X"]
[null,"Trim",null,null,"6\" x 6\"",null,"AT3610",null,null,null,"Universal Cove Base",null,null,null,null,null,null,null,5.3,"EA",{"$f":"+Instructions!$B$3","v":"G "},null,{"$f":"+Instructions!$C$22","v":0},5.3,null,"",5.3,0,5.3,0,null,2,5.3,null,null,5.3,0,0,"",null,"X"]
[null,"Trim",null,null,"6\" x 6\"",null,"ATCL3610",null,null,null,"Universal Cove Base Corner - Left",null,null,null,null,null,null,null,7.7,"EA",{"$f":"+Instructions!$B$3","v":"G "},null,{"$f":"+Instructions!$C$22","v":0},7.7,null,"",7.7,0,7.7,0,null,2,7.7,null,null,7.7,0,0,"",null,"X"]
[null,"Trim",null,null,"6\" x 6\"",null,"ATCR3610",null,null,null,"Universal Cove Base Corner - Right",null,null,null,null,null,null,null,7.7,"EA",{"$f":"+Instructions!$B$3","v":"G "},null,{"$f":"+Instructions!$C$22","v":0},7.7,null,"",7.7,0,7.7,0,null,2,7.7,null,null,7.7,0,0,"",null,"X"]
[null,null,null,null,null,null,null,null,null,null,null,null,null,null,null,null,null,null,null,null,null,null,null,null,null,null,null,null,null,null,null,null,null,null,null,null,null,null,null,null,"X"]
[null,"Trim",null,null,"3/4\" x 6\"",null,"A106",null,null,null,"Quarter Round",null,null,null,null,null,null,null,{"$f":"IF(Suggested=\"Yes\",AA586,AG586)","v":2.2999999999999998},"EA",{"$f":"+Instructions!$B$3","v":"G "},null,{"$f":"+Instructions!$C$22","v":0},{"$f":"ROUND($AA586*(1-W586)+0.004999,2)","v":2.2999999999999998},null,"",2.2999999999999998,{"$f":"+W586","v":0},2.2999999999999998,{"$f":"(AG586-AC586)/AG586","v":0},null,2,{"$f":"SUM(AJ586:AL586)+AE586","v":2.2999999999999998},null,null,{"$f":"ROUND(AC586/(1-VLOOKUP(AF586,Group,2,FALSE)),2)","v":2.2999999999999998},{"$f":"IF(VLOOKUP(AF586,Group,5,FALSE)=\"YES\",VLOOKUP(ROUND(ROUND(AJ586,1)-AJ586,2),Round,2,FALSE)+VLOOKUP(AF586,Group,6,FALSE),0)","v":0},{"$f":"IF(VLOOKUP(AF586,Group,7,FALSE)=\"\",0,ROUND(AJ586-0.04999,1)-AJ586+AM586)","v":0},{"$f":"IF(VLOOKUP(AF586,Group,7,FALSE)=\"\",\"\",VLOOKUP(AF586,Group,7,FALSE))","v":""},null,"X"]
[null,"Trim",null,null,"3/4\" x 6\"",null,"AC106",null,null,null,"Quarter Round Out Corner",null,null,null,null,null,null,null,3.8,"EA",{"$f":"+Instructions!$B$3","v":"G "},null,{"$f":"+Instructions!$C$22","v":0},3.8,null,"",3.8,0,3.8,0,null,2,3.8,null,null,3.8,0,0,"",null,"X"]
[null,"Trim",null,null,"3/4\" x 3/4\"",null,"AK106",null,null,null,"Quarter Round In Corner",null,null,null,null,null,null,"b",2.2999999999999998,"EA",{"$f":"+Instructions!$B$3","v":"G "},null,{"$f":"+Instructions!$C$22","v":0},2.2999999999999998,null,"",2.2999999999999998,0,2.2999999999999998,0,null,2,2.2999999999999998,null,null,2.2999999999999998,0,0,"",null,"X"]
[null,"Trim",null,null,"2-1/8\" x 2-5/8 x 6\"",null,"AT8262",null,null,null,"V-Cap (Counter Trim)",null,null,null,null,null,null,null,3.9,"EA",{"$f":"+Instructions!$B$3","v":"G "},null,{"$f":"+Instructions!$C$22","v":0},3.9,null,"",3.9,{"$f":"+W589","v":0},{"$f":"+X589","v":3.9},0,null,2,3.9,null,null,3.9,0,0,"",null,"X"]
[null,"Trim",null,null,"2-1/8\" x 2-5/8",null,"ATC8262",null,null,null,"V-Cap Corner",null,null,null,null,null,null,"b",5.8,"EA",{"$f":"+Instructions!$B$3","v":"G "},null,{"$f":"+Instructions!$C$22","v":0},5.8,null,"",5.8,{"$f":"+W590","v":0},{"$f":"+X590","v":5.8},0,null,2,5.8,null,null,5.8,0,0,"",null,"X"]
[null,"Trim",null,null,"2\" x 6\"",null,"A4200",null,null,null,"Radius Cap",null,null,null,null,null,null,null,2.35,"EA",{"$f":"+Instructions!$B$3","v":"G "},null,{"$f":"+Instructions!$C$22","v":0},2.35,null,"",2.35,0,2.35,0,null,2,2.35,null,null,2.35,0,0,"",null,"X"]
[null,"Trim",null,null,"2\" x 2\"",null,"AN4200",null,null,null,"Radius Cap Corner",null,null,null,null,null,null,"b",2.2999999999999998,"EA",{"$f":"+Instructions!$B$3","v":"G "},null,{"$f":"+Instructions!$C$22","v":0},2.2999999999999998,null,"",2.2999999999999998,0,2.2999999999999998,0,null,2,2.2999999999999998,null,null,2.2999999999999998,0,0,"",null,"X"]
[null,null,null,null,null,null,null,null,null,null,null,null,null,null,null,null,null,null,null,null,null,null,null,null,null,null,null,null,null,null,null,null,null,null,null,null,null,null,null,null,"X"]
[null,null,null,"Notes:","a) Color U281 White Ice is going through a change of thickness.  Packaging is changing from 10.00 SF/CTN to 11.26 SF/CTN",null,null,null,null,null,null,null,null,null,null,null,null,null,null,null,null,null,null,null,null,null,null,null,null,null,null,null,null,null,null,null,null,null,null,null,"X"]
[null,null,null,null,"as inventory with old packaging is depleted.  Check with Customer Service to be sure which packaging amount you will be receiving.",null,null,null,null,null,null,null,null,null,null,null,null,null,null,null,null,null,null,null,null,null,null,null,null,null,null,null,null,null,null,null,null,null,null,null,"X"]
[null,null,null,null,"b) Available in color U281 White Ice only.",null,null,null,null,null,"c) This item is also found in the CC Textures Series.  ",null,null,null,null,null,null,null,null,null,null,null,null,null,null,null,null,null,null,null,null,null,null,null,null,null,null,null,null,null,"X"]
[null,null,null,null,"d) Packaging will be changing from 12.50 SF/CTN to 12.60 SF/CTN as inventory in the old packaging is exhausted."]
[null,null,null,null,"e) Not available in color U274 Biscuit.",null,null,null,null,null,null,null,null,null,null,null,null,null,null,null,null,null,null,null,null,null,null,null,null,null,null,null,null,null,null,null,null,null,null,null,"X"]
[null,null,null,null,"f) Packaging will be changing from 10.00 SF/CTN to 15.33 SF/CTN as inventory in the old packaging is exhausted.",null,null,null,null,null,null,null,null,null,null,null,null,null,null,null,null,null,null,null,null,null,null,null,null,null,null,null,null,null,null,null,null,null,null,null,"X"]
[null,null,null,null,null,null,null,null,null,null,null,null,null,null,null,null,null,null,null,null,null,null,null,null,null,null,null,null,null,null,null,null,null,null,null,null,null,null,null,null,"X"]
[null,null,null,null," Group 1 Color:",null,"U289 Taupe",null,null,null,null,null,null,null,null,null,null,null,null,null,null,null,null,null,null,null,null,null,null,null,null,null,null,null,null,null,null,null,null,null,"X"]
[null,null,null,null,null,null,null,null,null,null,null,null,null,null,null,null,null,null,null,null,null,null,null,null,null,null,null,null,null,null,null,null,null,null,null,null,null,null,null,null,"X"]
[null,"Field Tile",null,null,"4-1/4\" x 4-1/4\"",null,"Field",null,null,null,null,null,null,null,null,"10.00 SF/CTN",null,null,{"$f":"IF(Suggested=\"Yes\",AA603,AG603)","v":6.2},"SF",{"$f":"+Instructions!$B$3","v":"G "},null,{"$f":"+Instructions!$C$22","v":0},{"$f":"ROUND($AA603*(1-W603)+0.004999,2)","v":6.2},null,"",6.2,{"$f":"+W603","v":0},6.2,{"$f":"(AG603-AC603)/AG603","v":0},null,1,{"$f":"SUM(AJ603:AL603)+AE603","v":6.2},null,null,{"$f":"ROUND(AC603/(1-VLOOKUP(AF603,Group,2,FALSE)),2)","v":6.2},{"$f":"IF(VLOOKUP(AF603,Group,5,FALSE)=\"YES\",VLOOKUP(ROUND(ROUND(AJ603,1)-AJ603,2),Round,2,FALSE)+VLOOKUP(AF603,Group,6,FALSE),0)","v":0},{"$f":"IF(VLOOKUP(AF603,Group,7,FALSE)=\"\",0,ROUND(AJ603-0.04999,1)-AJ603+AM603)","v":0},{"$f":"IF(VLOOKUP(AF603,Group,7,FALSE)=\"\",\"\",VLOOKUP(AF603,Group,7,FALSE))","v":""},null,"X"]
[null,"Field Tile",null,null,"3\" x 6\"",null,"Field",null,null,null,null,null,null,null,null,"10.00 SF/CTN",null,null,{"$f":"IF(Suggested=\"Yes\",AA604,AG604)","v":6.2},"SF",{"$f":"+Instructions!$B$3","v":"G "},null,{"$f":"+Instructions!$C$22","v":0},{"$f":"ROUND($AA604*(1-W604)+0.004999,2)","v":6.2},null,"",6.2,0,6.2,{"$f":"(AG604-AC604)/AG604","v":0},null,1,{"$f":"SUM(AJ604:AL604)+AE604","v":6.2},null,null,{"$f":"ROUND(AC604/(1-VLOOKUP(AF604,Group,2,FALSE)),2)","v":6.2},{"$f":"IF(VLOOKUP(AF604,Group,5,FALSE)=\"YES\",VLOOKUP(ROUND(ROUND(AJ604,1)-AJ604,2),Round,2,FALSE)+VLOOKUP(AF604,Group,6,FALSE),0)","v":0},{"$f":"IF(VLOOKUP(AF604,Group,7,FALSE)=\"\",0,ROUND(AJ604-0.04999,1)-AJ604+AM604)","v":0},{"$f":"IF(VLOOKUP(AF604,Group,7,FALSE)=\"\",\"\",VLOOKUP(AF604,Group,7,FALSE))","v":""},null,"X"]
[null,"Field Tile",null,null,"6\" x 6\"",null,"Field",null,null,null,null,null,null,null,null,"12.50 SF/CTN",null,"a",{"$f":"IF(Suggested=\"Yes\",AA605,AG605)","v":6.2},"SF",{"$f":"+Instructions!$B$3","v":"G "},null,{"$f":"+Instructions!$C$22","v":0},{"$f":"ROUND($AA605*(1-W605)+0.004999,2)","v":6.2},null,"",6.2,0,6.2,{"$f":"(AG605-AC605)/AG605","v":0},null,1,{"$f":"SUM(AJ605:AL605)+AE605","v":6.2},null,null,{"$f":"ROUND(AC605/(1-VLOOKUP(AF605,Group,2,FALSE)),2)","v":6.2},{"$f":"IF(VLOOKUP(AF605,Group,5,FALSE)=\"YES\",VLOOKUP(ROUND(ROUND(AJ605,1)-AJ605,2),Round,2,FALSE)+VLOOKUP(AF605,Group,6,FALSE),0)","v":0},{"$f":"IF(VLOOKUP(AF605,Group,7,FALSE)=\"\",0,ROUND(AJ605-0.04999,1)-AJ605+AM605)","v":0},{"$f":"IF(VLOOKUP(AF605,Group,7,FALSE)=\"\",\"\",VLOOKUP(AF605,Group,7,FALSE))","v":""},null,"X"]
[null,"Field Tile",null,null,"4-1/4\" x 10\"",null,"Field",null,null,null,null,null,null,null,null,"11.25 SF/CTN",null,null,{"$f":"IF(Suggested=\"Yes\",AA606,AG606)","v":6.2},"SF",{"$f":"+Instructions!$B$3","v":"G "},null,{"$f":"+Instructions!$C$22","v":0},{"$f":"ROUND($AA606*(1-W606)+0.004999,2)","v":6.2},null,"",6.2,0,6.2,{"$f":"(AG606-AC606)/AG606","v":0},null,1,{"$f":"SUM(AJ606:AL606)+AE606","v":6.2},null,null,{"$f":"ROUND(AC606/(1-VLOOKUP(AF606,Group,2,FALSE)),2)","v":6.2},{"$f":"IF(VLOOKUP(AF606,Group,5,FALSE)=\"YES\",VLOOKUP(ROUND(ROUND(AJ606,1)-AJ606,2),Round,2,FALSE)+VLOOKUP(AF606,Group,6,FALSE),0)","v":0},{"$f":"IF(VLOOKUP(AF606,Group,7,FALSE)=\"\",0,ROUND(AJ606-0.04999,1)-AJ606+AM606)","v":0},{"$f":"IF(VLOOKUP(AF606,Group,7,FALSE)=\"\",\"\",VLOOKUP(AF606,Group,7,FALSE))","v":""},null,"X"]
[null,"Field Tile",null,null,"4-1/4\" x 16\"",null,"Field",null,null,null,null,null,null,null,null,"15.33 SF/CTN",null,null,{"$f":"IF(Suggested=\"Yes\",AA607,AG607)","v":7.1},"SF",{"$f":"+Instructions!$B$3","v":"G "},null,{"$f":"+Instructions!$C$22","v":0},{"$f":"ROUND($AA607*(1-W607)+0.004999,2)","v":7.1},null,"",7.1,0,7.1,{"$f":"(AG607-AC607)/AG607","v":0},null,1,{"$f":"SUM(AJ607:AL607)+AE607","v":7.1},null,null,{"$f":"ROUND(AC607/(1-VLOOKUP(AF607,Group,2,FALSE)),2)","v":7.1},{"$f":"IF(VLOOKUP(AF607,Group,5,FALSE)=\"YES\",VLOOKUP(ROUND(ROUND(AJ607,1)-AJ607,2),Round,2,FALSE)+VLOOKUP(AF607,Group,6,FALSE),0)","v":0},{"$f":"IF(VLOOKUP(AF607,Group,7,FALSE)=\"\",0,ROUND(AJ607-0.04999,1)-AJ607+AM607)","v":0},{"$f":"IF(VLOOKUP(AF607,Group,7,FALSE)=\"\",\"\",VLOOKUP(AF607,Group,7,FALSE))","v":""},null,"X"]
[null,null,null,null,null,null,null,null,null,null,null,null,null,null,null,null,null,null,null,null,null,null,null,null,null,null,null,null,null,null,null,null,null,null,null,null,null,null,null,null,"X"]
[null,"Trim",null,null,"4-1/4\" x 4-1/4\"",null,"S4449",null,null,null,"Bullnose",null,null,null,null,null,null,null,{"$f":"IF(Suggested=\"Yes\",AA609,AG609)","v":3.7},"EA",{"$f":"+Instructions!$B$3","v":"G "},null,{"$f":"+Instructions!$C$22","v":0},{"$f":"ROUND($AA609*(1-W609)+0.004999,2)","v":3.7},null,"",3.7,{"$f":"+W609","v":0},{"$f":"+X609","v":3.7},{"$f":"(AG609-AC609)/AG609","v":0},null,2,{"$f":"SUM(AJ609:AL609)+AE609","v":3.7},null,null,{"$f":"ROUND(AC609/(1-VLOOKUP(AF609,Group,2,FALSE)),2)","v":3.7},{"$f":"IF(VLOOKUP(AF609,Group,5,FALSE)=\"YES\",VLOOKUP(ROUND(ROUND(AJ609,1)-AJ609,2),Round,2,FALSE)+VLOOKUP(AF609,Group,6,FALSE),0)","v":0},{"$f":"IF(VLOOKUP(AF609,Group,7,FALSE)=\"\",0,ROUND(AJ609-0.04999,1)-AJ609+AM609)","v":0},{"$f":"IF(VLOOKUP(AF609,Group,7,FALSE)=\"\",\"\",VLOOKUP(AF609,Group,7,FALSE))","v":""},null,"X"]
[null,"Trim",null,null,"3\" x 6\"",null,"S4369",null,null,null,"Bullnose - 6\" edge",null,null,null,null,null,null,null,4.1500000000000004,"EA",{"$f":"+Instructions!$B$3","v":"G "},null,{"$f":"+Instructions!$C$22","v":0},4.1500000000000004,null,"",4.1500000000000004,0,4.1500000000000004,0,null,2,4.1500000000000004,null,null,4.1500000000000004,0,0,"",null,"X"]
[null,"Trim",null,null,"3\" x 6\"",null,"S4639",null,null,null,"Bullnose - 3\" edge",null,null,null,null,null,null,null,4.1500000000000004,"EA",{"$f":"+Instructions!$B$3","v":"G "},null,{"$f":"+Instructions!$C$22","v":0},4.1500000000000004,null,"",4.1500000000000004,0,4.1500000000000004,0,null,2,4.1500000000000004,null,null,4.1500000000000004,0,0,"",null,"X"]
[null,"Trim",null,null,"3\" x 10\"",null,"S4310",null,null,null,"Bullnose",null,null,null,null,null,null,null,6.6,"EA",{"$f":"+Instructions!$B$3","v":"G "},null,{"$f":"+Instructions!$C$22","v":0},6.6,null,"",6.6,0,6.6,0,null,2,6.6,null,null,6.6,0,0,"",null,"X"]
[null,"Trim",null,null,"6\" x 6\"",null,"S4669",null,null,null,"Bullnose",null,null,null,null,null,null,null,3.5,"EA",{"$f":"+Instructions!$B$3","v":"G "},null,{"$f":"+Instructions!$C$22","v":0},3.5,null,"",3.5,0,3.5,0,null,2,3.5,null,null,3.5,0,0,"",null,"X"]
[null,"Trim",null,null,"4-1/4\" x 16\"",null,"S4169",null,null,null,"Bullnose",null,null,null,null,null,null,null,9,"EA",{"$f":"+Instructions!$B$3","v":"G "},null,{"$f":"+Instructions!$C$22","v":0},9,null,"",9,0,9,0,null,2,9,null,null,9,0,0,"",null,"X"]
[null,null,null,null,null,null,null,null,null,null,null,null,null,null,null,null,null,null,null,null,null,null,null,null,null,null,null,null,null,null,null,null,null,null,null,null,null,null,null,null,"X"]
[null,"Trim",null,null,"4-1/4\" x 4-1/4\"",null,"AT3401",null,null,null,"Flat Top Cove Base",null,null,null,null,null,null,null,{"$f":"IF(Suggested=\"Yes\",AA616,AG616)","v":3.1},"EA",{"$f":"+Instructions!$B$3","v":"G "},null,{"$f":"+Instructions!$C$22","v":0},{"$f":"ROUND($AA616*(1-W616)+0.004999,2)","v":3.1},null,"",3.1,{"$f":"+W616","v":0},3.1,{"$f":"(AG616-AC616)/AG616","v":0},null,2,{"$f":"SUM(AJ616:AL616)+AE616","v":3.1},null,null,{"$f":"ROUND(AC616/(1-VLOOKUP(AF616,Group,2,FALSE)),2)","v":3.1},{"$f":"IF(VLOOKUP(AF616,Group,5,FALSE)=\"YES\",VLOOKUP(ROUND(ROUND(AJ616,1)-AJ616,2),Round,2,FALSE)+VLOOKUP(AF616,Group,6,FALSE),0)","v":0},{"$f":"IF(VLOOKUP(AF616,Group,7,FALSE)=\"\",0,ROUND(AJ616-0.04999,1)-AJ616+AM616)","v":0},{"$f":"IF(VLOOKUP(AF616,Group,7,FALSE)=\"\",\"\",VLOOKUP(AF616,Group,7,FALSE))","v":""},null,"X"]
[null,"Trim",null,null,"4-1/4\" x 6\"",null,"AT3410",null,null,null,"Round Top Cove Base",null,null,null,null,null,null,null,{"$f":"IF(Suggested=\"Yes\",AA617,AG617)","v":4.2},"EA",{"$f":"+Instructions!$B$3","v":"G "},null,{"$f":"+Instructions!$C$22","v":0},{"$f":"ROUND($AA617*(1-W617)+0.004999,2)","v":4.2},null,"",4.2,0,4.2,{"$f":"(AG617-AC617)/AG617","v":0},null,2,{"$f":"SUM(AJ617:AL617)+AE617","v":4.2},null,null,{"$f":"ROUND(AC617/(1-VLOOKUP(AF617,Group,2,FALSE)),2)","v":4.2},{"$f":"IF(VLOOKUP(AF617,Group,5,FALSE)=\"YES\",VLOOKUP(ROUND(ROUND(AJ617,1)-AJ617,2),Round,2,FALSE)+VLOOKUP(AF617,Group,6,FALSE),0)","v":0},{"$f":"IF(VLOOKUP(AF617,Group,7,FALSE)=\"\",0,ROUND(AJ617-0.04999,1)-AJ617+AM617)","v":0},{"$f":"IF(VLOOKUP(AF617,Group,7,FALSE)=\"\",\"\",VLOOKUP(AF617,Group,7,FALSE))","v":""},null,"X"]
[null,"Trim",null,null,"6\" x 6\"",null,"AT3610",null,null,null,"Universal Cove Base",null,null,null,null,null,null,null,{"$f":"IF(Suggested=\"Yes\",AA618,AG618)","v":5.6},"EA",{"$f":"+Instructions!$B$3","v":"G "},null,{"$f":"+Instructions!$C$22","v":0},{"$f":"ROUND($AA618*(1-W618)+0.004999,2)","v":5.6},null,"",5.6,0,5.6,{"$f":"(AG618-AC618)/AG618","v":0},null,2,{"$f":"SUM(AJ618:AL618)+AE618","v":5.6},null,null,{"$f":"ROUND(AC618/(1-VLOOKUP(AF618,Group,2,FALSE)),2)","v":5.6},{"$f":"IF(VLOOKUP(AF618,Group,5,FALSE)=\"YES\",VLOOKUP(ROUND(ROUND(AJ618,1)-AJ618,2),Round,2,FALSE)+VLOOKUP(AF618,Group,6,FALSE),0)","v":0},{"$f":"IF(VLOOKUP(AF618,Group,7,FALSE)=\"\",0,ROUND(AJ618-0.04999,1)-AJ618+AM618)","v":0},{"$f":"IF(VLOOKUP(AF618,Group,7,FALSE)=\"\",\"\",VLOOKUP(AF618,Group,7,FALSE))","v":""},null,"X"]
[null,null,null,null,null,null,null,null,null,null,null,null,null,null,null,null,null,null,null,null,null,null,null,null,null,null,null,null,null,null,null,null,null,null,null,null,null,null,null,null,"X"]
[null,"Trim",null,null,"3/4\" x 6\"",null,"A106",null,null,null,"Quarter Round",null,null,null,null,null,null,null,{"$f":"IF(Suggested=\"Yes\",AA620,AG620)","v":3.05},"EA",{"$f":"+Instructions!$B$3","v":"G "},null,{"$f":"+Instructions!$C$22","v":0},{"$f":"ROUND($AA620*(1-W620)+0.004999,2)","v":3.05},null,"",3.05,{"$f":"+W620","v":0},{"$f":"+X620","v":3.05},{"$f":"(AG620-AC620)/AG620","v":0},null,2,{"$f":"SUM(AJ620:AL620)+AE620","v":3.05},null,null,{"$f":"ROUND(AC620/(1-VLOOKUP(AF620,Group,2,FALSE)),2)","v":3.05},{"$f":"IF(VLOOKUP(AF620,Group,5,FALSE)=\"YES\",VLOOKUP(ROUND(ROUND(AJ620,1)-AJ620,2),Round,2,FALSE)+VLOOKUP(AF620,Group,6,FALSE),0)","v":0},{"$f":"IF(VLOOKUP(AF620,Group,7,FALSE)=\"\",0,ROUND(AJ620-0.04999,1)-AJ620+AM620)","v":0},{"$f":"IF(VLOOKUP(AF620,Group,7,FALSE)=\"\",\"\",VLOOKUP(AF620,Group,7,FALSE))","v":""},null,"X"]
[null,null,null,null,null,null,null,null,null,null,null,null,null,null,null,null,null,null,null,null,null,null,null,null,null,null,null,null,null,null,null,null,null,null,null,null,null,null,null,null,"X"]
[null,null,null,"Notes:","a) Packaging will be changing from 12.50 SF/CTN to 12.60 SF/CTN as inventory in the old packaging is exhausted.",null,null,null,null,null,null,null,null,null,null,null,null,null,null,null,null,null,null,null,null,null,null,null,null,null,null,null,null,null,null,null,null,null,null,null,"X"]
[null,null,null,null,null,null,null,null,null,null,null,null,null,null,null,null,null,null,null,null,null,null,null,null,null,null,null,null,null,null,null,null,null,null,null,null,null,null,null,null,"X"]
[null,null,null,null," Group 3 Colors:",null,"U296 Cocoa          U285 Fawn",null,null,null,null,null,null,null,null,null,null,null,null,null,null,null,null,null,null,null,null,null,null,null,null,null,null,null,null,null,null,null,null,null,"X"]
[null,null,null,null,null,null,null,null,null,null,null,null,null,null,null,null,null,null,null,null,null,null,null,null,null,null,null,null,null,null,null,null,null,null,null,null,null,null,null,null,"X"]
[null,"Field Tile",null,null,"4-1/4\" x 4-1/4\"",null,"Field",null,null,null,null,null,null,null,null,"10.00 SF/CTN",null,null,{"$f":"IF(Suggested=\"Yes\",AA626,AG626)","v":10.3},"SF",{"$f":"+Instructions!$B$3","v":"G "},null,{"$f":"+Instructions!$C$22","v":0},{"$f":"ROUND($AA626*(1-W626)+0.004999,2)","v":10.3},null,"",10.3,{"$f":"+W626","v":0},{"$f":"+X626","v":10.3},{"$f":"(AG626-AC626)/AG626","v":0},null,1,{"$f":"SUM(AJ626:AL626)+AE626","v":10.3},null,null,{"$f":"ROUND(AC626/(1-VLOOKUP(AF626,Group,2,FALSE)),2)","v":10.3},{"$f":"IF(VLOOKUP(AF626,Group,5,FALSE)=\"YES\",VLOOKUP(ROUND(ROUND(AJ626,1)-AJ626,2),Round,2,FALSE)+VLOOKUP(AF626,Group,6,FALSE),0)","v":0},{"$f":"IF(VLOOKUP(AF626,Group,7,FALSE)=\"\",0,ROUND(AJ626-0.04999,1)-AJ626+AM626)","v":0},{"$f":"IF(VLOOKUP(AF626,Group,7,FALSE)=\"\",\"\",VLOOKUP(AF626,Group,7,FALSE))","v":""},null,"X"]
[null,"Field Tile",null,null,"3\" x 6\"",null,"Field",null,null,null,null,null,null,null,null,"10.00 SF/CTN",null,null,{"$f":"IF(Suggested=\"Yes\",AA627,AG627)","v":10.25},"SF",{"$f":"+Instructions!$B$3","v":"G "},null,{"$f":"+Instructions!$C$22","v":0},{"$f":"ROUND($AA627*(1-W627)+0.004999,2)","v":10.25},null,"",10.25,{"$f":"+W627","v":0},{"$f":"+X627","v":10.25},{"$f":"(AG627-AC627)/AG627","v":0},null,1,{"$f":"SUM(AJ627:AL627)+AE627","v":10.25},null,null,{"$f":"ROUND(AC627/(1-VLOOKUP(AF627,Group,2,FALSE)),2)","v":10.25},{"$f":"IF(VLOOKUP(AF627,Group,5,FALSE)=\"YES\",VLOOKUP(ROUND(ROUND(AJ627,1)-AJ627,2),Round,2,FALSE)+VLOOKUP(AF627,Group,6,FALSE),0)","v":0},{"$f":"IF(VLOOKUP(AF627,Group,7,FALSE)=\"\",0,ROUND(AJ627-0.04999,1)-AJ627+AM627)","v":0},{"$f":"IF(VLOOKUP(AF627,Group,7,FALSE)=\"\",\"\",VLOOKUP(AF627,Group,7,FALSE))","v":""},null,"X"]
[null,null,null,null,null,null,null,null,null,null,null,null,null,null,null,null,null,null,null,null,null,null,null,null,null,null,null,null,null,null,null,null,null,null,null,null,null,null,null,null,"X"]
[null,"Trim",null,null,"3\" x 6\"",null,"S4369",null,null,null,"Bullnose - 6\" edge",null,null,null,null,null,null,null,{"$f":"IF(Suggested=\"Yes\",AA629,AG629)","v":4.75},"EA",{"$f":"+Instructions!$B$3","v":"G "},null,{"$f":"+Instructions!$C$22","v":0},{"$f":"ROUND($AA629*(1-W629)+0.004999,2)","v":4.75},null,"",4.75,{"$f":"+W629","v":0},{"$f":"+X629","v":4.75},{"$f":"(AG629-AC629)/AG629","v":0},null,2,{"$f":"SUM(AJ629:AL629)+AE629","v":4.75},null,null,{"$f":"ROUND(AC629/(1-VLOOKUP(AF629,Group,2,FALSE)),2)","v":4.75},{"$f":"IF(VLOOKUP(AF629,Group,5,FALSE)=\"YES\",VLOOKUP(ROUND(ROUND(AJ629,1)-AJ629,2),Round,2,FALSE)+VLOOKUP(AF629,Group,6,FALSE),0)","v":0},{"$f":"IF(VLOOKUP(AF629,Group,7,FALSE)=\"\",0,ROUND(AJ629-0.04999,1)-AJ629+AM629)","v":0},{"$f":"IF(VLOOKUP(AF629,Group,7,FALSE)=\"\",\"\",VLOOKUP(AF629,Group,7,FALSE))","v":""},null,"X"]
[null,"Trim",null,null,"3\" x 6\"",null,"S4639",null,null,null,"Bullnose - 3\" edge",null,null,null,null,null,null,null,{"$f":"IF(Suggested=\"Yes\",AA630,AG630)","v":4.75},"EA",{"$f":"+Instructions!$B$3","v":"G "},null,{"$f":"+Instructions!$C$22","v":0},{"$f":"ROUND($AA630*(1-W630)+0.004999,2)","v":4.75},null,"",4.75,{"$f":"+W630","v":0},{"$f":"+X630","v":4.75},{"$f":"(AG630-AC630)/AG630","v":0},null,2,{"$f":"SUM(AJ630:AL630)+AE630","v":4.75},null,null,{"$f":"ROUND(AC630/(1-VLOOKUP(AF630,Group,2,FALSE)),2)","v":4.75},{"$f":"IF(VLOOKUP(AF630,Group,5,FALSE)=\"YES\",VLOOKUP(ROUND(ROUND(AJ630,1)-AJ630,2),Round,2,FALSE)+VLOOKUP(AF630,Group,6,FALSE),0)","v":0},{"$f":"IF(VLOOKUP(AF630,Group,7,FALSE)=\"\",0,ROUND(AJ630-0.04999,1)-AJ630+AM630)","v":0},{"$f":"IF(VLOOKUP(AF630,Group,7,FALSE)=\"\",\"\",VLOOKUP(AF630,Group,7,FALSE))","v":""},null,"X"]
[null,null,null,null,null,null,null,null,null,null,null,null,null,null,null,null,null,null,null,null,null,null,null,null,null,null,null,null,null,null,null,null,null,null,null,null,null,null,null,null,"X"]
[null,null,"CRYSTAL - Polished Porcelain",null,null,null,null,null,null,null," ",null,null,null,null,null,null,"Item # Lookup:","ROCR",null,null,null,null,null,null,null,null,null,null,null,null,null,null,null,null,null,null,null,null,null,"X"]
[]
[null,null,null,"Color:","Crystal White",null,null,null,null,null,null,null,null,null,null,null,null,null,null,null,null,null,null,null,null,null,null,null,null,null,null,null,null,null,null,null,null,null,null,null,"X"]
[null,null,null,null,null,null,null,null,null,null,null,null,null,null,null,null,null,null,null,null,null,null,null,null,null,null,null,null,null,null,null,null,null,null,null,null,null,null,null,null,"X"]
[null,"Field Tile",null,null,"24\" x 48\"",null,"Field",null,"Rectified",null,"Polished",null,null,null,null,"15.50 SF/CTN",null,null,{"$f":"IF(Suggested=\"Yes\",AA636,AG636)","v":7.4},"SF",{"$f":"+Instructions!$B$3","v":"G "},null,{"$f":"+Instructions!$C$22","v":0},{"$f":"ROUND($AA636*(1-W636)+0.004999,2)","v":7.4},null,"YES",7.4,{"$f":"+W636","v":0},{"$f":"+X636","v":7.4},{"$f":"(AG636-AC636)/AG636","v":0},null,1,{"$f":"SUM(AJ636:AL636)+AE636","v":7.4},null,null,{"$f":"ROUND(AC636/(1-VLOOKUP(AF636,Group,2,FALSE)),2)","v":7.4},{"$f":"IF(VLOOKUP(AF636,Group,5,FALSE)=\"YES\",VLOOKUP(ROUND(ROUND(AJ636,1)-AJ636,2),Round,2,FALSE)+VLOOKUP(AF636,Group,6,FALSE),0)","v":0},{"$f":"IF(VLOOKUP(AF636,Group,7,FALSE)=\"\",0,ROUND(AJ636-0.04999,1)-AJ636+AM636)","v":0},{"$f":"IF(VLOOKUP(AF636,Group,7,FALSE)=\"\",\"\",VLOOKUP(AF636,Group,7,FALSE))","v":""},null,"X"]
[null,null,null,null,null,null,null,null,null,null,null,null,null,null,null,null,null,null,null,null,null,null,null,null,null,null,null,null,null,null,null,null,null,null,null,null,null,null,null,null,"X"]
[null,null,"DECORATIVE ACCENTS - Glazed Ceramic Wall",null,null,null,null,null,null,null,null,null,null,null,null,null,null,"Item # Lookup:","RODA",null,null,null,null,null,null,null,null,null,null,null,null,null,null,null,null,null,null,null,null,null,"X"]
[]
[null,null,null,"Colors:","759 Black          072 Snow White",null,null,null,null,null,null,null,null,null,null,null,null,null,null,null,null,null,null,null,null,null,null,null,null,null,null,null,null,null,null,null,null,null,null,null,"X"]
[null,null,null,null,null,null,null,null,null,null,null,null,null,null,null,null,null,null,null,null,null,null,null,null,null,null,null,null,null,null,null,null,null,null,null,null,null,null,null,null,"X"]
[null,"Decos",null,null,"3/4\" x 6\"",null,"Accent",null,null,null,"Liner",null,null,null,null,null,null,"a",{"$f":"IF(Suggested=\"Yes\",AA642,AG642)","v":4.0999999999999996},"EA",{"$f":"+Instructions!$B$3","v":"G "},null,{"$f":"+Instructions!$C$22","v":0},{"$f":"ROUND($AA642*(1-W642)+0.004999,2)","v":4.0999999999999996},null,"",4.0999999999999996,{"$f":"+W642","v":0},4.0999999999999996,{"$f":"(AG642-AC642)/AG642","v":0},null,3,{"$f":"SUM(AJ642:AL642)+AE642","v":4.0999999999999996},null,null,{"$f":"ROUND(AC642/(1-VLOOKUP(AF642,Group,2,FALSE)),2)","v":4.0999999999999996},{"$f":"IF(VLOOKUP(AF642,Group,5,FALSE)=\"YES\",VLOOKUP(ROUND(ROUND(AJ642,1)-AJ642,2),Round,2,FALSE)+VLOOKUP(AF642,Group,6,FALSE),0)","v":0},{"$f":"IF(VLOOKUP(AF642,Group,7,FALSE)=\"\",0,ROUND(AJ642-0.04999,1)-AJ642+AM642)","v":0},{"$f":"IF(VLOOKUP(AF642,Group,7,FALSE)=\"\",\"\",VLOOKUP(AF642,Group,7,FALSE))","v":""},null,"X"]
[null,"Decos",null,null,"7/8\" x 6\"",null,"Accent",null,null,null,"Rope",null,null,null,null,null,null,null,{"$f":"IF(Suggested=\"Yes\",AA643,AG643)","v":4.25},"EA",{"$f":"+Instructions!$B$3","v":"G "},null,{"$f":"+Instructions!$C$22","v":0},{"$f":"ROUND($AA643*(1-W643)+0.004999,2)","v":4.25},null,"",4.25,0,4.25,{"$f":"(AG643-AC643)/AG643","v":0},null,3,{"$f":"SUM(AJ643:AL643)+AE643","v":4.25},null,null,{"$f":"ROUND(AC643/(1-VLOOKUP(AF643,Group,2,FALSE)),2)","v":4.25},{"$f":"IF(VLOOKUP(AF643,Group,5,FALSE)=\"YES\",VLOOKUP(ROUND(ROUND(AJ643,1)-AJ643,2),Round,2,FALSE)+VLOOKUP(AF643,Group,6,FALSE),0)","v":0},{"$f":"IF(VLOOKUP(AF643,Group,7,FALSE)=\"\",0,ROUND(AJ643-0.04999,1)-AJ643+AM643)","v":0},{"$f":"IF(VLOOKUP(AF643,Group,7,FALSE)=\"\",\"\",VLOOKUP(AF643,Group,7,FALSE))","v":""},null,"X"]
[null,"Decos",null,null,"2-1/2\" x 6\"",null,"Chair Rail",null,null,null,"Victorian",null,null,null,null,null,null,null,{"$f":"IF(Suggested=\"Yes\",AA644,AG644)","v":7.55},"EA",{"$f":"+Instructions!$B$3","v":"G "},null,{"$f":"+Instructions!$C$22","v":0},{"$f":"ROUND($AA644*(1-W644)+0.004999,2)","v":7.55},null,"",7.55,0,7.55,{"$f":"(AG644-AC644)/AG644","v":0},null,3,{"$f":"SUM(AJ644:AL644)+AE644","v":7.55},null,null,{"$f":"ROUND(AC644/(1-VLOOKUP(AF644,Group,2,FALSE)),2)","v":7.55},{"$f":"IF(VLOOKUP(AF644,Group,5,FALSE)=\"YES\",VLOOKUP(ROUND(ROUND(AJ644,1)-AJ644,2),Round,2,FALSE)+VLOOKUP(AF644,Group,6,FALSE),0)","v":0},{"$f":"IF(VLOOKUP(AF644,Group,7,FALSE)=\"\",0,ROUND(AJ644-0.04999,1)-AJ644+AM644)","v":0},{"$f":"IF(VLOOKUP(AF644,Group,7,FALSE)=\"\",\"\",VLOOKUP(AF644,Group,7,FALSE))","v":""},null,"X"]
[]
[null,null,null,"Color:","U081 White Ice",null,null,null,null,null,null,null,null,null,null,null,null,null,null,null,null,null,null,null,null,null,null,null,null,null,null,null,null,null,null,null,null,null,null,null,"X"]
[null,null,null,null,null,null,null,null,null,null,null,null,null,null,null,null,null,null,null,null,null,null,null,null,null,null,null,null,null,null,null,null,null,null,null,null,null,null,null,null,"X"]
[null,"Decos",null,null,"2\" x 10\" ",null,"Listello",null,null,null,"Chair Rail",null,null,null,null,null,null,null,{"$f":"IF(Suggested=\"Yes\",AA648,AG648)","v":6.9},"EA",{"$f":"+Instructions!$B$3","v":"G "},null,{"$f":"+Instructions!$C$22","v":0},{"$f":"ROUND($AA648*(1-W648)+0.004999,2)","v":6.9},null,"",6.9,{"$f":"+W648","v":0},{"$f":"+X648","v":6.9},{"$f":"(AG648-AC648)/AG648","v":0},null,3,{"$f":"SUM(AJ648:AL648)+AE648","v":6.9},null,null,{"$f":"ROUND(AC648/(1-VLOOKUP(AF648,Group,2,FALSE)),2)","v":6.9},{"$f":"IF(VLOOKUP(AF648,Group,5,FALSE)=\"YES\",VLOOKUP(ROUND(ROUND(AJ648,1)-AJ648,2),Round,2,FALSE)+VLOOKUP(AF648,Group,6,FALSE),0)","v":0},{"$f":"IF(VLOOKUP(AF648,Group,7,FALSE)=\"\",0,ROUND(AJ648-0.04999,1)-AJ648+AM648)","v":0},{"$f":"IF(VLOOKUP(AF648,Group,7,FALSE)=\"\",\"\",VLOOKUP(AF648,Group,7,FALSE))","v":""},null,"X"]
[null,"Decos",null,null,"3/4\" x 2\"",null,"Out Corner",null,null,null,"Chair Rail Out Corner",null,null,null,null,null,null,null,16.850000000000001,"EA",{"$f":"+Instructions!$B$3","v":"G "},null,{"$f":"+Instructions!$C$22","v":0},16.850000000000001,null,"",16.850000000000001,0,16.850000000000001,0,null,3,16.850000000000001,null,null,16.850000000000001,0,0,"",null,"X"]
[null,"Decos",null,null,"2-3/4\" x 10\"",null,"Listello",null,null,null,"Cornice",null,null,null,null,null,null,null,6.9,"EA",{"$f":"+Instructions!$B$3","v":"G "},null,{"$f":"+Instructions!$C$22","v":0},6.9,null,"",6.9,0,6.9,0,null,3,6.9,null,null,6.9,0,0,"",null,"X"]
[null,"Decos",null,null,"3/4\" x 6\"",null,"Accent",null,null,null,"Liner",null,null,null,null,null,null,null,4.0999999999999996,"EA",{"$f":"+Instructions!$B$3","v":"G "},null,{"$f":"+Instructions!$C$22","v":0},4.0999999999999996,null,"",4.0999999999999996,0,4.0999999999999996,0,null,3,4.0999999999999996,null,null,4.0999999999999996,0,0,"",null,"X"]
[null,"Decos",null,null,"7/8\" x 6\"",null,"Accent",null,null,null,"Rope",null,null,null,null,null,null,null,4.25,"EA",{"$f":"+Instructions!$B$3","v":"G "},null,{"$f":"+Instructions!$C$22","v":0},4.25,null,"",4.25,0,4.25,0,null,3,4.25,null,null,4.25,0,0,"",null,"X"]
[null,"Decos",null,null,"6\" x 10\"",null,"Cove Base",null,null,null,"Sanitary Cove Base",null,null,null,null,null,null,null,10.4,"EA",{"$f":"+Instructions!$B$3","v":"G "},null,{"$f":"+Instructions!$C$22","v":0},10.4,null,"",10.4,0,10.4,0,null,3,10.4,null,null,10.4,0,0,"",null,"X"]
[null,"Decos",null,null,"1/2\" x 6\"",null,"Out Corner",null,null,null,"Skirting Out Corner",null,null,null,null,null,null,null,16.850000000000001,"EA",{"$f":"+Instructions!$B$3","v":"G "},null,{"$f":"+Instructions!$C$22","v":0},16.850000000000001,null,"",16.850000000000001,0,16.850000000000001,0,null,3,16.850000000000001,null,null,16.850000000000001,0,0,"",null,"X"]
[null,"Decos",null,null,"3\" x 10\"",null,"Listello",null,null,null,"Sink Rail",null,null,null,null,null,null,null,6.9,"EA",{"$f":"+Instructions!$B$3","v":"G "},null,{"$f":"+Instructions!$C$22","v":0},6.9,null,"",6.9,0,6.9,0,null,3,6.9,null,null,6.9,0,0,"",null,"X"]
[null,"Decos",null,null,"3/4\" x 2\"",null,"Out Corner",null,null,null,"Sink Rail Out Corner",null,null,null,null,null,null,null,16.850000000000001,"EA",{"$f":"+Instructions!$B$3","v":"G "},null,{"$f":"+Instructions!$C$22","v":0},16.850000000000001,null,"",16.850000000000001,0,16.850000000000001,0,null,3,16.850000000000001,null,null,16.850000000000001,0,0,"",null,"X"]
[null,"Decos",null,null,"1/2\" x 10\"",null,"Pencil",null,null,null,"Twist",null,null,null,null,null,null,null,5.15,"EA",{"$f":"+Instructions!$B$3","v":"G "},null,{"$f":"+Instructions!$C$22","v":0},5.15,null,"",5.15,0,5.15,0,null,3,5.15,null,null,5.15,0,0,"",null,"X"]
[null,"Decos",null,null,"2-1/2\" x 6\"",null,"Chair Rail",null,null,null,"Victorian",null,null,null,null,null,null,null,7.55,"EA",{"$f":"+Instructions!$B$3","v":"G "},null,{"$f":"+Instructions!$C$22","v":0},7.55,null,"",7.55,0,7.55,0,null,3,7.55,null,null,7.55,0,0,"",null,"X"]
[null,null,null,null,null,null,null,null,null,null,null,null,null,null,null,null,null,null,null,null,null,null,null,null,null,null,null,null,null,null,null,null,null,null,null,null,null,null,null,null,"X"]
[null,null,null,"Note:","a) Available in color 759 Black only.",null,null,null,null,null,null,null,null,null,null,null,null,null,null,null,null,null,null,null,null,null,null,null,null,null,null,null,null,null,null,null,null,null,null,null,"X"]
[null,null,"DIMENSIONS - Glazed Ceramic Wall (formally known as QUASAR)",null,null,null,null,null,null,null,null,null,null,null,null,null,null,"Item # Lookup:","RODI",null,null,null,null,null,null,null,null,null,null,null,null,null,null,null,null,null,null,null,null,null,"X"]
[null,null,null,null,null,null,null,null,null,null,null,null,null,null,null,null,null,null,null,null,null,null,null,null,null,null,null,null,null,null,null,null,null,null,null,null,null,null,null,null,"X"]
[null,null,null,"Colors:","Bright White          Matte White",null,null,null,null,null,null,null,null,null,null,null,null,null,null,null,null,null,null,null,null,null,null,null,null,null,null,null,null,null,null,null,null,null,null,null,"X"]
[null,null,null,null,null,null,null,null,null,null,null,null,null,null,null,null,null,null,null,null,null,null,null,null,null,null,null,null,null,null,null,null,null,null,null,null,null,null,null,null,"X"]
[null,"Field Tile",null,null,"6\" x 6\" Square",null,"Field",null,null,null,"Quasar",null,null,null,null,"11.22 SF/CTN",null,null,{"$f":"IF(Suggested=\"Yes\",AA665,AG665)","v":10.95},"SF",{"$f":"+Instructions!$B$3","v":"G "},null,{"$f":"+Instructions!$C$22","v":0},{"$f":"ROUND($AA665*(1-W665)+0.004999,2)","v":10.95},null,"",10.95,{"$f":"+W665","v":0},{"$f":"+X665","v":10.95},{"$f":"(AG665-AC665)/AG665","v":0},null,1,{"$f":"SUM(AJ665:AL665)+AE665","v":10.95},null,null,{"$f":"ROUND(AC665/(1-VLOOKUP(AF665,Group,2,FALSE)),2)","v":10.95},{"$f":"IF(VLOOKUP(AF665,Group,5,FALSE)=\"YES\",VLOOKUP(ROUND(ROUND(AJ665,1)-AJ665,2),Round,2,FALSE)+VLOOKUP(AF665,Group,6,FALSE),0)","v":0},{"$f":"IF(VLOOKUP(AF665,Group,7,FALSE)=\"\",0,ROUND(AJ665-0.04999,1)-AJ665+AM665)","v":0},{"$f":"IF(VLOOKUP(AF665,Group,7,FALSE)=\"\",\"\",VLOOKUP(AF665,Group,7,FALSE))","v":""},null,"X"]
[null,"Field Tile",null,null,"6\" x 7\" Hexagon",null,"Field",null,null,null,"Quasar",null,null,null,null,"2.15 SF/CTN",null,null,{"$f":"IF(Suggested=\"Yes\",AA666,AG666)","v":10.95},"SF",{"$f":"+Instructions!$B$3","v":"G "},null,{"$f":"+Instructions!$C$22","v":0},{"$f":"ROUND($AA666*(1-W666)+0.004999,2)","v":10.95},null,"",10.95,{"$f":"+W666","v":0},{"$f":"+X666","v":10.95},{"$f":"(AG666-AC666)/AG666","v":0},null,1,{"$f":"SUM(AJ666:AL666)+AE666","v":10.95},null,null,{"$f":"ROUND(AC666/(1-VLOOKUP(AF666,Group,2,FALSE)),2)","v":10.95},{"$f":"IF(VLOOKUP(AF666,Group,5,FALSE)=\"YES\",VLOOKUP(ROUND(ROUND(AJ666,1)-AJ666,2),Round,2,FALSE)+VLOOKUP(AF666,Group,6,FALSE),0)","v":0},{"$f":"IF(VLOOKUP(AF666,Group,7,FALSE)=\"\",0,ROUND(AJ666-0.04999,1)-AJ666+AM666)","v":0},{"$f":"IF(VLOOKUP(AF666,Group,7,FALSE)=\"\",\"\",VLOOKUP(AF666,Group,7,FALSE))","v":""},null,"X"]
[null,null,null,null,null,null,null,null,null,null,null,null,null,null,null,null,null,null,null,null,null,null,null,null,null,null,null,null,null,null,null,null,null,null,null,null,null,null,null,null,"X"]
[null,null,null,"Colors:","Matte Black          Matte White",null,null,null,null,null,null,null,null,null,null,null,null,null,null,null,null,null,null,null,null,null,null,null,null,null,null,null,null,null,null,null,null,null,null,null,"X"]
[null,null,null,null,null,null,null,null,null,null,null,null,null,null,null,null,null,null,null,null,null,null,null,null,null,null,null,null,null,null,null,null,null,null,null,null,null,null,null,null,"X"]
[null,"Field Tile",null,null,"6\" x 6\" Square",null,"Field",null,null,null,"Block",null,null,null,null,"4.63 SF/CTN",null,null,{"$f":"IF(Suggested=\"Yes\",AA670,AG670)","v":15.35},"SF",{"$f":"+Instructions!$B$3","v":"G "},null,{"$f":"+Instructions!$C$22","v":0},{"$f":"ROUND($AA670*(1-W670)+0.004999,2)","v":15.35},null,"",15.35,{"$f":"+W670","v":0},{"$f":"+X670","v":15.35},{"$f":"(AG670-AC670)/AG670","v":0},null,1,{"$f":"SUM(AJ670:AL670)+AE670","v":15.35},null,null,{"$f":"ROUND(AC670/(1-VLOOKUP(AF670,Group,2,FALSE)),2)","v":15.35},{"$f":"IF(VLOOKUP(AF670,Group,5,FALSE)=\"YES\",VLOOKUP(ROUND(ROUND(AJ670,1)-AJ670,2),Round,2,FALSE)+VLOOKUP(AF670,Group,6,FALSE),0)","v":0},{"$f":"IF(VLOOKUP(AF670,Group,7,FALSE)=\"\",0,ROUND(AJ670-0.04999,1)-AJ670+AM670)","v":0},{"$f":"IF(VLOOKUP(AF670,Group,7,FALSE)=\"\",\"\",VLOOKUP(AF670,Group,7,FALSE))","v":""},null,"X"]
[null,null,null,null,null,null,null,null,null,null,null,null,null,null,null,null,null,null,null,null,null,null,null,null,null,null,null,null,null,null,null,null,null,null,null,null,null,null,null,null,"X"]
[null,null,"DOWNTOWN - Color Body Porcelain",null,null,null,null,null,null,null,null,null,null,null,null,null,null,"Item # Lookup:","RODO",null,null,null,null,null,null,null,null,null,null,null,null,null,null,null,null,null,null,null,null,null,"X"]
[null,null,null,null,null,null,null,null,null,null,null,null,null,null,null,null,null,null,null,null,null,null,null,null,null,null,null,null,null,null,null,null,null,null,null,null,null,null,null,null,"X"]
[null,null,null,"Colors:","Antracita          Blanco          Grey          Marengo",null,null,null,null,null,null,null,null,null,null,null,null,null,null,null,null,null,null,null,null,null,null,null,null,null,null,null,null,null,null,null,null,null,null,null,"X"]
[null,null,null,null,null,null,null,null,null,null,null,null,null,null,null,null,null,null,null,null,null,null,null,null,null,null,null,null,null,null,null,null,null,null,null,null,null,null,null,null,"X"]
[null,"Field Tile",null,null,"12\" x 24\"",null,"Field",null,"Rectified",null,null,null,null,null,null,"13.56 SF/CTN",null,null,{"$f":"IF(Suggested=\"Yes\",AA676,AG676)","v":9.1},"SF",{"$f":"+Instructions!$B$3","v":"G "},null,{"$f":"+Instructions!$C$22","v":0},{"$f":"ROUND($AA676*(1-W676)+0.004999,2)","v":9.1},null,"YES",9.1,{"$f":"+W676","v":0},9.1,{"$f":"(AG676-AC676)/AG676","v":0},null,1,{"$f":"SUM(AJ676:AL676)+AE676","v":9.1},null,null,{"$f":"ROUND(AC676/(1-VLOOKUP(AF676,Group,2,FALSE)),2)","v":9.1},{"$f":"IF(VLOOKUP(AF676,Group,5,FALSE)=\"YES\",VLOOKUP(ROUND(ROUND(AJ676,1)-AJ676,2),Round,2,FALSE)+VLOOKUP(AF676,Group,6,FALSE),0)","v":0},{"$f":"IF(VLOOKUP(AF676,Group,7,FALSE)=\"\",0,ROUND(AJ676-0.04999,1)-AJ676+AM676)","v":0},{"$f":"IF(VLOOKUP(AF676,Group,7,FALSE)=\"\",\"\",VLOOKUP(AF676,Group,7,FALSE))","v":""},null,"X"]
[null,"Field Tile",null,null,"24\" x 24\"",null,"Field",null,"Rectified",null,null,null,null,null,null,"27.13 SF/CTN",null,null,{"$f":"IF(Suggested=\"Yes\",AA677,AG677)","v":8.9499999999999993},"SF",{"$f":"+Instructions!$B$3","v":"G "},null,{"$f":"+Instructions!$C$22","v":0},{"$f":"ROUND($AA677*(1-W677)+0.004999,2)","v":8.9499999999999993},null,"YES",8.9499999999999993,0,8.9499999999999993,{"$f":"(AG677-AC677)/AG677","v":0},null,1,{"$f":"SUM(AJ677:AL677)+AE677","v":8.9499999999999993},null,null,{"$f":"ROUND(AC677/(1-VLOOKUP(AF677,Group,2,FALSE)),2)","v":8.9499999999999993},{"$f":"IF(VLOOKUP(AF677,Group,5,FALSE)=\"YES\",VLOOKUP(ROUND(ROUND(AJ677,1)-AJ677,2),Round,2,FALSE)+VLOOKUP(AF677,Group,6,FALSE),0)","v":0},{"$f":"IF(VLOOKUP(AF677,Group,7,FALSE)=\"\",0,ROUND(AJ677-0.04999,1)-AJ677+AM677)","v":0},{"$f":"IF(VLOOKUP(AF677,Group,7,FALSE)=\"\",\"\",VLOOKUP(AF677,Group,7,FALSE))","v":""},null,"X"]
[null,"Field Tile",null,null,"24\" x 48\"",null,"Field",null,"Rectified",null,"Biosafe",null,null,null,null,"15.50 SF/CTN",null,"b,c",{"$f":"IF(Suggested=\"Yes\",AA678,AG678)","v":10.6},"SF",{"$f":"+Instructions!$B$3","v":"G "},null,{"$f":"+Instructions!$C$22","v":0},{"$f":"ROUND($AA678*(1-W678)+0.004999,2)","v":10.6},null,"YES",10.6,0,10.6,{"$f":"(AG678-AC678)/AG678","v":0},null,1,{"$f":"SUM(AJ678:AL678)+AE678","v":10.6},null,null,{"$f":"ROUND(AC678/(1-VLOOKUP(AF678,Group,2,FALSE)),2)","v":10.6},{"$f":"IF(VLOOKUP(AF678,Group,5,FALSE)=\"YES\",VLOOKUP(ROUND(ROUND(AJ678,1)-AJ678,2),Round,2,FALSE)+VLOOKUP(AF678,Group,6,FALSE),0)","v":0},{"$f":"IF(VLOOKUP(AF678,Group,7,FALSE)=\"\",0,ROUND(AJ678-0.04999,1)-AJ678+AM678)","v":0},{"$f":"IF(VLOOKUP(AF678,Group,7,FALSE)=\"\",\"\",VLOOKUP(AF678,Group,7,FALSE))","v":""},null,"X"]
[null,null,null,null,null,null,null,null,null,null,null,null,null,null,null,null,null,null,null,null,null,null,null,null,null,null,null,null,null,null,null,null,null,null,null,null,null,null,null,null,"X"]
[null,"Decos",null,null,"12\" x 12\"",null,"Mosaic",null,null,null,"2\" x 2\" (Mesh-Mounted)",null,null,null,null,"0.96 SF/SHEET",null,null,{"$f":"IF(Suggested=\"Yes\",AA680,AG680)","v":21.95},"EA",{"$f":"+Instructions!$B$3","v":"G "},null,{"$f":"+Instructions!$C$22","v":0},{"$f":"ROUND($AA680*(1-W680)+0.004999,2)","v":21.95},null,"",21.95,{"$f":"+W680","v":0},{"$f":"+X680","v":21.95},{"$f":"(AG680-AC680)/AG680","v":0},null,3,{"$f":"SUM(AJ680:AL680)+AE680","v":21.95},null,null,{"$f":"ROUND(AC680/(1-VLOOKUP(AF680,Group,2,FALSE)),2)","v":21.95},{"$f":"IF(VLOOKUP(AF680,Group,5,FALSE)=\"YES\",VLOOKUP(ROUND(ROUND(AJ680,1)-AJ680,2),Round,2,FALSE)+VLOOKUP(AF680,Group,6,FALSE),0)","v":0},{"$f":"IF(VLOOKUP(AF680,Group,7,FALSE)=\"\",0,ROUND(AJ680-0.04999,1)-AJ680+AM680)","v":0},{"$f":"IF(VLOOKUP(AF680,Group,7,FALSE)=\"\",\"\",VLOOKUP(AF680,Group,7,FALSE))","v":""},null,"X"]
[null,null,null,null,null,null,null,null,null,null,null,null,null,null,null,null,null,null,null,null,null,null,null,null,null,null,null,null,null,null,null,null,null,null,null,null,null,null,null,null,"X"]
[null,"Trim",null,null,"3\" x 24\"",null,"Bullnose",null,null,null,null,null,null,null,null,null,null,null,{"$f":"IF(Suggested=\"Yes\",AA682,AG682)","v":12.5},"EA",{"$f":"+Instructions!$B$3","v":"G "},null,{"$f":"+Instructions!$C$22","v":0},{"$f":"ROUND($AA682*(1-W682)+0.004999,2)","v":12.5},null,"",12.5,{"$f":"+W682","v":0},{"$f":"+X682","v":12.5},{"$f":"(AG682-AC682)/AG682","v":0},null,2,{"$f":"SUM(AJ682:AL682)+AE682","v":12.5},null,null,{"$f":"ROUND(AC682/(1-VLOOKUP(AF682,Group,2,FALSE)),2)","v":12.5},{"$f":"IF(VLOOKUP(AF682,Group,5,FALSE)=\"YES\",VLOOKUP(ROUND(ROUND(AJ682,1)-AJ682,2),Round,2,FALSE)+VLOOKUP(AF682,Group,6,FALSE),0)","v":0},{"$f":"IF(VLOOKUP(AF682,Group,7,FALSE)=\"\",0,ROUND(AJ682-0.04999,1)-AJ682+AM682)","v":0},{"$f":"IF(VLOOKUP(AF682,Group,7,FALSE)=\"\",\"\",VLOOKUP(AF682,Group,7,FALSE))","v":""},null,"X"]
[null,null,null,null,null,null,null,null,null,null,null,null,null,null,null,null,null,null,null,null,null,null,null,null,null,null,null,null,null,null,null,null,null,null,null,null,null,null,null,null,"X"]
[null,null,null,"Notes:","a) This format is going through a change of thickness.  Packaging is changing from 13.56 SF/CTN to 19.40 SF/CTN as inventory",null,null,null,null,null,null,null,null,null,null,null,null,null,null,null,null,null,null,null,null,null,null,null,null,null,null,null,null,null,null,null,null,null,null,null,"X"]
[null,null,null,null,"with old packaging is depleted.  Check with Customer Service to be sure which packaging amount you will be receiving.",null,null,null,null,null,null,null,null,null,null,null,null,null,null,null,null,null,null,null,null,null,null,null,null,null,null,null,null,null,null,null,null,null,null,null,"X"]
[null,null,null,null,"b) The innovative Biosafe Tile finish has properties with highly antibacterial activity and the active substances incorporated into",null,null,null,null,null,null,null,null,null,null,null,null,null,null,null,null,null,null,null,null,null,null,null,null,null,null,null,null,null,null,null,null,null,null,null,"X"]
[null,null,null,null,"the enamel are capable of inhibiting the growth of bacteria.  This new development increases the degree of safety and confidence",null,null,null,null,null,null,null,null,null,null,null,null,null,null,null,null,null,null,null,null,null,null,null,null,null,null,null,null,null,null,null,null,null,null,null,"X"]
[null,null,null,null,"in the ceramic material and is suitable for rooms that require extra hygiene.",null,null,null,null,null,null,null,null,null,null,null,null,null,null,null,null,null,null,null,null,null,null,null,null,null,null,null,null,null,null,null,null,null,null,null,"X"]
[null,null,null,null,"c) This format is going through a change of thickness.  Packaging is changing from 15.50 SF/CTN to 23.25 SF/CTN as inventory ",null,null,null,null,null,null,null,null,null,null,null,null,null,null,null,null,null,null,null,null,null,null,null,null,null,null,null,null,null,null,null,null,null,null,null,"X"]
[null,null,null,null,"with old packaging is depleted.  Check with Customer Service to be sure which packaging amount you will be receiving.",null,null,null,null,null,null,null,null,null,null,null,null,null,null,null,null,null,null,null,null,null,null,null,null,null,null,null,null,null,null,null,null,null,null,null,"X"]
[null,null,null,null,null,null,null,null,null,null,null,null,null,null,null,null,null,null,null,null,null,null,null,null,null,null,null,null,null,null,null,null,null,null,null,null,null,null,null,null,"X"]
[null,null,"EPOQUE - Glazed Porcelain",null,null,null,null,null,null,null," ",null,null,null,null,null,null,"Item # Lookup:","ROEP",null,null,null,null,null,null,null,null,null,null,null,null,null,null,null,null,null,null,null,null,null,"X"]
[null,null,null,null,null,null,null,null,null,null,null,null,null,null,null,null,null,null,null,null,null,null,null,null,null,null,null,null,null,null,null,null,null,null,null,null,null,null,null,null,"X"]
[null,"Field Tile",null,null,"8\" x 8\"",null,"Field",null,null,null,"Oval Gray & Taupe",null,null,null,null,"12.70 SF/CTN",null,null,{"$f":"IF(Suggested=\"Yes\",AA694,AG694)","v":10.4},"SF",{"$f":"+Instructions!$B$3","v":"G "},null,{"$f":"+Instructions!$C$22","v":0},{"$f":"ROUND($AA694*(1-W694)+0.004999,2)","v":10.4},null,"",10.4,{"$f":"+W694","v":0},{"$f":"+X694","v":10.4},{"$f":"(AG694-AC694)/AG694","v":0},null,1,{"$f":"SUM(AJ694:AL694)+AE694","v":10.4},null,null,{"$f":"ROUND(AC694/(1-VLOOKUP(AF694,Group,2,FALSE)),2)","v":10.4},{"$f":"IF(VLOOKUP(AF694,Group,5,FALSE)=\"YES\",VLOOKUP(ROUND(ROUND(AJ694,1)-AJ694,2),Round,2,FALSE)+VLOOKUP(AF694,Group,6,FALSE),0)","v":0},{"$f":"IF(VLOOKUP(AF694,Group,7,FALSE)=\"\",0,ROUND(AJ694-0.04999,1)-AJ694+AM694)","v":0},{"$f":"IF(VLOOKUP(AF694,Group,7,FALSE)=\"\",\"\",VLOOKUP(AF694,Group,7,FALSE))","v":""},null,"X"]
[null,"Field Tile",null,null,"8\" x 8\"",null,"Field",null,null,null,"Oval Green & White",null,null,null,null,"12.70 SF/CTN",null,null,10.4,"SF",{"$f":"+Instructions!$B$3","v":"G "},null,{"$f":"+Instructions!$C$22","v":0},10.4,null,"",10.4,0,10.4,0,null,1,10.4,null,null,10.4,0,0,"",null,"X"]
[null,"Field Tile",null,null,"8\" x 8\"",null,"Field",null,null,null,"Oval Navy & Blue",null,null,null,null,"12.70 SF/CTN",null,null,10.4,"SF",{"$f":"+Instructions!$B$3","v":"G "},null,{"$f":"+Instructions!$C$22","v":0},10.4,null,"",10.4,0,10.4,0,null,1,10.4,null,null,10.4,0,0,"",null,"X"]
[null,"Field Tile",null,null,"8\" x 8\"",null,"Field",null,null,null,"Oval Taupe & Gray",null,null,null,null,"12.70 SF/CTN",null,null,10.4,"SF",{"$f":"+Instructions!$B$3","v":"G "},null,{"$f":"+Instructions!$C$22","v":0},10.4,null,"",10.4,0,10.4,0,null,1,10.4,null,null,10.4,0,0,"",null,"X"]
[null,"Field Tile",null,null,"8\" x 8\"",null,"Field",null,null,null,"Shell Lavender & White",null,null,null,null,"12.70 SF/CTN",null,null,10.4,"SF",{"$f":"+Instructions!$B$3","v":"G "},null,{"$f":"+Instructions!$C$22","v":0},10.4,null,"",10.4,0,10.4,0,null,1,10.4,null,null,10.4,0,0,"",null,"X"]
[null,"Field Tile",null,null,"8\" x 8\"",null,"Field",null,null,null,"Shell Pink & White",null,null,null,null,"12.70 SF/CTN",null,null,10.4,"SF",{"$f":"+Instructions!$B$3","v":"G "},null,{"$f":"+Instructions!$C$22","v":0},10.4,null,"",10.4,0,10.4,0,null,1,10.4,null,null,10.4,0,0,"",null,"X"]
[null,"Field Tile",null,null,"8\" x 8\"",null,"Field",null,null,null,"Shell White & Lavender",null,null,null,null,"12.70 SF/CTN",null,null,10.4,"SF",{"$f":"+Instructions!$B$3","v":"G "},null,{"$f":"+Instructions!$C$22","v":0},10.4,null,"",10.4,0,10.4,0,null,1,10.4,null,null,10.4,0,0,"",null,"X"]
[null,"Field Tile",null,null,"8\" x 8\"",null,"Field",null,null,null,"Shell White & Pink",null,null,null,null,"12.70 SF/CTN",null,null,10.4,"SF",{"$f":"+Instructions!$B$3","v":"G "},null,{"$f":"+Instructions!$C$22","v":0},10.4,null,"",10.4,0,10.4,0,null,1,10.4,null,null,10.4,0,0,"",null,"X"]
[null,null,null,null,null,null,null,null,null,null,null,null,null,null,null,null,null,null,null,null,null,null,null,null,null,null,null,null,null,null,null,null,null,null,null,null,null,null,null,null,"X"]
[null,null,"EVERGLADE - Glazed Porcelain",null,null,null,null,null,null,null," ",null,null,null,null,null,null,"Item # Lookup:","ROEV",null,null,null,null,null,null,null,null,null,null,null,null,null,null,null,null,null,null,null,null,null,"X"]
[]
[null,null,null,"Colors:","Forest          Nogales          Silver Gray          Warm Gray",null,null,null,null,null,null,null,null,null,null,null,null,null,null,null,null,null,null,null,null,null,null,null,null,null,null,null,null,null,null,null,null,null,null,null,"X"]
[null,null,null,null,null,null,null,null,null,null,null,null,null,null,null,null,null,null,null,null,null,null,null,null,null,null,null,null,null,null,null,null,null,null,null,null,null,null,null,null,"X"]
[null,"Field Tile",null,null,"8\" x 48\"",null,"Field",null,"Rectified",null,null,null,null,null,null,"15.11 SF/CTN",null,null,{"$f":"IF(Suggested=\"Yes\",AA707,AG707)","v":7.4},"SF",{"$f":"+Instructions!$B$3","v":"G "},null,{"$f":"+Instructions!$C$22","v":0},{"$f":"ROUND($AA707*(1-W707)+0.004999,2)","v":7.4},null,"",7.4,{"$f":"+W707","v":0},{"$f":"+X707","v":7.4},{"$f":"(AG707-AC707)/AG707","v":0},null,1,{"$f":"SUM(AJ707:AL707)+AE707","v":7.4},null,null,{"$f":"ROUND(AC707/(1-VLOOKUP(AF707,Group,2,FALSE)),2)","v":7.4},{"$f":"IF(VLOOKUP(AF707,Group,5,FALSE)=\"YES\",VLOOKUP(ROUND(ROUND(AJ707,1)-AJ707,2),Round,2,FALSE)+VLOOKUP(AF707,Group,6,FALSE),0)","v":0},{"$f":"IF(VLOOKUP(AF707,Group,7,FALSE)=\"\",0,ROUND(AJ707-0.04999,1)-AJ707+AM707)","v":0},{"$f":"IF(VLOOKUP(AF707,Group,7,FALSE)=\"\",\"\",VLOOKUP(AF707,Group,7,FALSE))","v":""},null,"X"]
[null,null,null,null,null,null,null,null,null,null,null,null,null,null,null,null,null,null,null,null,null,null,null,null,null,null,null,null,null,null,null,null,null,null,null,null,null,null,null,null,"X"]
[null,null,"FEATHERS - Glazed Porcelain",null,null,null,null,null,null,null," "," ",null,null,null,null,null,"Item # Lookup:","ROFE",null,null,null,null,null,null,null,null,null,null,null,null,null,null,null,null,null,null,null,null,null,"X"]
[null,null,null,null,null,null,null,null,null,null,null,null,null,null,null,null,null,null,null,null,null,null,null,null,null,null,null,null,null,null,null,null,null,null,null,null,null,null,null,null,"X"]
[null,null,null,"Colors:","Grass          Seagrass          Wool",null,null,null,null,null,null,null,null,null,null,null,null,null,null,null,null,null,null,null,null,null,null,null,null,null,null,null,null,null,null,null,null,null,null,null,"X"]
[null,null,null,null,null,null,null,null,null,null,null,null,null,null,null,null,null,null,null,null,null,null,null,null,null,null,null,null,null,null,null,null,null,null,null,null,null,null,null,null,"X"]
[null,"Field Tile",null,null,"3\" x 12\"",null,"Field",null,null,null,"Bright",null,null,null,null,"12.64 SF/CTN",null,null,{"$f":"IF(Suggested=\"Yes\",AA713,AG713)","v":13.45},"SF",{"$f":"+Instructions!$B$3","v":"G "},null,{"$f":"+Instructions!$C$22","v":0},{"$f":"ROUND($AA713*(1-W713)+0.004999,2)","v":13.45},null,"new",13.45,{"$f":"+W713","v":0},{"$f":"+X713","v":13.45},{"$f":"(AG713-AC713)/AG713","v":0},null,1,{"$f":"SUM(AJ713:AL713)+AE713","v":13.45},null,null,{"$f":"ROUND(AC713/(1-VLOOKUP(AF713,Group,2,FALSE)),2)","v":13.45},{"$f":"IF(VLOOKUP(AF713,Group,5,FALSE)=\"YES\",VLOOKUP(ROUND(ROUND(AJ713,1)-AJ713,2),Round,2,FALSE)+VLOOKUP(AF713,Group,6,FALSE),0)","v":0},{"$f":"IF(VLOOKUP(AF713,Group,7,FALSE)=\"\",0,ROUND(AJ713-0.04999,1)-AJ713+AM713)","v":0},{"$f":"IF(VLOOKUP(AF713,Group,7,FALSE)=\"\",\"\",VLOOKUP(AF713,Group,7,FALSE))","v":""},null,"X"]
[null,null,null,null,null,null,null,null,null,null,null,null,null,null,null,null,null,null,null,null,null,null,null,null,null,null,null,null,null,null,null,null,null,null,null,null,null,null,null,null,"X"]
[null,null,null,"Colors:","White Ice (Bright)          White Ice (Matte)",null,null,null,null,null,null,null,null,null,null,null,null,null,null,null,null,null,null,null,null,null,null,null,null,null,null,null,null,null,null,null,null,null,null,null,"X"]
[null,null,null,null,null,null,null,null,null,null,null,null,null,null,null,null,null,null,null,null,null,null,null,null,null,null,null,null,null,null,null,null,null,null,null,null,null,null,null,null,"X"]
[null,"Field Tile",null,null,"3\" x 12\"",null,"Field",null,null,null,null,null,null,null,null,"12.64 SF/CTN",null,null,{"$f":"IF(Suggested=\"Yes\",AA717,AG717)","v":10.55},"SF",{"$f":"+Instructions!$B$3","v":"G "},null,{"$f":"+Instructions!$C$22","v":0},{"$f":"ROUND($AA717*(1-W717)+0.004999,2)","v":10.55},null,"new",10.55,{"$f":"+W717","v":0},{"$f":"+X717","v":10.55},{"$f":"(AG717-AC717)/AG717","v":0},null,1,{"$f":"SUM(AJ717:AL717)+AE717","v":10.55},null,null,{"$f":"ROUND(AC717/(1-VLOOKUP(AF717,Group,2,FALSE)),2)","v":10.55},{"$f":"IF(VLOOKUP(AF717,Group,5,FALSE)=\"YES\",VLOOKUP(ROUND(ROUND(AJ717,1)-AJ717,2),Round,2,FALSE)+VLOOKUP(AF717,Group,6,FALSE),0)","v":0},{"$f":"IF(VLOOKUP(AF717,Group,7,FALSE)=\"\",0,ROUND(AJ717-0.04999,1)-AJ717+AM717)","v":0},{"$f":"IF(VLOOKUP(AF717,Group,7,FALSE)=\"\",\"\",VLOOKUP(AF717,Group,7,FALSE))","v":""},null,"X"]
[null,null,null,null,null,null,null,null,null,null,null,null,null,null,null,null,null,null,null,null,null,null,null,null,null,null,null,null,null,null,null,null,null,null,null,null,null,null,null,null,"X"]
[null,null,"FLOW - Glazed Porcelain & Glazed Ceramic Wall",null,null,null,null,null,null,null,null,null,null,null,null,null,null,"Item # Lookup:","ROFL",null,null,null,null,null,null,null,null,null,null,null,null,null,null,null,null,null,null,null,null,null,"X"]
[null,null,null,null,null,null,null,null,null,null,null,null,null,null,null,null,null,null,null,null,null,null,null,null,null,null,null,null,null,null,null,null,null,null,null,null,null,null,null,null,"X"]
[null,null,null,"Colors:","Dark Gray          Frost          Lavender          Tender Gray          White",null,null,null,null,null,null,null,null,null,null,null,null,null,null,null,null,null,null,null,null,null,null,null,null,null,null,null,null,null,null,null,null,null,null,null,"X"]
[null,null,null,null,null,null,null,null,null,null,null,null,null,null,null,null,null,null,null,null,null,null,null,null,null,null,null,null,null,null,null,null,null,null,null,null,null,null,null,null,"X"]
[null,"Field Tile",null,null,"3\" x 12\"",null,"Field",null,null,null,null,null,null,null,null,"12.64 SF/CTN",null,null,{"$f":"IF(Suggested=\"Yes\",AA723,AG723)","v":9.1999999999999993},"SF",{"$f":"+Instructions!$B$3","v":"G "},null,{"$f":"+Instructions!$C$22","v":0},{"$f":"ROUND($AA723*(1-W723)+0.004999,2)","v":9.1999999999999993},null,"",9.1999999999999993,{"$f":"+W723","v":0},9.1999999999999993,{"$f":"(AG723-AC723)/AG723","v":0},null,1,{"$f":"SUM(AJ723:AL723)+AE723","v":9.1999999999999993},null,null,{"$f":"ROUND(AC723/(1-VLOOKUP(AF723,Group,2,FALSE)),2)","v":9.1999999999999993},{"$f":"IF(VLOOKUP(AF723,Group,5,FALSE)=\"YES\",VLOOKUP(ROUND(ROUND(AJ723,1)-AJ723,2),Round,2,FALSE)+VLOOKUP(AF723,Group,6,FALSE),0)","v":0},{"$f":"IF(VLOOKUP(AF723,Group,7,FALSE)=\"\",0,ROUND(AJ723-0.04999,1)-AJ723+AM723)","v":0},{"$f":"IF(VLOOKUP(AF723,Group,7,FALSE)=\"\",\"\",VLOOKUP(AF723,Group,7,FALSE))","v":""},null,"X"]
[null,"Field Tile",null,null,"3\" x 12\"",null,"Field - Picket",null,null,null,null,null,null,null,null,"11.79 SF/CTN",null,"a",{"$f":"IF(Suggested=\"Yes\",AA724,AG724)","v":13.6},"SF",{"$f":"+Instructions!$B$3","v":"G "},null,{"$f":"+Instructions!$C$22","v":0},{"$f":"ROUND($AA724*(1-W724)+0.004999,2)","v":13.6},null,"",13.6,0,13.6,{"$f":"(AG724-AC724)/AG724","v":0},null,1,{"$f":"SUM(AJ724:AL724)+AE724","v":13.6},null,null,{"$f":"ROUND(AC724/(1-VLOOKUP(AF724,Group,2,FALSE)),2)","v":13.6},{"$f":"IF(VLOOKUP(AF724,Group,5,FALSE)=\"YES\",VLOOKUP(ROUND(ROUND(AJ724,1)-AJ724,2),Round,2,FALSE)+VLOOKUP(AF724,Group,6,FALSE),0)","v":0},{"$f":"IF(VLOOKUP(AF724,Group,7,FALSE)=\"\",0,ROUND(AJ724-0.04999,1)-AJ724+AM724)","v":0},{"$f":"IF(VLOOKUP(AF724,Group,7,FALSE)=\"\",\"\",VLOOKUP(AF724,Group,7,FALSE))","v":""},null,"X"]
[null,"Field Tile",null,null,"4\" x 16\"",null,"Field",null,null,null,null,null,null,null,null,"15.33 SF/CTN",null,"a",{"$f":"IF(Suggested=\"Yes\",AA725,AG725)","v":7.8},"SF",{"$f":"+Instructions!$B$3","v":"G "},null,{"$f":"+Instructions!$C$22","v":0},{"$f":"ROUND($AA725*(1-W725)+0.004999,2)","v":7.8},null,"",7.8,0,7.8,{"$f":"(AG725-AC725)/AG725","v":0},null,1,{"$f":"SUM(AJ725:AL725)+AE725","v":7.8},null,null,{"$f":"ROUND(AC725/(1-VLOOKUP(AF725,Group,2,FALSE)),2)","v":7.8},{"$f":"IF(VLOOKUP(AF725,Group,5,FALSE)=\"YES\",VLOOKUP(ROUND(ROUND(AJ725,1)-AJ725,2),Round,2,FALSE)+VLOOKUP(AF725,Group,6,FALSE),0)","v":0},{"$f":"IF(VLOOKUP(AF725,Group,7,FALSE)=\"\",0,ROUND(AJ725-0.04999,1)-AJ725+AM725)","v":0},{"$f":"IF(VLOOKUP(AF725,Group,7,FALSE)=\"\",\"\",VLOOKUP(AF725,Group,7,FALSE))","v":""},null,"X"]
[null,null,null,null,null,null,null,null,null,null,null,null,null,null,null,null,null,null,null,null,null,null,null,null,null,null,null,null,null,null,null,null,null,null,null,null,null,null,null,null,"X"]
[null,"Trim",null,null,"3\" x 12\"",null,"S4312",null,"Bullnose",null,null,null,null,null,null,null,null,"a",{"$f":"IF(Suggested=\"Yes\",AA727,AG727)","v":10.1},"EA",{"$f":"+Instructions!$B$3","v":"G "},null,{"$f":"+Instructions!$C$22","v":0},{"$f":"ROUND($AA727*(1-W727)+0.004999,2)","v":10.1},null,"",10.1,{"$f":"+W727","v":0},{"$f":"+X727","v":10.1},{"$f":"(AG727-AC727)/AG727","v":0},null,2,{"$f":"SUM(AJ727:AL727)+AE727","v":10.1},null,null,{"$f":"ROUND(AC727/(1-VLOOKUP(AF727,Group,2,FALSE)),2)","v":10.1},{"$f":"IF(VLOOKUP(AF727,Group,5,FALSE)=\"YES\",VLOOKUP(ROUND(ROUND(AJ727,1)-AJ727,2),Round,2,FALSE)+VLOOKUP(AF727,Group,6,FALSE),0)","v":0},{"$f":"IF(VLOOKUP(AF727,Group,7,FALSE)=\"\",0,ROUND(AJ727-0.04999,1)-AJ727+AM727)","v":0},{"$f":"IF(VLOOKUP(AF727,Group,7,FALSE)=\"\",\"\",VLOOKUP(AF727,Group,7,FALSE))","v":""},null,"X"]
[null,null,null,null,null,null,null,null,null,null,null,null,null,null,null,null,null,null,null,null,null,null,null,null,null,null,null,null,null,null,null,null,null,null,null,null,null,null,null,null,"X"]
[null,null,null,"Colors:","Atoll Blue","Cosmic Sapphire",null,null,null,"       Peacock Green",null,null,null,null,null,null,null,null,null,null,null,null,null,null,null,null,null,null,null,null,null,null,null,null,null,null,null,null,null,null,"X"]
[null,null,null,null,"Burgundy","Living Green",null,null,null,"       Velvet Pink",null,null,null,null,null,null,null,null,null,null,null,null,null,null,null,null,null,null,null,null,null,null,null,null,null,null,null,null,null,null,"X"]
[null,null,null,null,null,null,null,null,null,null,null,null,null,null,null,null,null,null,null,null,null,null,null,null,null,null,null,null,null,null,null,null,null,null,null,null,null,null,null,null,"X"]
[null,"Field Tile",null,null,"3\" x 12\"",null,"Field",null,null,null,null,null,null,null,null,"12.64 SF/CTN",null,null,{"$f":"IF(Suggested=\"Yes\",AA732,AG732)","v":13.55},"SF",{"$f":"+Instructions!$B$3","v":"G "},null,{"$f":"+Instructions!$C$22","v":0},{"$f":"ROUND($AA732*(1-W732)+0.004999,2)","v":13.55},null,"",13.55,{"$f":"+W732","v":0},13.55,{"$f":"(AG732-AC732)/AG732","v":0},null,1,{"$f":"SUM(AJ732:AL732)+AE732","v":13.55},null,null,{"$f":"ROUND(AC732/(1-VLOOKUP(AF732,Group,2,FALSE)),2)","v":13.55},{"$f":"IF(VLOOKUP(AF732,Group,5,FALSE)=\"YES\",VLOOKUP(ROUND(ROUND(AJ732,1)-AJ732,2),Round,2,FALSE)+VLOOKUP(AF732,Group,6,FALSE),0)","v":0},{"$f":"IF(VLOOKUP(AF732,Group,7,FALSE)=\"\",0,ROUND(AJ732-0.04999,1)-AJ732+AM732)","v":0},{"$f":"IF(VLOOKUP(AF732,Group,7,FALSE)=\"\",\"\",VLOOKUP(AF732,Group,7,FALSE))","v":""},null,"X"]
[null,"Field Tile",null,null,"3\" x 12\"",null,"Field - Picket",null,null,null,null,null,null,null,null,"11.79 SF/CTN",null,"b",{"$f":"IF(Suggested=\"Yes\",AA733,AG733)","v":16.5},"SF",{"$f":"+Instructions!$B$3","v":"G "},null,{"$f":"+Instructions!$C$22","v":0},{"$f":"ROUND($AA733*(1-W733)+0.004999,2)","v":16.5},null,"",16.5,0,16.5,{"$f":"(AG733-AC733)/AG733","v":0},null,1,{"$f":"SUM(AJ733:AL733)+AE733","v":16.5},null,null,{"$f":"ROUND(AC733/(1-VLOOKUP(AF733,Group,2,FALSE)),2)","v":16.5},{"$f":"IF(VLOOKUP(AF733,Group,5,FALSE)=\"YES\",VLOOKUP(ROUND(ROUND(AJ733,1)-AJ733,2),Round,2,FALSE)+VLOOKUP(AF733,Group,6,FALSE),0)","v":0},{"$f":"IF(VLOOKUP(AF733,Group,7,FALSE)=\"\",0,ROUND(AJ733-0.04999,1)-AJ733+AM733)","v":0},{"$f":"IF(VLOOKUP(AF733,Group,7,FALSE)=\"\",\"\",VLOOKUP(AF733,Group,7,FALSE))","v":""},null,"X"]
[null,"Field Tile",null,null,"4\" x 16\"",null,"Field",null,null,null,null,null,null,null,null,"15.33 SF/CTN",null,"b",{"$f":"IF(Suggested=\"Yes\",AA734,AG734)","v":10.7},"SF",{"$f":"+Instructions!$B$3","v":"G "},null,{"$f":"+Instructions!$C$22","v":0},{"$f":"ROUND($AA734*(1-W734)+0.004999,2)","v":10.7},null,"",10.7,0,10.7,{"$f":"(AG734-AC734)/AG734","v":0},null,1,{"$f":"SUM(AJ734:AL734)+AE734","v":10.7},null,null,{"$f":"ROUND(AC734/(1-VLOOKUP(AF734,Group,2,FALSE)),2)","v":10.7},{"$f":"IF(VLOOKUP(AF734,Group,5,FALSE)=\"YES\",VLOOKUP(ROUND(ROUND(AJ734,1)-AJ734,2),Round,2,FALSE)+VLOOKUP(AF734,Group,6,FALSE),0)","v":0},{"$f":"IF(VLOOKUP(AF734,Group,7,FALSE)=\"\",0,ROUND(AJ734-0.04999,1)-AJ734+AM734)","v":0},{"$f":"IF(VLOOKUP(AF734,Group,7,FALSE)=\"\",\"\",VLOOKUP(AF734,Group,7,FALSE))","v":""},null,"X"]
[null,null,null,null,null,null,null,null,null,null,null,null,null,null,null,null,null,null,null,null,null,null,null,null,null,null,null,null,null,null,null,null,null,null,null,null,null,null,null,null,"X"]
[null,null,null,"Notes:","a) Not available in colors Frost and Lavender.",null,null,null,null,null,"b) Available in colors Cosmic Sapphire & Peacock Green only.",null,null,null,null,null,null,null,null,null,null,null,null,null,null,null,null,null,null,null,null,null,null,null,null,null,null,null,null,null,"X"]
[null,null,null,null,null,null,null,null,null,null,null,null,null,null,null,null,null,null,null,null,null,null,null,null,null,null,null,null,null,null,null,null,null,null,null,null,null,null,null,null,"X"]
[null,null,"HAVANA - Glazed Porcelain",null,null,null,null,null,null,null," ",null,null,null,null,null,null,"Item # Lookup:","ROHA",null,null,null,null,null,null,null,null,null,null,null,null,null,null,null,null,null,null,null,null,null,"X"]
[null,null,null,null,null,null,null,null,null,null,null,null,null,null,null,null,null,null,null,null,null,null,null,null,null,null,null,null,null,null,null,null,null,null,null,null,null,null,null,null,"X"]
[null,"Field Tile",null,null,"8\" x 8\"",null,"Field",null,null,null,"Blues",null,null,null,null,"11.19 SF/CTN",null,"a",{"$f":"IF(Suggested=\"Yes\",AA740,AG740)","v":6.55},"SF",{"$f":"+Instructions!$B$3","v":"G "},null,{"$f":"+Instructions!$C$22","v":0},{"$f":"ROUND($AA740*(1-W740)+0.004999,2)","v":6.55},null,"YES",6.55,{"$f":"+W740","v":0},6.55,{"$f":"(AG740-AC740)/AG740","v":0},null,1,{"$f":"SUM(AJ740:AL740)+AE740","v":6.55},null,null,{"$f":"ROUND(AC740/(1-VLOOKUP(AF740,Group,2,FALSE)),2)","v":6.55},{"$f":"IF(VLOOKUP(AF740,Group,5,FALSE)=\"YES\",VLOOKUP(ROUND(ROUND(AJ740,1)-AJ740,2),Round,2,FALSE)+VLOOKUP(AF740,Group,6,FALSE),0)","v":0},{"$f":"IF(VLOOKUP(AF740,Group,7,FALSE)=\"\",0,ROUND(AJ740-0.04999,1)-AJ740+AM740)","v":0},{"$f":"IF(VLOOKUP(AF740,Group,7,FALSE)=\"\",\"\",VLOOKUP(AF740,Group,7,FALSE))","v":""},null,"X"]
[null,"Field Tile",null,null,"8\" x 8\"",null,"Field",null,null,null,"Jazz",null,null,null,null,"11.19 SF/CTN",null,"a",{"$f":"IF(Suggested=\"Yes\",AA741,AG741)","v":6.55},"SF",{"$f":"+Instructions!$B$3","v":"G "},null,{"$f":"+Instructions!$C$22","v":0},{"$f":"ROUND($AA741*(1-W741)+0.004999,2)","v":6.55},null,"YES",6.55,0,6.55,{"$f":"(AG741-AC741)/AG741","v":0},null,1,{"$f":"SUM(AJ741:AL741)+AE741","v":6.55},null,null,{"$f":"ROUND(AC741/(1-VLOOKUP(AF741,Group,2,FALSE)),2)","v":6.55},{"$f":"IF(VLOOKUP(AF741,Group,5,FALSE)=\"YES\",VLOOKUP(ROUND(ROUND(AJ741,1)-AJ741,2),Round,2,FALSE)+VLOOKUP(AF741,Group,6,FALSE),0)","v":0},{"$f":"IF(VLOOKUP(AF741,Group,7,FALSE)=\"\",0,ROUND(AJ741-0.04999,1)-AJ741+AM741)","v":0},{"$f":"IF(VLOOKUP(AF741,Group,7,FALSE)=\"\",\"\",VLOOKUP(AF741,Group,7,FALSE))","v":""},null,"X"]
[null,"Field Tile",null,null,"8\" x 8\"",null,"Field",null,null,null,"Retro",null,null,null,null,"11.19 SF/CTN",null,"a",{"$f":"IF(Suggested=\"Yes\",AA742,AG742)","v":6.55},"SF",{"$f":"+Instructions!$B$3","v":"G "},null,{"$f":"+Instructions!$C$22","v":0},{"$f":"ROUND($AA742*(1-W742)+0.004999,2)","v":6.55},null,"YES",6.55,0,6.55,{"$f":"(AG742-AC742)/AG742","v":0},null,1,{"$f":"SUM(AJ742:AL742)+AE742","v":6.55},null,null,{"$f":"ROUND(AC742/(1-VLOOKUP(AF742,Group,2,FALSE)),2)","v":6.55},{"$f":"IF(VLOOKUP(AF742,Group,5,FALSE)=\"YES\",VLOOKUP(ROUND(ROUND(AJ742,1)-AJ742,2),Round,2,FALSE)+VLOOKUP(AF742,Group,6,FALSE),0)","v":0},{"$f":"IF(VLOOKUP(AF742,Group,7,FALSE)=\"\",0,ROUND(AJ742-0.04999,1)-AJ742+AM742)","v":0},{"$f":"IF(VLOOKUP(AF742,Group,7,FALSE)=\"\",\"\",VLOOKUP(AF742,Group,7,FALSE))","v":""},null,"X"]
[null,null,null,null,null,null,null,null,null,null,null,null,null,null,null,null,null,null,null,null,null,null,null,null,null,null,null,null,null,null,null,null,null,null,null,null,null,null,null,null,"X"]
[null,null,null,"Note:","a) This format is going through a change of thickness.  Packaging is changing from 11.19 SF/CTN to 14.32 SF/CTN as inventory",null,null,null,null,null,null,null,null,null,null,null,null,null,null,null,null,null,null,null,null,null,null,null,null,null,null,null,null,null,null,null,null,null,null,null,"X"]
[null,null,null,null,"with old packaging is depleted.  Check with Customer Service to be sure which packaging amount you will be receiving.",null,null,null,null,null,null,null,null,null,null,null,null,null,null,null,null,null,null,null,null,null,null,null,null,null,null,null,null,null,null,null,null,null,null,null,"X"]
[null,null,null,null,null,null,null,null,null,null,null,null,null,null,null,null,null,null,null,null,null,null,null,null,null,null,null,null,null,null,null,null,null,null,null,null,null,null,null,null,"X"]
[null,null,"JUNE - Glazed Porcelain",null,null,null,null,null,null,null," ",null,null,null,null,null,null,"Item # Lookup:","ROJU",null,null,null,null,null,null,null,null,null,null,null,null,null,null,null,null,null,null,null,null,null,"X"]
[null,null,null,null,null,null,null,null,null,null,null,null,null,null,null,null,null,null,null,null,null,null,null,null,null,null,null,null,null,null,null,null,null,null,null,null,null,null,null,null,"X"]
[null,null,null,"Colors:","Caliza          Grafito          Gris",null,null,null,null,null,null,null,null,null,null,null,null,null,null,null,null,null,null,null,null,null,null,null,null,null,null,null,null,null,null,null,null,null,null,null,"X"]
[null,null,null,null,null,null,null,null,null,null,null,null,null,null,null,null,null,null,null,null,null,null,null,null,null,null,null,null,null,null,null,null,null,null,null,null,null,null,null,null,"X"]
[null,"Field Tile",null,null,"24\" x 48\"",null,"Field",null,"Rectified",null,null,null,null,null,null,"15.50 SF/CTN",null,null,{"$f":"IF(Suggested=\"Yes\",AA751,AG751)","v":10.6},"SF",{"$f":"+Instructions!$B$3","v":"G "},null,{"$f":"+Instructions!$C$22","v":0},{"$f":"ROUND($AA751*(1-W751)+0.004999,2)","v":10.6},null,"YES",10.6,{"$f":"+W751","v":0},{"$f":"+X751","v":10.6},{"$f":"(AG751-AC751)/AG751","v":0},null,1,{"$f":"SUM(AJ751:AL751)+AE751","v":10.6},null,null,{"$f":"ROUND(AC751/(1-VLOOKUP(AF751,Group,2,FALSE)),2)","v":10.6},{"$f":"IF(VLOOKUP(AF751,Group,5,FALSE)=\"YES\",VLOOKUP(ROUND(ROUND(AJ751,1)-AJ751,2),Round,2,FALSE)+VLOOKUP(AF751,Group,6,FALSE),0)","v":0},{"$f":"IF(VLOOKUP(AF751,Group,7,FALSE)=\"\",0,ROUND(AJ751-0.04999,1)-AJ751+AM751)","v":0},{"$f":"IF(VLOOKUP(AF751,Group,7,FALSE)=\"\",\"\",VLOOKUP(AF751,Group,7,FALSE))","v":""},null,"X"]
[null,null,null,null,null,null,null,null,null,null,null,null,null,null,null,null,null,null,null,null,null,null,null,null,null,null,null,null,null,null,null,null,null,null,null,null,null,null,null,null,"X"]
[null,"Field Tile",null,null,"12\" x 35\"",null,"Field",null,"Rectified",null,"Suite",null,null,null,null,"14.56 SF/CTN",null,null,{"$f":"IF(Suggested=\"Yes\",AA753,AG753)","v":10.95},"SF",{"$f":"+Instructions!$B$3","v":"G "},null,{"$f":"+Instructions!$C$22","v":0},{"$f":"ROUND($AA753*(1-W753)+0.004999,2)","v":10.95},null,"new",10.95,{"$f":"+W753","v":0},{"$f":"+X753","v":10.95},{"$f":"(AG753-AC753)/AG753","v":0},null,1,{"$f":"SUM(AJ753:AL753)+AE753","v":10.95},null,null,{"$f":"ROUND(AC753/(1-VLOOKUP(AF753,Group,2,FALSE)),2)","v":10.95},{"$f":"IF(VLOOKUP(AF753,Group,5,FALSE)=\"YES\",VLOOKUP(ROUND(ROUND(AJ753,1)-AJ753,2),Round,2,FALSE)+VLOOKUP(AF753,Group,6,FALSE),0)","v":0},{"$f":"IF(VLOOKUP(AF753,Group,7,FALSE)=\"\",0,ROUND(AJ753-0.04999,1)-AJ753+AM753)","v":0},{"$f":"IF(VLOOKUP(AF753,Group,7,FALSE)=\"\",\"\",VLOOKUP(AF753,Group,7,FALSE))","v":""},null,"X"]
[null,null,null,null,null,null,null,null,null,null,null,null,null,null,null,null,null,null,null,null,null,null,null,null,null,null,null,null,null,null,null,null,null,null,null,null,null,null,null,null,"X"]
[null,null,null,"Note:","a) This format is going through a change of thickness.  Packaging is changing from 15.50 SF/CTN to 23.25 SF/CTN as inventory",null,null,null,null,null,null,null,null,null,null,null,null,null,null,null,null,null,null,null,null,null,null,null,null,null,null,null,null,null,null,null,null,null,null,null,"X"]
[null,null,null,null,"with old packaging is depleted.  Check with Customer Service to be sure which packaging amount you will be receiving.",null,null,null,null,null,null,null,null,null,null,null,null,null,null,null,null,null,null,null,null,null,null,null,null,null,null,null,null,null,null,null,null,null,null,null,"X"]
[null,null,null,null,null,null,null,null,null,null,null,null,null,null,null,null,null,null,null,null,null,null,null,null,null,null,null,null,null,null,null,null,null,null,null,null,null,null,null,null,"X"]
[null,null,"KALMA - Color Body Porcelain",null,null,null,null,null,null,null," ",null,null,null,null,null,null,"Item # Lookup:","ROKA",null,null,null,null,null,null,null,null,null,null,null,null,null,null,null,null,null,null,null,null,null,"X"]
[]
[null,null,null,"Color:","White",null,null,null,null,null,null,null,null,null,null,null,null,null,null,null,null,null,null,null,null,null,null,null,null,null,null,null,null,null,null,null,null,null,null,null,"X"]
[null,null,null,null,null,null,null,null,null,null,null,null,null,null,null,null,null,null,null,null,null,null,null,null,null,null,null,null,null,null,null,null,null,null,null,null,null,null,null,null,"X"]
[null,"Field Tile",null,null,"12\" x 24\"",null,"Field",null,"Rectified",null,null,null,null,null,null,"19.40 SF/CTN",null,null,{"$f":"IF(Suggested=\"Yes\",AA762,AG762)","v":9.5500000000000007},"SF",{"$f":"+Instructions!$B$3","v":"G "},null,{"$f":"+Instructions!$C$22","v":0},{"$f":"ROUND($AA762*(1-W762)+0.004999,2)","v":9.5500000000000007},null,"YES",9.5500000000000007,{"$f":"+W762","v":0},{"$f":"+X762","v":9.5500000000000007},{"$f":"(AG762-AC762)/AG762","v":0},null,1,{"$f":"SUM(AJ762:AL762)+AE762","v":9.5500000000000007},null,null,{"$f":"ROUND(AC762/(1-VLOOKUP(AF762,Group,2,FALSE)),2)","v":9.5500000000000007},{"$f":"IF(VLOOKUP(AF762,Group,5,FALSE)=\"YES\",VLOOKUP(ROUND(ROUND(AJ762,1)-AJ762,2),Round,2,FALSE)+VLOOKUP(AF762,Group,6,FALSE),0)","v":0},{"$f":"IF(VLOOKUP(AF762,Group,7,FALSE)=\"\",0,ROUND(AJ762-0.04999,1)-AJ762+AM762)","v":0},{"$f":"IF(VLOOKUP(AF762,Group,7,FALSE)=\"\",\"\",VLOOKUP(AF762,Group,7,FALSE))","v":""},null,"X"]
[null,null,null,null,null,null,null,null,null,null,null,null,null,null,null,null,null,null,null,null,null,null,null,null,null,null,null,null,null,null,null,null,null,null,null,null,null,null,null,null,"X"]
[null,null,"LASSA - Glazed & Polished Porcelain",null,null,null,null,null,null,null,null,null,null,null,null,null,null,"Item # Lookup:","ROLA",null,null,null,null,null,null,null,null,null,null,null,null,null,null,null,null,null,null,null,null,null,"X"]
[null,null,null,null,null,null,null,null,null,null,null,null,null,null,null,null,null,null,null,null,null,null,null,null,null,null,null,null,null,null,null,null,null,null,null,null,null,null,null,null,"X"]
[null,null,null,"Color:","White",null,null,null,null,null,null,null,null,null,null,null,null,null,null,null,null,null,null,null,null,null,null,null,null,null,null,null,null,null,null,null,null,null,null,null,"X"]
[null,null,null,null,null,null,null,null,null,null,null,null,null,null,null,null,null,null,null,null,null,null,null,null,null,null,null,null,null,null,null,null,null,null,null,null,null,null,null,null,"X"]
[null,"Field Tile",null,"Floor:","12\" x 24\"",null,"Field",null,"Rectified",null,"Polished",null,null,null,null,"18.84 SF/CTN",null,null,{"$f":"IF(Suggested=\"Yes\",AA768,AG768)","v":8.1},"SF",{"$f":"+Instructions!$B$3","v":"G "},null,{"$f":"+Instructions!$C$22","v":0},{"$f":"ROUND($AA768*(1-W768)+0.004999,2)","v":8.1},null,"",8.1,{"$f":"+W768","v":0},{"$f":"+X768","v":8.1},{"$f":"(AG768-AC768)/AG768","v":0},null,1,{"$f":"SUM(AJ768:AL768)+AE768","v":8.1},null,null,{"$f":"ROUND(AC768/(1-VLOOKUP(AF768,Group,2,FALSE)),2)","v":8.1},{"$f":"IF(VLOOKUP(AF768,Group,5,FALSE)=\"YES\",VLOOKUP(ROUND(ROUND(AJ768,1)-AJ768,2),Round,2,FALSE)+VLOOKUP(AF768,Group,6,FALSE),0)","v":0},{"$f":"IF(VLOOKUP(AF768,Group,7,FALSE)=\"\",0,ROUND(AJ768-0.04999,1)-AJ768+AM768)","v":0},{"$f":"IF(VLOOKUP(AF768,Group,7,FALSE)=\"\",\"\",VLOOKUP(AF768,Group,7,FALSE))","v":""},null,"X"]
[null,"Field Tile",null,null,"24\" x 48\"",null,"Field",null,"Rectified",null,"Polished",null,null,null,null,"15.28 SF/CTN",null,"a",{"$f":"IF(Suggested=\"Yes\",AA769,AG769)","v":9.3000000000000007},"SF",{"$f":"+Instructions!$B$3","v":"G "},null,{"$f":"+Instructions!$C$22","v":0},{"$f":"ROUND($AA769*(1-W769)+0.004999,2)","v":9.3000000000000007},null,"",9.3000000000000007,{"$f":"+W769","v":0},{"$f":"+X769","v":9.3000000000000007},{"$f":"(AG769-AC769)/AG769","v":0},null,1,{"$f":"SUM(AJ769:AL769)+AE769","v":9.3000000000000007},null,null,{"$f":"ROUND(AC769/(1-VLOOKUP(AF769,Group,2,FALSE)),2)","v":9.3000000000000007},{"$f":"IF(VLOOKUP(AF769,Group,5,FALSE)=\"YES\",VLOOKUP(ROUND(ROUND(AJ769,1)-AJ769,2),Round,2,FALSE)+VLOOKUP(AF769,Group,6,FALSE),0)","v":0},{"$f":"IF(VLOOKUP(AF769,Group,7,FALSE)=\"\",0,ROUND(AJ769-0.04999,1)-AJ769+AM769)","v":0},{"$f":"IF(VLOOKUP(AF769,Group,7,FALSE)=\"\",\"\",VLOOKUP(AF769,Group,7,FALSE))","v":""},null,"X"]
[null,null,null,null,null,null,null,null,null,null,null,null,null,null,null,null,null,null,null,null,null,null,null,null,null,null,null,null,null,null,null,null,null,null,null,null,null,null,null,null,"X"]
[null,"Field Tile",null,null,"12\" x 24\"",null,"Field",null,null,null,"Unpolished",null,null,null,null,"20.34 SF/CTN",null,null,{"$f":"IF(Suggested=\"Yes\",AA771,AG771)","v":6},"SF",{"$f":"+Instructions!$B$3","v":"G "},null,{"$f":"+Instructions!$C$22","v":0},{"$f":"ROUND($AA771*(1-W771)+0.004999,2)","v":6},null,"",6,{"$f":"+W771","v":0},{"$f":"+X771","v":6},{"$f":"(AG771-AC771)/AG771","v":0},null,1,{"$f":"SUM(AJ771:AL771)+AE771","v":6},null,null,{"$f":"ROUND(AC771/(1-VLOOKUP(AF771,Group,2,FALSE)),2)","v":6},{"$f":"IF(VLOOKUP(AF771,Group,5,FALSE)=\"YES\",VLOOKUP(ROUND(ROUND(AJ771,1)-AJ771,2),Round,2,FALSE)+VLOOKUP(AF771,Group,6,FALSE),0)","v":0},{"$f":"IF(VLOOKUP(AF771,Group,7,FALSE)=\"\",0,ROUND(AJ771-0.04999,1)-AJ771+AM771)","v":0},{"$f":"IF(VLOOKUP(AF771,Group,7,FALSE)=\"\",\"\",VLOOKUP(AF771,Group,7,FALSE))","v":""},null,"X"]
[null,"Field Tile",null,null,"24\" x 48\"",null,"Field",null,"Rectified",null,"Unpolished",null,null,null,null,"15.28 SF/CTN",null,"a",{"$f":"IF(Suggested=\"Yes\",AA772,AG772)","v":7.85},"SF",{"$f":"+Instructions!$B$3","v":"G "},null,{"$f":"+Instructions!$C$22","v":0},{"$f":"ROUND($AA772*(1-W772)+0.004999,2)","v":7.85},null,"",7.85,{"$f":"+W772","v":0},{"$f":"+X772","v":7.85},{"$f":"(AG772-AC772)/AG772","v":0},null,1,{"$f":"SUM(AJ772:AL772)+AE772","v":7.85},null,null,{"$f":"ROUND(AC772/(1-VLOOKUP(AF772,Group,2,FALSE)),2)","v":7.85},{"$f":"IF(VLOOKUP(AF772,Group,5,FALSE)=\"YES\",VLOOKUP(ROUND(ROUND(AJ772,1)-AJ772,2),Round,2,FALSE)+VLOOKUP(AF772,Group,6,FALSE),0)","v":0},{"$f":"IF(VLOOKUP(AF772,Group,7,FALSE)=\"\",0,ROUND(AJ772-0.04999,1)-AJ772+AM772)","v":0},{"$f":"IF(VLOOKUP(AF772,Group,7,FALSE)=\"\",\"\",VLOOKUP(AF772,Group,7,FALSE))","v":""},null,"X"]
[null,null,null,null,null,null,null,null,null,null,null,null,null,null,null,null,null,null,null,null,null,null,null,null,null,null,null,null,null,null,null,null,null,null,null,null,null,null,null,null,"X"]
[null,"Trim",null,null,"3\" x 12\"",null,"Bullnose",null,null,null,"Unpolished",null,null,null,null,null,null,null,{"$f":"IF(Suggested=\"Yes\",AA774,AG774)","v":5.9},"EA",{"$f":"+Instructions!$B$3","v":"G "},null,{"$f":"+Instructions!$C$22","v":0},{"$f":"ROUND($AA774*(1-W774)+0.004999,2)","v":5.9},null,"",5.9,{"$f":"+W774","v":0},{"$f":"+X774","v":5.9},{"$f":"(AG774-AC774)/AG774","v":0},null,2,{"$f":"SUM(AJ774:AL774)+AE774","v":5.9},null,null,{"$f":"ROUND(AC774/(1-VLOOKUP(AF774,Group,2,FALSE)),2)","v":5.9},{"$f":"IF(VLOOKUP(AF774,Group,5,FALSE)=\"YES\",VLOOKUP(ROUND(ROUND(AJ774,1)-AJ774,2),Round,2,FALSE)+VLOOKUP(AF774,Group,6,FALSE),0)","v":0},{"$f":"IF(VLOOKUP(AF774,Group,7,FALSE)=\"\",0,ROUND(AJ774-0.04999,1)-AJ774+AM774)","v":0},{"$f":"IF(VLOOKUP(AF774,Group,7,FALSE)=\"\",\"\",VLOOKUP(AF774,Group,7,FALSE))","v":""},null,"X"]
[null,null,null,null,null,null,null,null,null,null,null,null,null,null,null,null,null,null,null,null,null,null,null,null,null,null,null,null,null,null,null,null,null,null,null,null,null,null,null,null,"X"]
[null,"Decos",null,null,"13\" x 13\"",null,"Mosaic",null,"2\" x 2\" (Mesh-Mounted)",null,null,"Unpolished",null,null,null,null,null,null,{"$f":"IF(Suggested=\"Yes\",AA776,AG776)","v":21.15},"EA",{"$f":"+Instructions!$B$3","v":"G "},null,{"$f":"+Instructions!$C$22","v":0},{"$f":"ROUND($AA776*(1-W776)+0.004999,2)","v":21.15},null,"",21.15,{"$f":"+W776","v":0},{"$f":"+X776","v":21.15},{"$f":"(AG776-AC776)/AG776","v":0},null,3,{"$f":"SUM(AJ776:AL776)+AE776","v":21.15},null,null,{"$f":"ROUND(AC776/(1-VLOOKUP(AF776,Group,2,FALSE)),2)","v":21.15},{"$f":"IF(VLOOKUP(AF776,Group,5,FALSE)=\"YES\",VLOOKUP(ROUND(ROUND(AJ776,1)-AJ776,2),Round,2,FALSE)+VLOOKUP(AF776,Group,6,FALSE),0)","v":0},{"$f":"IF(VLOOKUP(AF776,Group,7,FALSE)=\"\",0,ROUND(AJ776-0.04999,1)-AJ776+AM776)","v":0},{"$f":"IF(VLOOKUP(AF776,Group,7,FALSE)=\"\",\"\",VLOOKUP(AF776,Group,7,FALSE))","v":""},null,"X"]
[null,null,null,null,null,null,null,null,null,null,null,null,null,null,null,null,null,null,null,null,null,null,null,null,null,null,null,null,null,null,null,null,null,null,null,null,null,null,null,null,"X"]
[null,"Field Tile",null,"Wall:","6\" x 18\"",null,"Field",null,null,null,"Bright",null,null,null,null,"11.95 SF/CTN",null,null,{"$f":"IF(Suggested=\"Yes\",AA778,AG778)","v":5.8},"SF",{"$f":"+Instructions!$B$3","v":"G "},null,{"$f":"+Instructions!$C$22","v":0},{"$f":"ROUND($AA778*(1-W778)+0.004999,2)","v":5.8},null,"",5.8,{"$f":"+W778","v":0},{"$f":"+X778","v":5.8},{"$f":"(AG778-AC778)/AG778","v":0},null,1,{"$f":"SUM(AJ778:AL778)+AE778","v":5.8},null,null,{"$f":"ROUND(AC778/(1-VLOOKUP(AF778,Group,2,FALSE)),2)","v":5.8},{"$f":"IF(VLOOKUP(AF778,Group,5,FALSE)=\"YES\",VLOOKUP(ROUND(ROUND(AJ778,1)-AJ778,2),Round,2,FALSE)+VLOOKUP(AF778,Group,6,FALSE),0)","v":0},{"$f":"IF(VLOOKUP(AF778,Group,7,FALSE)=\"\",0,ROUND(AJ778-0.04999,1)-AJ778+AM778)","v":0},{"$f":"IF(VLOOKUP(AF778,Group,7,FALSE)=\"\",\"\",VLOOKUP(AF778,Group,7,FALSE))","v":""},null,"X"]
[null,null,null,null,null,null,null,null,null,null,null,null,null,null,null,null,null,null,null,null,null,null,null,null,null,null,null,null,null,null,null,null,null,null,null,null,null,null,null,null,"X"]
[null,"Trim",null,null,"6\" x 18\"",null,"Bullnose",null,null,null,"Bright",null,null,null,null,null,null,null,{"$f":"IF(Suggested=\"Yes\",AA780,AG780)","v":9.4499999999999993},"EA",{"$f":"+Instructions!$B$3","v":"G "},null,{"$f":"+Instructions!$C$22","v":0},{"$f":"ROUND($AA780*(1-W780)+0.004999,2)","v":9.4499999999999993},null,"",9.4499999999999993,{"$f":"+W780","v":0},{"$f":"+X780","v":9.4499999999999993},{"$f":"(AG780-AC780)/AG780","v":0},null,2,{"$f":"SUM(AJ780:AL780)+AE780","v":9.4499999999999993},null,null,{"$f":"ROUND(AC780/(1-VLOOKUP(AF780,Group,2,FALSE)),2)","v":9.4499999999999993},{"$f":"IF(VLOOKUP(AF780,Group,5,FALSE)=\"YES\",VLOOKUP(ROUND(ROUND(AJ780,1)-AJ780,2),Round,2,FALSE)+VLOOKUP(AF780,Group,6,FALSE),0)","v":0},{"$f":"IF(VLOOKUP(AF780,Group,7,FALSE)=\"\",0,ROUND(AJ780-0.04999,1)-AJ780+AM780)","v":0},{"$f":"IF(VLOOKUP(AF780,Group,7,FALSE)=\"\",\"\",VLOOKUP(AF780,Group,7,FALSE))","v":""},null,"X"]
[null,null,null,null,null,null,null,null,null,null,null,null,null,null,null,null,null,null,null,null,null,null,null,null,null,null,null,null,null,null,null,null,null,null,null,null,null,null,null,null,"X"]
[null,null,null,"Note:","a) This format is going through a change of thickness.  Packaging is changing from 15.28 SF/CTN to 22.96 SF/CTN as inventory",null,null,null,null,null,null,null,null,null,null,null,null,null,null,null,null,null,null,null,null,null,null,null,null,null,null,null,null,null,null,null,null,null,null,null,"X"]
[null,null,null,null,"with old packaging is depleted.  Check with Customer Service to be sure which packaging amount you will be receiving.",null,null,null,null,null,null,null,null,null,null,null,null,null,null,null,null,null,null,null,null,null,null,null,null,null,null,null,null,null,null,null,null,null,null,null,"X"]
[null,null,null,null,null,null,null,null,null,null,null,null,null,null,null,null,null,null,null,null,null,null,null,null,null,null,null,null,null,null,null,null,null,null,null,null,null,null,null,null,"X"]
[null,null,"LEGEND - Glazed Porcelain",null,null,null,null,null,null,null," ",null,null,null,null,null,null,"Item # Lookup:","ROLE",null,null,null,null,null,null,null,null,null,null,null,null,null,null,null,null,null,null,null,null,null,"X"]
[null,null,null,null,null,null,null,null,null,null,null,null,null,null,null,null,null,null,null,null,null,null,null,null,null,null,null,null,null,null,null,null,null,null,null,null,null,null,null,null,"X"]
[null,null,null,"Colors:","Arena          Blanco          Graphite",null,null,null,null,null,null,null,null,null,null,null,null,null,null,null,null,null,null,null,null,null,null,null,null,null,null,null,null,null,null,null,null,null,null,null,"X"]
[null,null,null,null,null,null,null,null,null,null,null,null,null,null,null,null,null,null,null,null,null,null,null,null,null,null,null,null,null,null,null,null,null,null,null,null,null,null,null,null,"X"]
[null,"Field Tile",null,null,"12\" x 24\"",null,"Field",null,"Rectified",null,"Polished",null,null,null,null,"18.94 SF/CTN",null,"a",{"$f":"IF(Suggested=\"Yes\",AA789,AG789)","v":7.5},"SF",{"$f":"+Instructions!$B$3","v":"G "},null,{"$f":"+Instructions!$C$22","v":0},{"$f":"ROUND($AA789*(1-W789)+0.004999,2)","v":7.5},null,"",7.5,{"$f":"+W789","v":0},{"$f":"+X789","v":7.5},{"$f":"(AG789-AC789)/AG789","v":0},null,1,{"$f":"SUM(AJ789:AL789)+AE789","v":7.5},null,null,{"$f":"ROUND(AC789/(1-VLOOKUP(AF789,Group,2,FALSE)),2)","v":7.5},{"$f":"IF(VLOOKUP(AF789,Group,5,FALSE)=\"YES\",VLOOKUP(ROUND(ROUND(AJ789,1)-AJ789,2),Round,2,FALSE)+VLOOKUP(AF789,Group,6,FALSE),0)","v":0},{"$f":"IF(VLOOKUP(AF789,Group,7,FALSE)=\"\",0,ROUND(AJ789-0.04999,1)-AJ789+AM789)","v":0},{"$f":"IF(VLOOKUP(AF789,Group,7,FALSE)=\"\",\"\",VLOOKUP(AF789,Group,7,FALSE))","v":""},null,"X"]
[null,"Field Tile",null,null,"24\" x 48\"",null,"Field",null,"Rectified",null,"Polished",null,null,null,null,"22.96 SF/CTN",null,"b",{"$f":"IF(Suggested=\"Yes\",AA790,AG790)","v":8.4},"SF",{"$f":"+Instructions!$B$3","v":"G "},null,{"$f":"+Instructions!$C$22","v":0},{"$f":"ROUND($AA790*(1-W790)+0.004999,2)","v":8.4},null,"",8.4,{"$f":"+W790","v":0},{"$f":"+X790","v":8.4},{"$f":"(AG790-AC790)/AG790","v":0},null,1,{"$f":"SUM(AJ790:AL790)+AE790","v":8.4},null,null,{"$f":"ROUND(AC790/(1-VLOOKUP(AF790,Group,2,FALSE)),2)","v":8.4},{"$f":"IF(VLOOKUP(AF790,Group,5,FALSE)=\"YES\",VLOOKUP(ROUND(ROUND(AJ790,1)-AJ790,2),Round,2,FALSE)+VLOOKUP(AF790,Group,6,FALSE),0)","v":0},{"$f":"IF(VLOOKUP(AF790,Group,7,FALSE)=\"\",0,ROUND(AJ790-0.04999,1)-AJ790+AM790)","v":0},{"$f":"IF(VLOOKUP(AF790,Group,7,FALSE)=\"\",\"\",VLOOKUP(AF790,Group,7,FALSE))","v":""},null,"X"]
[null,null,null,null,null,null,null,null,null,null,null,null,null,null,null,null,null,null,null,null,null,null,null,null,null,null,null,null,null,null,null,null,null,null,null,null,null,null,null,null,"X"]
[null,null,null,"Colors:","Arena          Blanco          Graphite          Vison",null,null,null,null,null,null,null,null,null,null,null,null,null,null,null,null,null,null,null,null,null,null,null,null,null,null,null,null,null,null,null,null,null,null,null,"X"]
[null,null,null,null,null,null,null,null,null,null,null,null,null,null,null,null,null,null,null,null,null,null,null,null,null,null,null,null,null,null,null,null,null,null,null,null,null,null,null,null,"X"]
[null,"Field Tile",null,null,"12\" x 24\"",null,"Field",null,null,null,"Unpolished",null,null,null,null,"20.34 SF/CTN",null,null,{"$f":"IF(Suggested=\"Yes\",AA794,AG794)","v":6},"SF",{"$f":"+Instructions!$B$3","v":"G "},null,{"$f":"+Instructions!$C$22","v":0},{"$f":"ROUND($AA794*(1-W794)+0.004999,2)","v":6},null,"",6,{"$f":"+W794","v":0},6,{"$f":"(AG794-AC794)/AG794","v":0},null,1,{"$f":"SUM(AJ794:AL794)+AE794","v":6},null,null,{"$f":"ROUND(AC794/(1-VLOOKUP(AF794,Group,2,FALSE)),2)","v":6},{"$f":"IF(VLOOKUP(AF794,Group,5,FALSE)=\"YES\",VLOOKUP(ROUND(ROUND(AJ794,1)-AJ794,2),Round,2,FALSE)+VLOOKUP(AF794,Group,6,FALSE),0)","v":0},{"$f":"IF(VLOOKUP(AF794,Group,7,FALSE)=\"\",0,ROUND(AJ794-0.04999,1)-AJ794+AM794)","v":0},{"$f":"IF(VLOOKUP(AF794,Group,7,FALSE)=\"\",\"\",VLOOKUP(AF794,Group,7,FALSE))","v":""},null,"X"]
[null,"Field Tile",null,null,"8\" x 9\" Hexagon",null,"Field",null,null,null,"Unpolished",null,null,null,null,"10.36 SF/CTN",null,"c",{"$f":"IF(Suggested=\"Yes\",AA795,AG795)","v":9.4499999999999993},"SF",{"$f":"+Instructions!$B$3","v":"G "},null,{"$f":"+Instructions!$C$22","v":0},{"$f":"ROUND($AA795*(1-W795)+0.004999,2)","v":9.4499999999999993},null,"",9.4499999999999993,0,9.4499999999999993,{"$f":"(AG795-AC795)/AG795","v":0},null,1,{"$f":"SUM(AJ795:AL795)+AE795","v":9.4499999999999993},null,null,{"$f":"ROUND(AC795/(1-VLOOKUP(AF795,Group,2,FALSE)),2)","v":9.4499999999999993},{"$f":"IF(VLOOKUP(AF795,Group,5,FALSE)=\"YES\",VLOOKUP(ROUND(ROUND(AJ795,1)-AJ795,2),Round,2,FALSE)+VLOOKUP(AF795,Group,6,FALSE),0)","v":0},{"$f":"IF(VLOOKUP(AF795,Group,7,FALSE)=\"\",0,ROUND(AJ795-0.04999,1)-AJ795+AM795)","v":0},{"$f":"IF(VLOOKUP(AF795,Group,7,FALSE)=\"\",\"\",VLOOKUP(AF795,Group,7,FALSE))","v":""},null,"X"]
[null,null,null,null,null,null,null,null,null,null,null,null,null,null,null,null,null,null,null,null,null,null,null,null,null,null,null,null,null,null,null,null,null,null,null,null,null,null,null,null,"X"]
[null,"Decos",null,null,"13\" x 13\"",null,"Mosaic",null,"2\" x 2\" (Mesh-Mounted)",null,null,"Unpolished",null,null,null,"1.19 SF/SHEET",null,null,{"$f":"IF(Suggested=\"Yes\",AA797,AG797)","v":21.15},"EA",{"$f":"+Instructions!$B$3","v":"G "},null,{"$f":"+Instructions!$C$22","v":0},{"$f":"ROUND($AA797*(1-W797)+0.004999,2)","v":21.15},null,"",21.15,{"$f":"+W797","v":0},{"$f":"+X797","v":21.15},{"$f":"(AG797-AC797)/AG797","v":0},null,3,{"$f":"SUM(AJ797:AL797)+AE797","v":21.15},null,null,{"$f":"ROUND(AC797/(1-VLOOKUP(AF797,Group,2,FALSE)),2)","v":21.15},{"$f":"IF(VLOOKUP(AF797,Group,5,FALSE)=\"YES\",VLOOKUP(ROUND(ROUND(AJ797,1)-AJ797,2),Round,2,FALSE)+VLOOKUP(AF797,Group,6,FALSE),0)","v":0},{"$f":"IF(VLOOKUP(AF797,Group,7,FALSE)=\"\",0,ROUND(AJ797-0.04999,1)-AJ797+AM797)","v":0},{"$f":"IF(VLOOKUP(AF797,Group,7,FALSE)=\"\",\"\",VLOOKUP(AF797,Group,7,FALSE))","v":""},null,"X"]
[null,null,null,null,null,null,null,null,null,null,null,null,null,null,null,null,null,null,null,null,null,null,null,null,null,null,null,null,null,null,null,null,null,null,null,null,null,null,null,null,"X"]
[null,"Trim",null,null,"3\" x 12\"",null,"S43C9",null,"Bullnose",null,"Unpolished",null,null,null,null,null,null,null,{"$f":"IF(Suggested=\"Yes\",AA799,AG799)","v":5.9},"EA",{"$f":"+Instructions!$B$3","v":"G "},null,{"$f":"+Instructions!$C$22","v":0},{"$f":"ROUND($AA799*(1-W799)+0.004999,2)","v":5.9},null,"",5.9,{"$f":"+W799","v":0},{"$f":"+X799","v":5.9},{"$f":"(AG799-AC799)/AG799","v":0},null,2,{"$f":"SUM(AJ799:AL799)+AE799","v":5.9},null,null,{"$f":"ROUND(AC799/(1-VLOOKUP(AF799,Group,2,FALSE)),2)","v":5.9},{"$f":"IF(VLOOKUP(AF799,Group,5,FALSE)=\"YES\",VLOOKUP(ROUND(ROUND(AJ799,1)-AJ799,2),Round,2,FALSE)+VLOOKUP(AF799,Group,6,FALSE),0)","v":0},{"$f":"IF(VLOOKUP(AF799,Group,7,FALSE)=\"\",0,ROUND(AJ799-0.04999,1)-AJ799+AM799)","v":0},{"$f":"IF(VLOOKUP(AF799,Group,7,FALSE)=\"\",\"\",VLOOKUP(AF799,Group,7,FALSE))","v":""},null,"X"]
[null,null,null,null,null,null,null,null,null,null,null,null,null,null,null,null,null,null,null,null,null,null,null,null,null,null,null,null,null,null,null,null,null,null,null,null,null,null,null,null,"X"]
[null,null,null,"Notes:","a) Packaging for color Blanco is changing from 15.50 SF/CTN to 18.94 SF/CTN as inventory with old packaging is depleted.  ",null,null,null,null,null,null,null,null,null,null,null,null,null,null,null,null,null,null,null,null,null,null,null,null,null,null,null,null,null,null,null,null,null,null,null,"X"]
[null,null,null,null,"b) Not available in colors Arena and Graphite.",null,null,null,null,null,"c) Available in color Vison only.",null,null,null,null,null,null,null,null,null,null,null,null,null,null,null,null,null,null,null,null,null,null,null,null,null,null,null,null,null,"X"]
[null,null,null,null,null,null,null,null,null,null,null,null,null,null,null,null,null,null,null,null,null,null,null,null,null,null,null,null,null,null,null,null,null,null,null,null,null,null,null,null,"X"]
[null,null,"LIMESTONE - Glazed Porcelain",null,null,null,null,null,null,null," ",null,null,null,null,null,null,"Item # Lookup:","ROLM",null,null,null,null,null,null,null,null,null,null,null,null,null,null,null,null,null,null,null,null,null,"X"]
[null,null,null,null,null,null,null,null,null,null,null,null,null,null,null,null,null,null,null,null,null,null,null,null,null,null,null,null,null,null,null,null,null,null,null,null,null,null,null,null,"X"]
[null,null,null,"Colors:","Arena          Blanco          Gris          Vison",null,null,null,null,null,null,null,null,null,null,null,null,null,null,null,null,null,null,null,null,null,null,null,null,null,null,null,null,null,null,null,null,null,null,null,"X"]
[null,null,null,null,null,null,null,null,null,null,null,null,null,null,null,null,null,null,null,null,null,null,null,null,null,null,null,null,null,null,null,null,null,null,null,null,null,null,null,null,"X"]
[null,"Field Tile",null,null,"12\" x 24\"",null,"Field",null,"Rectified",null,null,null,null,null,null,"13.56 SF/CTN",null,null,{"$f":"IF(Suggested=\"Yes\",AA808,AG808)","v":9.1},"SF",{"$f":"+Instructions!$B$3","v":"G "},null,{"$f":"+Instructions!$C$22","v":0},{"$f":"ROUND($AA808*(1-W808)+0.004999,2)","v":9.1},null,"YES",9.1,{"$f":"+W808","v":0},{"$f":"+X808","v":9.1},{"$f":"(AG808-AC808)/AG808","v":0},null,1,{"$f":"SUM(AJ808:AL808)+AE808","v":9.1},null,null,{"$f":"ROUND(AC808/(1-VLOOKUP(AF808,Group,2,FALSE)),2)","v":9.1},{"$f":"IF(VLOOKUP(AF808,Group,5,FALSE)=\"YES\",VLOOKUP(ROUND(ROUND(AJ808,1)-AJ808,2),Round,2,FALSE)+VLOOKUP(AF808,Group,6,FALSE),0)","v":0},{"$f":"IF(VLOOKUP(AF808,Group,7,FALSE)=\"\",0,ROUND(AJ808-0.04999,1)-AJ808+AM808)","v":0},{"$f":"IF(VLOOKUP(AF808,Group,7,FALSE)=\"\",\"\",VLOOKUP(AF808,Group,7,FALSE))","v":""},null,"X"]
[null,null,null,null,null,null,null,null,null,null,null,null,null,null,null,null,null,null,null,null,null,null,null,null,null,null,null,null,null,null,null,null,null,null,null,null,null,null,null,null,"X"]
[null,null,null,"Notes:","a) This format is going through a change of thickness.  Packaging is changing from 13.56 SF/CTN to 19.40 SF/CTN as inventory",null,null,null,null,null,null,null,null,null,null,null,null,null,null,null,null,null,null,null,null,null,null,null,null,null,null,null,null,null,null,null,null,null,null,null,"X"]
[null,null,null,null,"with old packaging is depleted.  Check with Customer Service to be sure which packaging amount you will be receiving.",null,null,null,null,null,null,null,null,null,null,null,null,null,null,null,null,null,null,null,null,null,null,null,null,null,null,null,null,null,null,null,null,null,null,null,"X"]
[null,null,null,null,null,null,null,null,null,null,null,null,null,null,null,null,null,null,null,null,null,null,null,null,null,null,null,null,null,null,null,null,null,null,null,null,null,null,null,null,"X"]
[null,null,"LITHOLOGY EDITION - Glazed Porcelain",null,null,null,null,null,null,null," ",null,null,null,null,null,null,"Item # Lookup:","ROLT",null,null,null,null,null,null,null,null,null,null,null,null,null,null,null,null,null,null,null,null,null,"X"]
[null,null,null,null,null,null,null,null,null,null,null,null,null,null,null,null,null,null,null,null,null,null,null,null,null,null,null,null,null,null,null,null,null,null,null,null,null,null,null,null,"X"]
[null,null,null,"Colors:","Astoria Grey",null,"          Empire Beige",null,null,null,"  Polaris White",null,null,"Vesta Silver",null,null,null,null,null,null,null,null,null,null,null,null,null,null,null,null,null,null,null,null,null,null,null,null,null,null,"X"]
[null,null,null,null,"Basalt Graphite",null,"          Ibiza White",null,null,null,"  Sandstone Beige",null,null,"Vesta Taupe",null,null,null,null,null,null,null,null,null,null,null,null,null,null,null,null,null,null,null,null,null,null,null,null,null,null,"X"]
[null,null,null,null,"Basalt Grey",null,"          Moscato Sand",null,null,null,"  Sandstone White",null,null,"Vesta White",null,null,null,null,null,null,null,null,null,null,null,null,null,null,null,null,null,null,null,null,null,null,null,null,null,null,"X"]
[null,null,null,null,"Basalt White",null,"          Moscato Taupe",null,null,null,"  Vesta Sand",null,null,null,null,null,null,null,null,null,null,null,null,null,null,null,null,null,null,null,null,null,null,null,null,null,null,null,null,null,"X"]
[null,null,null,null,null,null,null,null,null,null,null,null,null,null,null,null,null,null,null,null,null,null,null,null,null,null,null,null,null,null,null,null,null,null,null,null,null,null,null,null,"X"]
[null,"Field Tile",null,null,"12\" x 24\"",null,"Field",null,null,null,null,null,null,null,null,"17.44 SF/CTN",null,null,{"$f":"IF(Suggested=\"Yes\",AA820,AG820)","v":5.4},"SF",{"$f":"+Instructions!$B$3","v":"G "},null,{"$f":"+Instructions!$C$22","v":0},{"$f":"ROUND($AA820*(1-W820)+0.004999,2)","v":5.4},null,"",5.4,{"$f":"+W820","v":0},{"$f":"+X820","v":5.4},{"$f":"(AG820-AC820)/AG820","v":0},null,1,{"$f":"SUM(AJ820:AL820)+AE820","v":5.4},null,null,{"$f":"ROUND(AC820/(1-VLOOKUP(AF820,Group,2,FALSE)),2)","v":5.4},{"$f":"IF(VLOOKUP(AF820,Group,5,FALSE)=\"YES\",VLOOKUP(ROUND(ROUND(AJ820,1)-AJ820,2),Round,2,FALSE)+VLOOKUP(AF820,Group,6,FALSE),0)","v":0},{"$f":"IF(VLOOKUP(AF820,Group,7,FALSE)=\"\",0,ROUND(AJ820-0.04999,1)-AJ820+AM820)","v":0},{"$f":"IF(VLOOKUP(AF820,Group,7,FALSE)=\"\",\"\",VLOOKUP(AF820,Group,7,FALSE))","v":""},null,"X"]
[null,null,null,null,null,null,null,null,null,null,null,null,null,null,null,null,null,null,null,null,null,null,null,null,null,null,null,null,null,null,null,null,null,null,null,null,null,null,null,null,"X"]
[null,null,"LIVERPOOL - Glazed Porcelain",null,null,null,null,null,null,null," ",null,null,null,null,null,null,"Item # Lookup:","ROLP",null,null,null,null,null,null,null,null,null,null,null,null,null,null,null,null,null,null,null,null,null,"X"]
[null,null,null,null,null,null,null,null,null,null,null,null,null,null,null,null,null,null,null,null,null,null,null,null,null,null,null,null,null,null,null,null,null,null,null,null,null,null,null,null,"X"]
[null,null,null,"Colors:","Blanco          Cinza          Grafito          Gris",null,null,null,null,null,null,null,null,null,null,null,null,null,null,null,null,null,null,null,null,null,null,null,null,null,null,null,null,null,null,null,null,null,null,null,"X"]
[null,null,null,null,null,null,null,null,null,null,null,null,null,null,null,null,null,null,null,null,null,null,null,null,null,null,null,null,null,null,null,null,null,null,null,null,null,null,null,null,"X"]
[null,"Field Tile",null,null,"12\" x 24\"",null,"Field",null,"Rectified",null,"Polished",null,null,null,null,"18.94 SF/CTN",null,null,{"$f":"IF(Suggested=\"Yes\",AA826,AG826)","v":7.35},"SF",{"$f":"+Instructions!$B$3","v":"G "},null,{"$f":"+Instructions!$C$22","v":0},{"$f":"ROUND($AA826*(1-W826)+0.004999,2)","v":7.35},null,"",7.35,{"$f":"+W826","v":0},7.35,{"$f":"(AG826-AC826)/AG826","v":0},null,1,{"$f":"SUM(AJ826:AL826)+AE826","v":7.35},null,null,{"$f":"ROUND(AC826/(1-VLOOKUP(AF826,Group,2,FALSE)),2)","v":7.35},{"$f":"IF(VLOOKUP(AF826,Group,5,FALSE)=\"YES\",VLOOKUP(ROUND(ROUND(AJ826,1)-AJ826,2),Round,2,FALSE)+VLOOKUP(AF826,Group,6,FALSE),0)","v":0},{"$f":"IF(VLOOKUP(AF826,Group,7,FALSE)=\"\",0,ROUND(AJ826-0.04999,1)-AJ826+AM826)","v":0},{"$f":"IF(VLOOKUP(AF826,Group,7,FALSE)=\"\",\"\",VLOOKUP(AF826,Group,7,FALSE))","v":""},null,"X"]
[null,"Field Tile",null,null,"24\" x 24\"",null,"Field",null,"Rectified",null,"Polished",null,null,null,null,"19.05 SF/CTN",null,null,{"$f":"IF(Suggested=\"Yes\",AA827,AG827)","v":7.35},"SF",{"$f":"+Instructions!$B$3","v":"G "},null,{"$f":"+Instructions!$C$22","v":0},{"$f":"ROUND($AA827*(1-W827)+0.004999,2)","v":7.35},null,"",7.35,0,7.35,{"$f":"(AG827-AC827)/AG827","v":0},null,1,{"$f":"SUM(AJ827:AL827)+AE827","v":7.35},null,null,{"$f":"ROUND(AC827/(1-VLOOKUP(AF827,Group,2,FALSE)),2)","v":7.35},{"$f":"IF(VLOOKUP(AF827,Group,5,FALSE)=\"YES\",VLOOKUP(ROUND(ROUND(AJ827,1)-AJ827,2),Round,2,FALSE)+VLOOKUP(AF827,Group,6,FALSE),0)","v":0},{"$f":"IF(VLOOKUP(AF827,Group,7,FALSE)=\"\",0,ROUND(AJ827-0.04999,1)-AJ827+AM827)","v":0},{"$f":"IF(VLOOKUP(AF827,Group,7,FALSE)=\"\",\"\",VLOOKUP(AF827,Group,7,FALSE))","v":""},null,"X"]
[null,"Field Tile",null,null,"24\" x 48\"",null,"Field",null,"Rectified",null,"Polished",null,null,null,null,"15.28 SF/CTN",null,"a",{"$f":"IF(Suggested=\"Yes\",AA828,AG828)","v":8.6999999999999993},"SF",{"$f":"+Instructions!$B$3","v":"G "},null,{"$f":"+Instructions!$C$22","v":0},{"$f":"ROUND($AA828*(1-W828)+0.004999,2)","v":8.6999999999999993},null,"",8.6999999999999993,0,8.6999999999999993,{"$f":"(AG828-AC828)/AG828","v":0},null,1,{"$f":"SUM(AJ828:AL828)+AE828","v":8.6999999999999993},null,null,{"$f":"ROUND(AC828/(1-VLOOKUP(AF828,Group,2,FALSE)),2)","v":8.6999999999999993},{"$f":"IF(VLOOKUP(AF828,Group,5,FALSE)=\"YES\",VLOOKUP(ROUND(ROUND(AJ828,1)-AJ828,2),Round,2,FALSE)+VLOOKUP(AF828,Group,6,FALSE),0)","v":0},{"$f":"IF(VLOOKUP(AF828,Group,7,FALSE)=\"\",0,ROUND(AJ828-0.04999,1)-AJ828+AM828)","v":0},{"$f":"IF(VLOOKUP(AF828,Group,7,FALSE)=\"\",\"\",VLOOKUP(AF828,Group,7,FALSE))","v":""},null,"X"]
[null,null,null,null,null,null,null,null,null,null,null,null,null,null,null,null,null,null,null,null,null,null,null,null,null,null,null,null,null,null,null,null,null,null,null,null,null,null,null,null,"X"]
[null,"Field Tile",null,null,"12\" x 24\"",null,"Field",null,"Rectified",null,"Unpolished",null,null,null,null,"18.94 SF/CTN",null,null,{"$f":"IF(Suggested=\"Yes\",AA830,AG830)","v":6.3},"SF",{"$f":"+Instructions!$B$3","v":"G "},null,{"$f":"+Instructions!$C$22","v":0},{"$f":"ROUND($AA830*(1-W830)+0.004999,2)","v":6.3},null,"",6.3,{"$f":"+W830","v":0},6.3,{"$f":"(AG830-AC830)/AG830","v":0},null,1,{"$f":"SUM(AJ830:AL830)+AE830","v":6.3},null,null,{"$f":"ROUND(AC830/(1-VLOOKUP(AF830,Group,2,FALSE)),2)","v":6.3},{"$f":"IF(VLOOKUP(AF830,Group,5,FALSE)=\"YES\",VLOOKUP(ROUND(ROUND(AJ830,1)-AJ830,2),Round,2,FALSE)+VLOOKUP(AF830,Group,6,FALSE),0)","v":0},{"$f":"IF(VLOOKUP(AF830,Group,7,FALSE)=\"\",0,ROUND(AJ830-0.04999,1)-AJ830+AM830)","v":0},{"$f":"IF(VLOOKUP(AF830,Group,7,FALSE)=\"\",\"\",VLOOKUP(AF830,Group,7,FALSE))","v":""},null,"X"]
[null,"Field Tile",null,null,"24\" x 24\"",null,"Field",null,"Rectified",null,"Unpolished",null,null,null,null,"19.05 SF/CTN",null,null,{"$f":"IF(Suggested=\"Yes\",AA831,AG831)","v":6.35},"SF",{"$f":"+Instructions!$B$3","v":"G "},null,{"$f":"+Instructions!$C$22","v":0},{"$f":"ROUND($AA831*(1-W831)+0.004999,2)","v":6.35},null,"",6.35,0,6.35,{"$f":"(AG831-AC831)/AG831","v":0},null,1,{"$f":"SUM(AJ831:AL831)+AE831","v":6.35},null,null,{"$f":"ROUND(AC831/(1-VLOOKUP(AF831,Group,2,FALSE)),2)","v":6.35},{"$f":"IF(VLOOKUP(AF831,Group,5,FALSE)=\"YES\",VLOOKUP(ROUND(ROUND(AJ831,1)-AJ831,2),Round,2,FALSE)+VLOOKUP(AF831,Group,6,FALSE),0)","v":0},{"$f":"IF(VLOOKUP(AF831,Group,7,FALSE)=\"\",0,ROUND(AJ831-0.04999,1)-AJ831+AM831)","v":0},{"$f":"IF(VLOOKUP(AF831,Group,7,FALSE)=\"\",\"\",VLOOKUP(AF831,Group,7,FALSE))","v":""},null,"X"]
[null,"Field Tile",null,null,"24\" x 48\"",null,"Field",null,"Rectified",null,"Unpolished",null,null,null,null,"15.28 SF/CTN",null,"a",{"$f":"IF(Suggested=\"Yes\",AA832,AG832)","v":7.85},"SF",{"$f":"+Instructions!$B$3","v":"G "},null,{"$f":"+Instructions!$C$22","v":0},{"$f":"ROUND($AA832*(1-W832)+0.004999,2)","v":7.85},null,"",7.85,0,7.85,{"$f":"(AG832-AC832)/AG832","v":0},null,1,{"$f":"SUM(AJ832:AL832)+AE832","v":7.85},null,null,{"$f":"ROUND(AC832/(1-VLOOKUP(AF832,Group,2,FALSE)),2)","v":7.85},{"$f":"IF(VLOOKUP(AF832,Group,5,FALSE)=\"YES\",VLOOKUP(ROUND(ROUND(AJ832,1)-AJ832,2),Round,2,FALSE)+VLOOKUP(AF832,Group,6,FALSE),0)","v":0},{"$f":"IF(VLOOKUP(AF832,Group,7,FALSE)=\"\",0,ROUND(AJ832-0.04999,1)-AJ832+AM832)","v":0},{"$f":"IF(VLOOKUP(AF832,Group,7,FALSE)=\"\",\"\",VLOOKUP(AF832,Group,7,FALSE))","v":""},null,"X"]
[null,null,null,null,null,null,null,null,null,null,null,null,null,null,null,null,null,null,null,null,null,null,null,null,null,null,null,null,null,null,null,null,null,null,null,null,null,null,null,null,"X"]
[null,null,null,"Note:","a) This format is going through a change of thickness.  Packaging is changing from 15.28 SF/CTN to 22.96 SF/CTN as inventory",null,null,null,null,null,null,null,null,null,null,null,null,null,null,null,null,null,null,null,null,null,null,null,null,null,null,null,null,null,null,null,null,null,null,null,"X"]
[null,null,null,null,"with old packaging is depleted.  Check with Customer Service to be sure which packaging amount you will be receiving.",null,null,null,null,null,null,null,null,null,null,null,null,null,null,null,null,null,null,null,null,null,null,null,null,null,null,null,null,null,null,null,null,null,null,null,"X"]
[null,null,null,null,null,null,null,null,null,null,null,null,null,null,null,null,null,null,null,null,null,null,null,null,null,null,null,null,null,null,null,null,null,null,null,null,null,null,null,null,"X"]
[null,null,"MAGNOLIA - Glazed Ceramic Wall",null,null,null,null,null,null,null,null,null,null,null,null,null,null,"Item # Lookup:","ROMG",null,null,null,null,null,null,null,null,null,null,null,null,null,null,null,null,null,null,null,null,null,"X"]
[null,null,null,null,null,null,null,null,null,null,null,null,null,null,null,null,null,null,null,null,null,null,null,null,null,null,null,null,null,null,null,null,null,null,null,null,null,null,null,null,"X"]
[null,null,null,"Colors:","Arena          Blanco          Gris          Vison",null,null,null,null,null,null,null,null,null,null,null,null,null,null,null,null,null,null,null,null,null,null,null,null,null,null,null,null,null,null,null,null,null,null,null,"X"]
[null,null,null,null,null,null,null,null,null,null,null,null,null,null,null,null,null,null,null,null,null,null,null,null,null,null,null,null,null,null,null,null,null,null,null,null,null,null,null,null,"X"]
[null,"Field Tile",null,null,"6\" x 18\"",null,"Field",null,null,null,null,null,null,null,null,"12.00 SF/CTN",null,null,{"$f":"IF(Suggested=\"Yes\",AA841,AG841)","v":6.65},"SF",{"$f":"+Instructions!$B$3","v":"G "},null,{"$f":"+Instructions!$C$22","v":0},{"$f":"ROUND($AA841*(1-W841)+0.004999,2)","v":6.65},null,"",6.65,{"$f":"+W841","v":0},{"$f":"+X841","v":6.65},{"$f":"(AG841-AC841)/AG841","v":0},null,1,{"$f":"SUM(AJ841:AL841)+AE841","v":6.65},null,null,{"$f":"ROUND(AC841/(1-VLOOKUP(AF841,Group,2,FALSE)),2)","v":6.65},{"$f":"IF(VLOOKUP(AF841,Group,5,FALSE)=\"YES\",VLOOKUP(ROUND(ROUND(AJ841,1)-AJ841,2),Round,2,FALSE)+VLOOKUP(AF841,Group,6,FALSE),0)","v":0},{"$f":"IF(VLOOKUP(AF841,Group,7,FALSE)=\"\",0,ROUND(AJ841-0.04999,1)-AJ841+AM841)","v":0},{"$f":"IF(VLOOKUP(AF841,Group,7,FALSE)=\"\",\"\",VLOOKUP(AF841,Group,7,FALSE))","v":""},null,"X"]
[null,null,null,null,null,null,null,null,null,null,null,null,null,null,null,null,null,null,null,null,null,null,null,null,null,null,null,null,null,null,null,null,null,null,null,null,null,null,null,null,"X"]
[null,"Trim",null,null,"6\" x 18\"",null,"S4618",null,"Bullnose",null,null,null,null,null,null,null,null,null,{"$f":"IF(Suggested=\"Yes\",AA843,AG843)","v":11.25},"EA",{"$f":"+Instructions!$B$3","v":"G "},null,{"$f":"+Instructions!$C$22","v":0},{"$f":"ROUND($AA843*(1-W843)+0.004999,2)","v":11.25},null,"",11.25,{"$f":"+W843","v":0},{"$f":"+X843","v":11.25},{"$f":"(AG843-AC843)/AG843","v":0},null,2,{"$f":"SUM(AJ843:AL843)+AE843","v":11.25},null,null,{"$f":"ROUND(AC843/(1-VLOOKUP(AF843,Group,2,FALSE)),2)","v":11.25},{"$f":"IF(VLOOKUP(AF843,Group,5,FALSE)=\"YES\",VLOOKUP(ROUND(ROUND(AJ843,1)-AJ843,2),Round,2,FALSE)+VLOOKUP(AF843,Group,6,FALSE),0)","v":0},{"$f":"IF(VLOOKUP(AF843,Group,7,FALSE)=\"\",0,ROUND(AJ843-0.04999,1)-AJ843+AM843)","v":0},{"$f":"IF(VLOOKUP(AF843,Group,7,FALSE)=\"\",\"\",VLOOKUP(AF843,Group,7,FALSE))","v":""},null,"X"]
[null,null,null,null,null,null,null,null,null,null,null,null,null,null,null,null,null,null,null,null,null,null,null,null,null,null,null,null,null,null,null,null,null,null,null,null,null,null,null,null,"X"]
[null,null,"MAIOLICA - Glazed Ceramic Wall",null,null,null,null,null,null,null,null,null,null,null,null,null,null,"Item # Lookup:","ROMA",null,null,null,null,null,null,null,null,null,null,null,null,null,null,null,null,null,null,null,null,null,"X"]
[null,null,null,null,null,null,null,null,null,null,null,null,null,null,null,null,null,null,null,null,null,null,null,null,null,null,null,null,null,null,null,null,null,null,null,null,null,null,null,null,"X"]
[null,null,null,"Colors:","Aqua          Biscuit          Tender Gray          White",null,null,null,null,null,null,null,null,null,null,null,null,null,null,null,null,null,null,null,null,null,null,null,null,null,null,null,null,null,null,null,null,null,null,null,"X"]
[null,null,null,null,null,null,null,null,null,null,null,null,null,null,null,null,null,null,null,null,null,null,null,null,null,null,null,null,null,null,null,null,null,null,null,null,null,null,null,null,"X"]
[null,"Field Tile",null,null,"3\" x 6\"",null,"Field",null,null,null,null,null,null,null,null,"10.00 SF/CTN",null,null,{"$f":"IF(Suggested=\"Yes\",AA849,AG849)","v":5.6},"SF",{"$f":"+Instructions!$B$3","v":"G "},null,{"$f":"+Instructions!$C$22","v":0},{"$f":"ROUND($AA849*(1-W849)+0.004999,2)","v":5.6},null,"",5.6,{"$f":"+W849","v":0},{"$f":"+X849","v":5.6},{"$f":"(AG849-AC849)/AG849","v":0},null,1,{"$f":"SUM(AJ849:AL849)+AE849","v":5.6},null,null,{"$f":"ROUND(AC849/(1-VLOOKUP(AF849,Group,2,FALSE)),2)","v":5.6},{"$f":"IF(VLOOKUP(AF849,Group,5,FALSE)=\"YES\",VLOOKUP(ROUND(ROUND(AJ849,1)-AJ849,2),Round,2,FALSE)+VLOOKUP(AF849,Group,6,FALSE),0)","v":0},{"$f":"IF(VLOOKUP(AF849,Group,7,FALSE)=\"\",0,ROUND(AJ849-0.04999,1)-AJ849+AM849)","v":0},{"$f":"IF(VLOOKUP(AF849,Group,7,FALSE)=\"\",\"\",VLOOKUP(AF849,Group,7,FALSE))","v":""},null,"X"]
[null,"Field Tile",null,null,"3\" x 12\"",null,"Field - Crackled",null,null,null,null,null,null,null,null,"5.38 SF/CTN","Stock","a,b",{"$f":"IF(Suggested=\"Yes\",AA850,AG850)","v":10},"SF",{"$f":"+Instructions!$B$3","v":"G "},null,{"$f":"+Instructions!$C$22","v":0},{"$f":"ROUND($AA850*(1-W850)+0.004999,2)","v":10},null,"",10,{"$f":"+W850","v":0},{"$f":"+X850","v":10},{"$f":"(AG850-AC850)/AG850","v":0},null,1,{"$f":"SUM(AJ850:AL850)+AE850","v":10},null,null,{"$f":"ROUND(AC850/(1-VLOOKUP(AF850,Group,2,FALSE)),2)","v":10},{"$f":"IF(VLOOKUP(AF850,Group,5,FALSE)=\"YES\",VLOOKUP(ROUND(ROUND(AJ850,1)-AJ850,2),Round,2,FALSE)+VLOOKUP(AF850,Group,6,FALSE),0)","v":0},{"$f":"IF(VLOOKUP(AF850,Group,7,FALSE)=\"\",0,ROUND(AJ850-0.04999,1)-AJ850+AM850)","v":0},{"$f":"IF(VLOOKUP(AF850,Group,7,FALSE)=\"\",\"\",VLOOKUP(AF850,Group,7,FALSE))","v":""},null,"X"]
[null,"Field Tile",null," ","4-1/4\" x 10\"",null,"Field",null,null,null,null,null,null,null,null,"11.25 SF/CTN","Stock","c",{"$f":"IF(Suggested=\"Yes\",AA851,AG851)","v":6},"SF",{"$f":"+Instructions!$B$3","v":"G "},null,{"$f":"+Instructions!$C$22","v":0},{"$f":"ROUND($AA851*(1-W851)+0.004999,2)","v":6},null,"",6,{"$f":"+W851","v":0},{"$f":"+X851","v":6},{"$f":"(AG851-AC851)/AG851","v":0},null,1,{"$f":"SUM(AJ851:AL851)+AE851","v":6},null,null,{"$f":"ROUND(AC851/(1-VLOOKUP(AF851,Group,2,FALSE)),2)","v":6},{"$f":"IF(VLOOKUP(AF851,Group,5,FALSE)=\"YES\",VLOOKUP(ROUND(ROUND(AJ851,1)-AJ851,2),Round,2,FALSE)+VLOOKUP(AF851,Group,6,FALSE),0)","v":0},{"$f":"IF(VLOOKUP(AF851,Group,7,FALSE)=\"\",0,ROUND(AJ851-0.04999,1)-AJ851+AM851)","v":0},{"$f":"IF(VLOOKUP(AF851,Group,7,FALSE)=\"\",\"\",VLOOKUP(AF851,Group,7,FALSE))","v":""},null,"X"]
[null,"Field Tile",null,null,"4-1/4\" x 10\"",null,"Field - Matte",null,null,null,null,null,null,null,null,"11.25 SF/CTN",null,"d",{"$f":"IF(Suggested=\"Yes\",AA852,AG852)","v":5.6},"SF",{"$f":"+Instructions!$B$3","v":"G "},null,{"$f":"+Instructions!$C$22","v":0},5.6,null,"",5.6,0,5.6,0,null,1,5.6,null,null,5.6,0,0,"",null,"X"]
[null,"Field Tile",null,null,"7\" x 8\" Hexagon",null,"Field",null,null,null,null,null,null,null,null,"10.76 SF/CTN",null,null,{"$f":"IF(Suggested=\"Yes\",AA853,AG853)","v":12.95},"SF",{"$f":"+Instructions!$B$3","v":"G "},null,{"$f":"+Instructions!$C$22","v":0},12.95,null,"",12.95,0,12.95,0,null,1,12.95,null,null,12.95,0,0,"",null,"X"]
[null,null,null,null,null,null,null,null,null,null,null,null,null,null,null,null,null,null,null,null,null,null,null,null,null,null,null,null,null,null,null,null,null,null,null,null,null,null,null,null,"X"]
[null,"Decos",null,null,"1/2\" x 10\"",null,"Liner",null,null,null,"Pencil",null,null,null,null,null,null,null,{"$f":"IF(Suggested=\"Yes\",AA855,AG855)","v":7.55},"EA",{"$f":"+Instructions!$B$3","v":"G "},null,{"$f":"+Instructions!$C$22","v":0},7.55,null,"",7.55,0,7.55,0,null,3,7.55,null,null,7.55,0,0,"",null,"X"]
[null,"Decos",null,null,"2\" x 10\"",null,"Chair Rail",null,null,null,"Victorian",null,null,null,null,null,null,null,{"$f":"IF(Suggested=\"Yes\",AA856,AG856)","v":8.5},"EA",{"$f":"+Instructions!$B$3","v":"G "},null,{"$f":"+Instructions!$C$22","v":0},{"$f":"ROUND($AA856*(1-W856)+0.004999,2)","v":8.5},null,"",8.5,{"$f":"+W856","v":0},{"$f":"+X856","v":8.5},{"$f":"(AG856-AC856)/AG856","v":0},null,3,{"$f":"SUM(AJ856:AL856)+AE856","v":8.5},null,null,{"$f":"ROUND(AC856/(1-VLOOKUP(AF856,Group,2,FALSE)),2)","v":8.5},{"$f":"IF(VLOOKUP(AF856,Group,5,FALSE)=\"YES\",VLOOKUP(ROUND(ROUND(AJ856,1)-AJ856,2),Round,2,FALSE)+VLOOKUP(AF856,Group,6,FALSE),0)","v":0},{"$f":"IF(VLOOKUP(AF856,Group,7,FALSE)=\"\",0,ROUND(AJ856-0.04999,1)-AJ856+AM856)","v":0},{"$f":"IF(VLOOKUP(AF856,Group,7,FALSE)=\"\",\"\",VLOOKUP(AF856,Group,7,FALSE))","v":""},null,"X"]
[null,"Decos",null,null,"2-3/4\" x 10\"",null,"Listello",null,null,null,"Cornice",null,null,null,null,null,null,null,{"$f":"IF(Suggested=\"Yes\",AA857,AG857)","v":9},"EA",{"$f":"+Instructions!$B$3","v":"G "},null,{"$f":"+Instructions!$C$22","v":0},9,null,"",9,0,9,0,null,3,9,null,null,9,0,0,"",null,"X"]
[null,null,null,null,null,null,null,null,null,null,null,null,null,null,null,null,null,null,null,null,null,null,null,null,null,null,null,null,null,null,null,null,null,null,null,null,null,null,null,null,"X"]
[null,"Trim",null,null,"3\" x 6\"",null,"Bullnose",null,null,null,null," ",null,null,null,null,null,null,{"$f":"IF(Suggested=\"Yes\",AA859,AG859)","v":5.6},"EA",{"$f":"+Instructions!$B$3","v":"G "},null,{"$f":"+Instructions!$C$22","v":0},{"$f":"ROUND($AA859*(1-W859)+0.004999,2)","v":5.6},null,"",5.6,{"$f":"+W859","v":0},{"$f":"+X859","v":5.6},{"$f":"(AG859-AC859)/AG859","v":0},null,2,{"$f":"SUM(AJ859:AL859)+AE859","v":5.6},null,null,{"$f":"ROUND(AC859/(1-VLOOKUP(AF859,Group,2,FALSE)),2)","v":5.6},{"$f":"IF(VLOOKUP(AF859,Group,5,FALSE)=\"YES\",VLOOKUP(ROUND(ROUND(AJ859,1)-AJ859,2),Round,2,FALSE)+VLOOKUP(AF859,Group,6,FALSE),0)","v":0},{"$f":"IF(VLOOKUP(AF859,Group,7,FALSE)=\"\",0,ROUND(AJ859-0.04999,1)-AJ859+AM859)","v":0},{"$f":"IF(VLOOKUP(AF859,Group,7,FALSE)=\"\",\"\",VLOOKUP(AF859,Group,7,FALSE))","v":""},null,"X"]
[null,"Trim",null,null,"3\" x 10\"",null,"Bullnose",null,null,null,null,null,null,null,null,null,"Stock","c",{"$f":"IF(Suggested=\"Yes\",AA860,AG860)","v":6.7},"EA",{"$f":"+Instructions!$B$3","v":"G "},null,{"$f":"+Instructions!$C$22","v":0},6.7,null,"",6.7,0,6.7,0,null,2,6.7,null,null,6.7,0,0,"",null,"X"]
[null,"Trim",null,null,"3\" x 10\"",null,"Bullnose - Matte",null,null,null,null,null,null,null,null,null,null,null,{"$f":"IF(Suggested=\"Yes\",AA861,AG861)","v":6.7},"EA",{"$f":"+Instructions!$B$3","v":"G "},null,{"$f":"+Instructions!$C$22","v":0},6.7,null,"",6.7,0,6.7,0,null,2,6.7,null,null,6.7,0,0,"",null,"X"]
[null,"Trim",null,null,"3\" x 12\"",null,"Bullnose - Crackled",null,null,null,null,null,null,null,null,null,"Stock","b",{"$f":"IF(Suggested=\"Yes\",AA862,AG862)","v":10.1},"EA",{"$f":"+Instructions!$B$3","v":"G "},null,{"$f":"+Instructions!$C$22","v":0},10.1,null,"",10.1,0,10.1,0,null,2,10.1,null,null,10.1,0,0,"",null,"X"]
[null,null,null,null,null,null,null,null,null,null,null,null,null,null,null,null,null,null,null,null,null,null,null,null,null,null,null,null,null,null,null,null,null,null,null,null,null,null,null,null,"X"]
[null,null,null,"Colors:","Blue Steel          Taupe",null,null,null,null,null,null,null,null,null,null,null,null,null,null,null,null,null,null,null,null,null,null,null,null,null,null,null,null,null,null,null,null,null,null,null,"X"]
[null,null,null,null,null,null,null,null,null,null,null,null,null,null,null,null,null,null,null,null,null,null,null,null,null,null,null,null,null,null,null,null,null,null,null,null,null,null,null,null,"X"]
[null,"Field Tile",null,null,"3\" x 6\"",null,"Field",null,null,null,null,null,null,null,null,"10.00 SF/CTN",null,"e",{"$f":"IF(Suggested=\"Yes\",AA866,AG866)","v":8.75},"SF",{"$f":"+Instructions!$B$3","v":"G "},null,{"$f":"+Instructions!$C$22","v":0},{"$f":"ROUND($AA866*(1-W866)+0.004999,2)","v":8.75},null,"",8.75,{"$f":"+W866","v":0},8.75,{"$f":"(AG866-AC866)/AG866","v":0},null,1,{"$f":"SUM(AJ866:AL866)+AE866","v":8.75},null,null,{"$f":"ROUND(AC866/(1-VLOOKUP(AF866,Group,2,FALSE)),2)","v":8.75},{"$f":"IF(VLOOKUP(AF866,Group,5,FALSE)=\"YES\",VLOOKUP(ROUND(ROUND(AJ866,1)-AJ866,2),Round,2,FALSE)+VLOOKUP(AF866,Group,6,FALSE),0)","v":0},{"$f":"IF(VLOOKUP(AF866,Group,7,FALSE)=\"\",0,ROUND(AJ866-0.04999,1)-AJ866+AM866)","v":0},{"$f":"IF(VLOOKUP(AF866,Group,7,FALSE)=\"\",\"\",VLOOKUP(AF866,Group,7,FALSE))","v":""},null,"X"]
[null,"Field Tile",null,null,"3\" x 12\"",null,"Field - Crackled",null,null,null,null,null,null,null,null,"5.38 SF/CTN",null,"a",{"$f":"IF(Suggested=\"Yes\",AA867,AG867)","v":14.35},"SF",{"$f":"+Instructions!$B$3","v":"G "},null,{"$f":"+Instructions!$C$22","v":0},{"$f":"ROUND($AA867*(1-W867)+0.004999,2)","v":14.35},null,"",14.35,0,14.35,{"$f":"(AG867-AC867)/AG867","v":0},null,1,{"$f":"SUM(AJ867:AL867)+AE867","v":14.35},null,null,{"$f":"ROUND(AC867/(1-VLOOKUP(AF867,Group,2,FALSE)),2)","v":14.35},{"$f":"IF(VLOOKUP(AF867,Group,5,FALSE)=\"YES\",VLOOKUP(ROUND(ROUND(AJ867,1)-AJ867,2),Round,2,FALSE)+VLOOKUP(AF867,Group,6,FALSE),0)","v":0},{"$f":"IF(VLOOKUP(AF867,Group,7,FALSE)=\"\",0,ROUND(AJ867-0.04999,1)-AJ867+AM867)","v":0},{"$f":"IF(VLOOKUP(AF867,Group,7,FALSE)=\"\",\"\",VLOOKUP(AF867,Group,7,FALSE))","v":""},null,"X"]
[null,"Field Tile",null,null,"4-1/4\" x 10\"",null,"Field",null,null,null,null,null,null,null,null,"11.25 SF/CTN",null,null,{"$f":"IF(Suggested=\"Yes\",AA868,AG868)","v":9.9499999999999993},"SF",{"$f":"+Instructions!$B$3","v":"G "},null,{"$f":"+Instructions!$C$22","v":0},{"$f":"ROUND($AA868*(1-W868)+0.004999,2)","v":9.9499999999999993},null,"",9.9499999999999993,0,9.9499999999999993,{"$f":"(AG868-AC868)/AG868","v":0},null,1,{"$f":"SUM(AJ868:AL868)+AE868","v":9.9499999999999993},null,null,{"$f":"ROUND(AC868/(1-VLOOKUP(AF868,Group,2,FALSE)),2)","v":9.9499999999999993},{"$f":"IF(VLOOKUP(AF868,Group,5,FALSE)=\"YES\",VLOOKUP(ROUND(ROUND(AJ868,1)-AJ868,2),Round,2,FALSE)+VLOOKUP(AF868,Group,6,FALSE),0)","v":0},{"$f":"IF(VLOOKUP(AF868,Group,7,FALSE)=\"\",0,ROUND(AJ868-0.04999,1)-AJ868+AM868)","v":0},{"$f":"IF(VLOOKUP(AF868,Group,7,FALSE)=\"\",\"\",VLOOKUP(AF868,Group,7,FALSE))","v":""},null,"X"]
[null,"Field Tile",null,null,"4-1/4\" x 10\"",null,"Field - Matte",null,null,null,null,null,null,null,null,"11.25 SF/CTN",null,"f",{"$f":"IF(Suggested=\"Yes\",AA869,AG869)","v":8.75},"SF",{"$f":"+Instructions!$B$3","v":"G "},null,{"$f":"+Instructions!$C$22","v":0},{"$f":"ROUND($AA869*(1-W869)+0.004999,2)","v":8.75},null,"",8.75,0,8.75,{"$f":"(AG869-AC869)/AG869","v":0},null,1,{"$f":"SUM(AJ869:AL869)+AE869","v":8.75},null,null,{"$f":"ROUND(AC869/(1-VLOOKUP(AF869,Group,2,FALSE)),2)","v":8.75},{"$f":"IF(VLOOKUP(AF869,Group,5,FALSE)=\"YES\",VLOOKUP(ROUND(ROUND(AJ869,1)-AJ869,2),Round,2,FALSE)+VLOOKUP(AF869,Group,6,FALSE),0)","v":0},{"$f":"IF(VLOOKUP(AF869,Group,7,FALSE)=\"\",0,ROUND(AJ869-0.04999,1)-AJ869+AM869)","v":0},{"$f":"IF(VLOOKUP(AF869,Group,7,FALSE)=\"\",\"\",VLOOKUP(AF869,Group,7,FALSE))","v":""},null,"X"]
[null,null,null,null,null,null,null,null,null,null,null,null,null,null,null,null,null,null,null,null,null,null,null,null,null,null,null,null,null,null,null,null,null,null,null,null,null,null,null,null,"X"]
[null,null,null,"Colors:","Blue Steel          Taupe",null,null,null,null,null,null,null,null,null,null,null,null,null,null,null,null,null,null,null,null,null,null,null,null,null,null,null,null,null,null,null,null,null,null,null,"X"]
[null,null,null,null,null,null,null,null,null,null,null,null,null,null,null,null,null,null,null,null,null,null,null,null,null,null,null,null,null,null,null,null,null,null,null,null,null,null,null,null,"X"]
[null,"Field Tile",null,null,"7\" x 8\" Hexagon",null,"Field",null,null,null,null,null,null,null,null,"10.76 SF/CTN",null,null,{"$f":"IF(Suggested=\"Yes\",AA873,AG873)","v":17.3},"SF",{"$f":"+Instructions!$B$3","v":"G "},null,{"$f":"+Instructions!$C$22","v":0},{"$f":"ROUND($AA873*(1-W873)+0.004999,2)","v":17.3},null,"",17.3,{"$f":"+W873","v":0},{"$f":"+X873","v":17.3},{"$f":"(AG873-AC873)/AG873","v":0},null,1,{"$f":"SUM(AJ873:AL873)+AE873","v":17.3},null,null,{"$f":"ROUND(AC873/(1-VLOOKUP(AF873,Group,2,FALSE)),2)","v":17.3},{"$f":"IF(VLOOKUP(AF873,Group,5,FALSE)=\"YES\",VLOOKUP(ROUND(ROUND(AJ873,1)-AJ873,2),Round,2,FALSE)+VLOOKUP(AF873,Group,6,FALSE),0)","v":0},{"$f":"IF(VLOOKUP(AF873,Group,7,FALSE)=\"\",0,ROUND(AJ873-0.04999,1)-AJ873+AM873)","v":0},{"$f":"IF(VLOOKUP(AF873,Group,7,FALSE)=\"\",\"\",VLOOKUP(AF873,Group,7,FALSE))","v":""},null,"X"]
[null,null,null,null,null,null,null,null,null,null,null,null,null,null,null,null,null,null,null,null,null,null,null,null,null,null,null,null,null,null,null,null,null,null,null,null,null,null,null,null,"X"]
[null,"Decos",null,null,"1/2\" x 10\"",null,"Liner",null,null,null,"Pencil",null,null,null,null,null,null,null,{"$f":"IF(Suggested=\"Yes\",AA875,AG875)","v":9.25},"EA",{"$f":"+Instructions!$B$3","v":"G "},null,{"$f":"+Instructions!$C$22","v":0},{"$f":"ROUND($AA875*(1-W875)+0.004999,2)","v":9.25},null,"",9.25,{"$f":"+W875","v":0},9.25,{"$f":"(AG875-AC875)/AG875","v":0},null,3,{"$f":"SUM(AJ875:AL875)+AE875","v":9.25},null,null,{"$f":"ROUND(AC875/(1-VLOOKUP(AF875,Group,2,FALSE)),2)","v":9.25},{"$f":"IF(VLOOKUP(AF875,Group,5,FALSE)=\"YES\",VLOOKUP(ROUND(ROUND(AJ875,1)-AJ875,2),Round,2,FALSE)+VLOOKUP(AF875,Group,6,FALSE),0)","v":0},{"$f":"IF(VLOOKUP(AF875,Group,7,FALSE)=\"\",0,ROUND(AJ875-0.04999,1)-AJ875+AM875)","v":0},{"$f":"IF(VLOOKUP(AF875,Group,7,FALSE)=\"\",\"\",VLOOKUP(AF875,Group,7,FALSE))","v":""},null,"X"]
[null,"Decos",null,null,"2\" x 10\"",null,"Chair Rail",null,null,null,"Victorian",null,null,null,null,null,null,null,{"$f":"IF(Suggested=\"Yes\",AA876,AG876)","v":9.1999999999999993},"EA",{"$f":"+Instructions!$B$3","v":"G "},null,{"$f":"+Instructions!$C$22","v":0},{"$f":"ROUND($AA876*(1-W876)+0.004999,2)","v":9.1999999999999993},null,"",9.1999999999999993,0,9.1999999999999993,{"$f":"(AG876-AC876)/AG876","v":0},null,3,{"$f":"SUM(AJ876:AL876)+AE876","v":9.1999999999999993},null,null,{"$f":"ROUND(AC876/(1-VLOOKUP(AF876,Group,2,FALSE)),2)","v":9.1999999999999993},{"$f":"IF(VLOOKUP(AF876,Group,5,FALSE)=\"YES\",VLOOKUP(ROUND(ROUND(AJ876,1)-AJ876,2),Round,2,FALSE)+VLOOKUP(AF876,Group,6,FALSE),0)","v":0},{"$f":"IF(VLOOKUP(AF876,Group,7,FALSE)=\"\",0,ROUND(AJ876-0.04999,1)-AJ876+AM876)","v":0},{"$f":"IF(VLOOKUP(AF876,Group,7,FALSE)=\"\",\"\",VLOOKUP(AF876,Group,7,FALSE))","v":""},null,"X"]
[null,"Decos",null,null,"2-3/4\" x 10\"",null,"Listello",null,null,null,"Cornice",null,null,null,null,null,null,null,{"$f":"IF(Suggested=\"Yes\",AA877,AG877)","v":9.6999999999999993},"EA",{"$f":"+Instructions!$B$3","v":"G "},null,{"$f":"+Instructions!$C$22","v":0},{"$f":"ROUND($AA877*(1-W877)+0.004999,2)","v":9.6999999999999993},null,"",9.6999999999999993,0,9.6999999999999993,{"$f":"(AG877-AC877)/AG877","v":0},null,3,{"$f":"SUM(AJ877:AL877)+AE877","v":9.6999999999999993},null,null,{"$f":"ROUND(AC877/(1-VLOOKUP(AF877,Group,2,FALSE)),2)","v":9.6999999999999993},{"$f":"IF(VLOOKUP(AF877,Group,5,FALSE)=\"YES\",VLOOKUP(ROUND(ROUND(AJ877,1)-AJ877,2),Round,2,FALSE)+VLOOKUP(AF877,Group,6,FALSE),0)","v":0},{"$f":"IF(VLOOKUP(AF877,Group,7,FALSE)=\"\",0,ROUND(AJ877-0.04999,1)-AJ877+AM877)","v":0},{"$f":"IF(VLOOKUP(AF877,Group,7,FALSE)=\"\",\"\",VLOOKUP(AF877,Group,7,FALSE))","v":""},null,"X"]
[null,null,null,null,null,null,null,null,null,null,null,null,null,null,null,null,null,null,null,null,null,null,null,null,null,null,null,null,null,null,null,null,null,null,null,null,null,null,null,null,"X"]
[null,"Trim",null,null,"3\" x 6\"",null,"Bullnose",null,null,null,null,null,null,null,null,null,null,null,{"$f":"IF(Suggested=\"Yes\",AA879,AG879)","v":7.2},"EA",{"$f":"+Instructions!$B$3","v":"G "},null,{"$f":"+Instructions!$C$22","v":0},{"$f":"ROUND($AA879*(1-W879)+0.004999,2)","v":7.2},null,"",7.2,{"$f":"+W879","v":0},7.2,{"$f":"(AG879-AC879)/AG879","v":0},null,2,{"$f":"SUM(AJ879:AL879)+AE879","v":7.2},null,null,{"$f":"ROUND(AC879/(1-VLOOKUP(AF879,Group,2,FALSE)),2)","v":7.2},{"$f":"IF(VLOOKUP(AF879,Group,5,FALSE)=\"YES\",VLOOKUP(ROUND(ROUND(AJ879,1)-AJ879,2),Round,2,FALSE)+VLOOKUP(AF879,Group,6,FALSE),0)","v":0},{"$f":"IF(VLOOKUP(AF879,Group,7,FALSE)=\"\",0,ROUND(AJ879-0.04999,1)-AJ879+AM879)","v":0},{"$f":"IF(VLOOKUP(AF879,Group,7,FALSE)=\"\",\"\",VLOOKUP(AF879,Group,7,FALSE))","v":""},null,"X"]
[null,"Trim",null,null,"3\" x 10\"",null,"Bullnose",null,null,null,null,null,null,null,null,null,null,null,{"$f":"IF(Suggested=\"Yes\",AA880,AG880)","v":8.0500000000000007},"EA",{"$f":"+Instructions!$B$3","v":"G "},null,{"$f":"+Instructions!$C$22","v":0},{"$f":"ROUND($AA880*(1-W880)+0.004999,2)","v":8.0500000000000007},null,"",8.0500000000000007,0,8.0500000000000007,{"$f":"(AG880-AC880)/AG880","v":0},null,2,{"$f":"SUM(AJ880:AL880)+AE880","v":8.0500000000000007},null,null,{"$f":"ROUND(AC880/(1-VLOOKUP(AF880,Group,2,FALSE)),2)","v":8.0500000000000007},{"$f":"IF(VLOOKUP(AF880,Group,5,FALSE)=\"YES\",VLOOKUP(ROUND(ROUND(AJ880,1)-AJ880,2),Round,2,FALSE)+VLOOKUP(AF880,Group,6,FALSE),0)","v":0},{"$f":"IF(VLOOKUP(AF880,Group,7,FALSE)=\"\",0,ROUND(AJ880-0.04999,1)-AJ880+AM880)","v":0},{"$f":"IF(VLOOKUP(AF880,Group,7,FALSE)=\"\",\"\",VLOOKUP(AF880,Group,7,FALSE))","v":""},null,"X"]
[null,"Trim",null,null,"3\" x 10\"",null,"Bullnose - Matte",null,null,null,null,null,null,null,null,null,null,null,{"$f":"IF(Suggested=\"Yes\",AA881,AG881)","v":8.0500000000000007},"EA",{"$f":"+Instructions!$B$3","v":"G "},null,{"$f":"+Instructions!$C$22","v":0},{"$f":"ROUND($AA881*(1-W881)+0.004999,2)","v":8.0500000000000007},null,"",8.0500000000000007,0,8.0500000000000007,{"$f":"(AG881-AC881)/AG881","v":0},null,2,{"$f":"SUM(AJ881:AL881)+AE881","v":8.0500000000000007},null,null,{"$f":"ROUND(AC881/(1-VLOOKUP(AF881,Group,2,FALSE)),2)","v":8.0500000000000007},{"$f":"IF(VLOOKUP(AF881,Group,5,FALSE)=\"YES\",VLOOKUP(ROUND(ROUND(AJ881,1)-AJ881,2),Round,2,FALSE)+VLOOKUP(AF881,Group,6,FALSE),0)","v":0},{"$f":"IF(VLOOKUP(AF881,Group,7,FALSE)=\"\",0,ROUND(AJ881-0.04999,1)-AJ881+AM881)","v":0},{"$f":"IF(VLOOKUP(AF881,Group,7,FALSE)=\"\",\"\",VLOOKUP(AF881,Group,7,FALSE))","v":""},null,"X"]
[null,"Trim",null,null,"3\" x 12\"",null,"Bullnose - Crackled",null,null,null,null,null,null,null,null,null,null,null,{"$f":"IF(Suggested=\"Yes\",AA882,AG882)","v":14.85},"EA",{"$f":"+Instructions!$B$3","v":"G "},null,{"$f":"+Instructions!$C$22","v":0},{"$f":"ROUND($AA882*(1-W882)+0.004999,2)","v":14.85},null,"",14.85,0,14.85,{"$f":"(AG882-AC882)/AG882","v":0},null,2,{"$f":"SUM(AJ882:AL882)+AE882","v":14.85},null,null,{"$f":"ROUND(AC882/(1-VLOOKUP(AF882,Group,2,FALSE)),2)","v":14.85},{"$f":"IF(VLOOKUP(AF882,Group,5,FALSE)=\"YES\",VLOOKUP(ROUND(ROUND(AJ882,1)-AJ882,2),Round,2,FALSE)+VLOOKUP(AF882,Group,6,FALSE),0)","v":0},{"$f":"IF(VLOOKUP(AF882,Group,7,FALSE)=\"\",0,ROUND(AJ882-0.04999,1)-AJ882+AM882)","v":0},{"$f":"IF(VLOOKUP(AF882,Group,7,FALSE)=\"\",\"\",VLOOKUP(AF882,Group,7,FALSE))","v":""},null,"X"]
[null,null,null,null,null,null,null,null,null,null,null,null,null,null,null,null,null,null,null,null,null,null,null,null,null,null,null,null,null,null,null,null,null,null,null,null,null,null,null,null,"X"]
[null,null,null,"Notes:","a) This format is going through a change of thickness.  Packaging is changing from 5.38 SF/CTN to 12.65 SF/CTN as inventory",null,null,null,null,null,null,null,null,null,null,null,null,null,null,null,null,null,null,null,null,null,null,null,null,null,null,null,null,null,null,null,null,null,null,null,"X"]
[null,null,null,null,"with old packaging is depleted.  Check with Customer Service to be sure which packaging amount you will be receiving.",null,null,null,null,null,null,null,null,null,null,null,null,null,null,null,null,null,null,null,null,null,null,null,null,null,null,null,null,null,null,null,null,null,null,null,"X"]
[null,null,null,null,"b) Stocked in colors Biscuit and White only.",null,null,null,null,null,"c) Stocked in color White only.",null,null,null,null,null,null,null,null,null,null,null,null,null,null,null,null,null,null,null,null,null,null,null,null,null,null,null,null,null,"X"]
[null,null,null,null,"d) Available in color Tender Gray only.",null,null,null,null,"e) Available in color Taupe only.",null,null,null,"f) Available in color Blue Steel only.",null,null,null,null,null,null,null,null,null,null,null,null,null,null,null,null,null,null,null,null,null,null,null,null,null,null,"X"]
[null,null,null,null,null,null,null,null,null,null,null,null,null,null,null,null,null,null,null,null,null,null,null,null,null,null,null,null,null,null,null,null,null,null,null,null,null,null,null,null,"X"]
[null,null,"MAIOLICA FLOOR - Glazed Porcelain",null,null,null,null,null,null,null,null,null,null,null,null,null,null,"Item # Lookup:","ROMF",null,null,null,null,null,null,null,null,null,null,null,null,null,null,null,null,null,null,null,null,null,"X"]
[null,null,null,null,null,null,null,null,null,null,null,null,null,null,null,null,null,null,null,null,null,null,null,null,null,null,null,null,null,null,null,null,null,null,null,null,null,null,null,null,"X"]
[null,null,null,"Colors:","Aqua          Tender Gray          White",null,null,null,null,null,null,null,null,null,null,null,null,null,null,null,null,null,null,null,null,null,null,null,null,null,null,null,null,null,null,null,null,null,null,null,"X"]
[null,null,null,null,null,null,null,null,null,null,null,null,null,null,null,null,null,null,null,null,null,null,null,null,null,null,null,null,null,null,null,null,null,null,null,null,null,null,null,null,"X"]
[null,"Field Tile",null,null,"8\" x 8\"",null,"Field - Matte",null,null,null,null,null,null,null,null,"12.70 SF/CTN",null,null,{"$f":"IF(Suggested=\"Yes\",AA893,AG893)","v":6.55},"SF",{"$f":"+Instructions!$B$3","v":"G "},null,{"$f":"+Instructions!$C$22","v":0},{"$f":"ROUND($AA893*(1-W893)+0.004999,2)","v":6.55},null,"",6.55,{"$f":"+W893","v":0},{"$f":"+X893","v":6.55},{"$f":"(AG893-AC893)/AG893","v":0},null,1,{"$f":"SUM(AJ893:AL893)+AE893","v":6.55},null,null,{"$f":"ROUND(AC893/(1-VLOOKUP(AF893,Group,2,FALSE)),2)","v":6.55},{"$f":"IF(VLOOKUP(AF893,Group,5,FALSE)=\"YES\",VLOOKUP(ROUND(ROUND(AJ893,1)-AJ893,2),Round,2,FALSE)+VLOOKUP(AF893,Group,6,FALSE),0)","v":0},{"$f":"IF(VLOOKUP(AF893,Group,7,FALSE)=\"\",0,ROUND(AJ893-0.04999,1)-AJ893+AM893)","v":0},{"$f":"IF(VLOOKUP(AF893,Group,7,FALSE)=\"\",\"\",VLOOKUP(AF893,Group,7,FALSE))","v":""},null,"X"]
[null,null,null,null,null,null,null,null,null,null,null,null,null,null,null,null,null,null,null,null,null,null,null,null,null,null,null,null,null,null,null,null,null,null,null,null,null,null,null,null,"X"]
[null,null,null,"Colors:","Blue Steel          Coto          Taupe",null,null,null,null,null,null,null,null,null,null,null,null,null,null,null,null,null,null,null,null,null,null,null,null,null,null,null,null,null,null,null,null,null,null,null,"X"]
[null,null,null,null,null,null,null,null,null,null,null,null,null,null,null,null,null,null,null,null,null,null,null,null,null,null,null,null,null,null,null,null,null,null,null,null,null,null,null,null,"X"]
[null,"Field Tile",null,null,"8\" x 8\"",null,"Field - Matte",null,null,null,null,null,null,null,null,"12.70 SF/CTN",null,null,{"$f":"IF(Suggested=\"Yes\",AA897,AG897)","v":9.4499999999999993},"SF",{"$f":"+Instructions!$B$3","v":"G "},null,{"$f":"+Instructions!$C$22","v":0},{"$f":"ROUND($AA897*(1-W897)+0.004999,2)","v":9.4499999999999993},null,"",9.4499999999999993,{"$f":"+W897","v":0},{"$f":"+X897","v":9.4499999999999993},{"$f":"(AG897-AC897)/AG897","v":0},null,1,{"$f":"SUM(AJ897:AL897)+AE897","v":9.4499999999999993},null,null,{"$f":"ROUND(AC897/(1-VLOOKUP(AF897,Group,2,FALSE)),2)","v":9.4499999999999993},{"$f":"IF(VLOOKUP(AF897,Group,5,FALSE)=\"YES\",VLOOKUP(ROUND(ROUND(AJ897,1)-AJ897,2),Round,2,FALSE)+VLOOKUP(AF897,Group,6,FALSE),0)","v":0},{"$f":"IF(VLOOKUP(AF897,Group,7,FALSE)=\"\",0,ROUND(AJ897-0.04999,1)-AJ897+AM897)","v":0},{"$f":"IF(VLOOKUP(AF897,Group,7,FALSE)=\"\",\"\",VLOOKUP(AF897,Group,7,FALSE))","v":""},null,"X"]
[null,null,null,null,null,null,null,null,null,null,null,null,null,null,null,null,null,null,null,null,null,null,null,null,null,null,null,null,null,null,null,null,null,null,null,null,null,null,null,null,"X"]
[null,null,null,"Decorative Patterns:",null,null,null,null,null,null," ",null,null,null,null,null,null,null,null,null,null,null,null,null,null,null,null,null,null,null,null,null,null,null,null,null,null,null,null,null,"X"]
[null,null,null,null,null,null,null,null,null,null,null,null,null,null,null,null,null,null,null,null,null,null,null,null,null,null,null,null,null,null,null,null,null,null,null,null,null,null,null,null,"X"]
[null,"Field Tile",null,null,"8\" x 8\"",null,"Field - Matte",null,null,null,"Coto Pattern",null,null,null,null,"12.70 SF/CTN",null,null,{"$f":"IF(Suggested=\"Yes\",AA901,AG901)","v":9.4499999999999993},"SF",{"$f":"+Instructions!$B$3","v":"G "},null,{"$f":"+Instructions!$C$22","v":0},{"$f":"ROUND($AA901*(1-W901)+0.004999,2)","v":9.4499999999999993},null,"",9.4499999999999993,{"$f":"+W901","v":0},{"$f":"+X901","v":9.4499999999999993},{"$f":"(AG901-AC901)/AG901","v":0},null,1,{"$f":"SUM(AJ901:AL901)+AE901","v":9.4499999999999993},null,null,{"$f":"ROUND(AC901/(1-VLOOKUP(AF901,Group,2,FALSE)),2)","v":9.4499999999999993},{"$f":"IF(VLOOKUP(AF901,Group,5,FALSE)=\"YES\",VLOOKUP(ROUND(ROUND(AJ901,1)-AJ901,2),Round,2,FALSE)+VLOOKUP(AF901,Group,6,FALSE),0)","v":0},{"$f":"IF(VLOOKUP(AF901,Group,7,FALSE)=\"\",0,ROUND(AJ901-0.04999,1)-AJ901+AM901)","v":0},{"$f":"IF(VLOOKUP(AF901,Group,7,FALSE)=\"\",\"\",VLOOKUP(AF901,Group,7,FALSE))","v":""},null,"X"]
[null,"Field Tile",null,null,"8\" x 8\"",null,"Field - Matte",null,null,null,"Tender Gray Pattern",null,null,null,null,"12.70 SF/CTN",null,null,{"$f":"IF(Suggested=\"Yes\",AA902,AG902)","v":9.4499999999999993},"SF",{"$f":"+Instructions!$B$3","v":"G "},null,{"$f":"+Instructions!$C$22","v":0},{"$f":"ROUND($AA902*(1-W902)+0.004999,2)","v":9.4499999999999993},null,"",9.4499999999999993,{"$f":"+W902","v":0},{"$f":"+X902","v":9.4499999999999993},{"$f":"(AG902-AC902)/AG902","v":0},null,1,{"$f":"SUM(AJ902:AL902)+AE902","v":9.4499999999999993},null,null,{"$f":"ROUND(AC902/(1-VLOOKUP(AF902,Group,2,FALSE)),2)","v":9.4499999999999993},{"$f":"IF(VLOOKUP(AF902,Group,5,FALSE)=\"YES\",VLOOKUP(ROUND(ROUND(AJ902,1)-AJ902,2),Round,2,FALSE)+VLOOKUP(AF902,Group,6,FALSE),0)","v":0},{"$f":"IF(VLOOKUP(AF902,Group,7,FALSE)=\"\",0,ROUND(AJ902-0.04999,1)-AJ902+AM902)","v":0},{"$f":"IF(VLOOKUP(AF902,Group,7,FALSE)=\"\",\"\",VLOOKUP(AF902,Group,7,FALSE))","v":""},null,"X"]
[null,null,null,null,null,null,null,null,null,null,null,null,null,null,null,null,null,null,null,null,null,null,null,null,null,null,null,null,null,null,null,null,null,null,null,null,null,null,null,null,"X"]
[null,null,"MARBLE ARCOBALENO - Color Body Porcelain",null,null,null,null,null,null,null,null,null,null,null,null,null,null,"Item # Lookup:","ROMB",null,null,null,null,null,null,null,null,null,null,null,null,null,null,null,null,null,null,null,null,null,"X"]
[]
[null,null,null,"Colors:","Blanco          Verde",null,null,null,null,null,null,null,null,null,null,null,null,null,null,null,null,null,null,null,null,null,null,null,null,null,null,null,null,null,null,null,null,null,null,null,"X"]
[null,null,null,null,null,null,null,null,null,null,null,null,null,null,null,null,null,null,null,null,null,null,null,null,null,null,null,null,null,null,null,null,null,null,null,null,null,null,null,null,"X"]
[null,"Field Tile",null,null,"24\" x 48\"",null,"Field",null,"Rectified",null,"Lux",null,null,null,null,"23.25 SF/CTN",null,null,{"$f":"IF(Suggested=\"Yes\",AA908,AG908)","v":11.85},"SF",{"$f":"+Instructions!$B$3","v":"G "},null,{"$f":"+Instructions!$C$22","v":0},{"$f":"ROUND($AA908*(1-W908)+0.004999,2)","v":11.85},null,"YES",11.85,{"$f":"+W908","v":0},{"$f":"+X908","v":11.85},{"$f":"(AG908-AC908)/AG908","v":0},null,1,{"$f":"SUM(AJ908:AL908)+AE908","v":11.85},null,null,{"$f":"ROUND(AC908/(1-VLOOKUP(AF908,Group,2,FALSE)),2)","v":11.85},{"$f":"IF(VLOOKUP(AF908,Group,5,FALSE)=\"YES\",VLOOKUP(ROUND(ROUND(AJ908,1)-AJ908,2),Round,2,FALSE)+VLOOKUP(AF908,Group,6,FALSE),0)","v":0},{"$f":"IF(VLOOKUP(AF908,Group,7,FALSE)=\"\",0,ROUND(AJ908-0.04999,1)-AJ908+AM908)","v":0},{"$f":"IF(VLOOKUP(AF908,Group,7,FALSE)=\"\",\"\",VLOOKUP(AF908,Group,7,FALSE))","v":""},null,"X"]
[null,null,null,null,null,null,null,null,null,null,null,null,null,null,null,null,null,null,null,null,null,null,null,null,null,null,null,null,null,null,null,null,null,null,null,null,null,null,null,null,"X"]
[null,null,null,"Note:","Lux Finish is an exclusive finish with pearly effect, iridescent reflections and ultra-glossy sheens.",null,null,null,null,null,null,null,null,null,null,null,null,null,null,null,null,null,null,null,null,null,null,null,null,null,null,null,null,null,null,null,null,null,null,null,"X"]
[null,null,null,null,null,null,null,null,null,null,null,null,null,null,null,null,null,null,null,null,null,null,null,null,null,null,null,null,null,null,null,null,null,null,null,null,null,null,null,null,"X"]
[null,null,"MARBLE LINCOLN - Color Body Porcelain",null,null,null,null,null,null,null,null,null,null,null,null,null,null,"Item # Lookup:","ROMN",null,null,null,null,null,null,null,null,null,null,null,null,null,null,null,null,null,null,null,null,null,"X"]
[]
[null,null,null,"Color:","White",null,null,null,null,null,null,null,null,null,null,null,null,null,null,null,null,null,null,null,null,null,null,null,null,null,null,null,null,null,null,null,null,null,null,null,"X"]
[null,null,null,null,null,null,null,null,null,null,null,null,null,null,null,null,null,null,null,null,null,null,null,null,null,null,null,null,null,null,null,null,null,null,null,null,null,null,null,null,"X"]
[null,"Field Tile",null,null,"12\" x 24\"",null,"Field",null,"Rectified",null,null,null,null,null,null,"19.40 SF/CTN",null,null,{"$f":"IF(Suggested=\"Yes\",AA916,AG916)","v":9.4},"SF",{"$f":"+Instructions!$B$3","v":"G "},null,{"$f":"+Instructions!$C$22","v":0},{"$f":"ROUND($AA916*(1-W916)+0.004999,2)","v":9.4},null,"new",9.4,{"$f":"+W916","v":0},{"$f":"+X916","v":9.4},{"$f":"(AG916-AC916)/AG916","v":0},null,1,{"$f":"SUM(AJ916:AL916)+AE916","v":9.4},null,null,{"$f":"ROUND(AC916/(1-VLOOKUP(AF916,Group,2,FALSE)),2)","v":9.4},{"$f":"IF(VLOOKUP(AF916,Group,5,FALSE)=\"YES\",VLOOKUP(ROUND(ROUND(AJ916,1)-AJ916,2),Round,2,FALSE)+VLOOKUP(AF916,Group,6,FALSE),0)","v":0},{"$f":"IF(VLOOKUP(AF916,Group,7,FALSE)=\"\",0,ROUND(AJ916-0.04999,1)-AJ916+AM916)","v":0},{"$f":"IF(VLOOKUP(AF916,Group,7,FALSE)=\"\",\"\",VLOOKUP(AF916,Group,7,FALSE))","v":""},null,"X"]
[null,"Field Tile",null,null,"24\" x 48\"",null,"Field",null,"Rectified",null,null,null,null,null,null,"23.25 SF/CTN",null,null,{"$f":"IF(Suggested=\"Yes\",AA917,AG917)","v":10.85},"SF",{"$f":"+Instructions!$B$3","v":"G "},null,{"$f":"+Instructions!$C$22","v":0},{"$f":"ROUND($AA917*(1-W917)+0.004999,2)","v":10.85},null,"new",10.85,{"$f":"+W917","v":0},{"$f":"+X917","v":10.85},{"$f":"(AG917-AC917)/AG917","v":0},null,1,{"$f":"SUM(AJ917:AL917)+AE917","v":10.85},null,null,{"$f":"ROUND(AC917/(1-VLOOKUP(AF917,Group,2,FALSE)),2)","v":10.85},{"$f":"IF(VLOOKUP(AF917,Group,5,FALSE)=\"YES\",VLOOKUP(ROUND(ROUND(AJ917,1)-AJ917,2),Round,2,FALSE)+VLOOKUP(AF917,Group,6,FALSE),0)","v":0},{"$f":"IF(VLOOKUP(AF917,Group,7,FALSE)=\"\",0,ROUND(AJ917-0.04999,1)-AJ917+AM917)","v":0},{"$f":"IF(VLOOKUP(AF917,Group,7,FALSE)=\"\",\"\",VLOOKUP(AF917,Group,7,FALSE))","v":""},null,"X"]
[null,null,null,null,null,null,null,null,null,null,null,null,null,null,null,null,null,null,null,null,null,null,null,null,null,null,null,null,null,null,null,null,null,null,null,null,null,null,null,null,"X"]
[null,"Field Tile",null,null,"12\" x 24\"",null,"Field",null,"Rectified",null,"Marble Lincoln Suite",null,null,null,null,"19.40 SF/CTN",null,null,{"$f":"IF(Suggested=\"Yes\",AA919,AG919)","v":10.85},"SF",{"$f":"+Instructions!$B$3","v":"G "},null,{"$f":"+Instructions!$C$22","v":0},{"$f":"ROUND($AA919*(1-W919)+0.004999,2)","v":10.85},null,"new",10.85,{"$f":"+W919","v":0},{"$f":"+X919","v":10.85},{"$f":"(AG919-AC919)/AG919","v":0},null,1,{"$f":"SUM(AJ919:AL919)+AE919","v":10.85},null,null,{"$f":"ROUND(AC919/(1-VLOOKUP(AF919,Group,2,FALSE)),2)","v":10.85},{"$f":"IF(VLOOKUP(AF919,Group,5,FALSE)=\"YES\",VLOOKUP(ROUND(ROUND(AJ919,1)-AJ919,2),Round,2,FALSE)+VLOOKUP(AF919,Group,6,FALSE),0)","v":0},{"$f":"IF(VLOOKUP(AF919,Group,7,FALSE)=\"\",0,ROUND(AJ919-0.04999,1)-AJ919+AM919)","v":0},{"$f":"IF(VLOOKUP(AF919,Group,7,FALSE)=\"\",\"\",VLOOKUP(AF919,Group,7,FALSE))","v":""},null,"X"]
[null,null,null,null,null,null,null,null,null,null,null,null,null,null,null,null,null,null,null,null,null,null,null,null,null,null,null,null,null,null,null,null,null,null,null,null,null,null,null,null,"X"]
[null,null,"MARBLE PLATINUM - Color Body Porcelain",null,null,null,null,null,null,null,null,null,null,null,null,null,null,"Item # Lookup:","ROMP",null,null,null,null,null,null,null,null,null,null,null,null,null,null,null,null,null,null,null,null,null,"X"]
[]
[null,null,null,"Colors:","Perla          Platinum",null,null,null,null,null,null,null,null,null,null,null,null,null,null,null,null,null,null,null,null,null,null,null,null,null,null,null,null,null,null,null,null,null,null,null,"X"]
[null,null,null,null,null,null,null,null,null,null,null,null,null,null,null,null,null,null,null,null,null,null,null,null,null,null,null,null,null,null,null,null,null,null,null,null,null,null,null,null,"X"]
[null,"Field Tile",null,null,"24\" x 48\"",null,"Field",null,"Rectified",null,"Lux",null,null,null,null,"23.25 SF/CTN",null,null,{"$f":"IF(Suggested=\"Yes\",AA925,AG925)","v":11.85},"SF",{"$f":"+Instructions!$B$3","v":"G "},null,{"$f":"+Instructions!$C$22","v":0},{"$f":"ROUND($AA925*(1-W925)+0.004999,2)","v":11.85},null,"YES",11.85,{"$f":"+W925","v":0},{"$f":"+X925","v":11.85},{"$f":"(AG925-AC925)/AG925","v":0},null,1,{"$f":"SUM(AJ925:AL925)+AE925","v":11.85},null,null,{"$f":"ROUND(AC925/(1-VLOOKUP(AF925,Group,2,FALSE)),2)","v":11.85},{"$f":"IF(VLOOKUP(AF925,Group,5,FALSE)=\"YES\",VLOOKUP(ROUND(ROUND(AJ925,1)-AJ925,2),Round,2,FALSE)+VLOOKUP(AF925,Group,6,FALSE),0)","v":0},{"$f":"IF(VLOOKUP(AF925,Group,7,FALSE)=\"\",0,ROUND(AJ925-0.04999,1)-AJ925+AM925)","v":0},{"$f":"IF(VLOOKUP(AF925,Group,7,FALSE)=\"\",\"\",VLOOKUP(AF925,Group,7,FALSE))","v":""},null,"X"]
[null,null,null,null,null,null,null,null,null,null,null,null,null,null,null,null,null,null,null,null,null,null,null,null,null,null,null,null,null,null,null,null,null,null,null,null,null,null,null,null,"X"]
[null,null,null,"Note:","Lux Finish is an exclusive finish with pearly effect, iridescent reflections and ultra-glossy sheens.",null,null,null,null,null,null,null,null,null,null,null,null,null,null,null,null,null,null,null,null,null,null,null,null,null,null,null,null,null,null,null,null,null,null,null,"X"]
[null,null,null,null,null,null,null,null,null,null,null,null,null,null,null,null,null,null,null,null,null,null,null,null,null,null,null,null,null,null,null,null,null,null,null,null,null,null,null,null,"X"]
[null,null,"METALS - Brushed Aluminum Mosaics",null,null,null,null,null,null,null,null,null,null,null,null,null,null,"Item # Lookup:","ROMT",null,null,null,null,null,null,null,null,null,null,null,null,null,null,null,null,null,null,null,null,null,"X"]
[null,null,null,null,null,null,null,null,null,null,null,null,null,null,null,null,null,null,null,null,null,null,null,null,null,null,null,null,null,null,null,null,null,null,null,null,null,null,null,null,"X"]
[null,null,null,"Color:","Rose Gold",null,null,null,null,null,null,null,null,null,null,null,null,null,null,null,null,null,null,null,null,null,null,null,null,null,null,null,null,null,null,null,null,null,null,null,"X"]
[null,null,null,null,null,null,null,null,null,null,null,null,null,null,null,null,null,null,null,null,null,null,null,null,null,null,null,null,null,null,null,null,null,null,null,null,null,null,null,null,"X"]
[null,"Decos",null,null,"12\" x 12\"",null,"Mosaic",null,null,null,"Penny Round (Mesh-Mounted)",null,null,null,null,"0.97 SF/SHEET",null,null,{"$f":"IF(Suggested=\"Yes\",AA933,AG933)","v":30.6},"EA",{"$f":"+Instructions!$B$3","v":"G "},null,{"$f":"+Instructions!$C$22","v":0},{"$f":"ROUND($AA933*(1-W933)+0.004999,2)","v":30.6},null,"",30.6,{"$f":"+W933","v":0},{"$f":"+X933","v":30.6},{"$f":"(AG933-AC933)/AG933","v":0},null,3,{"$f":"SUM(AJ933:AL933)+AE933","v":30.6},null,null,{"$f":"ROUND(AC933/(1-VLOOKUP(AF933,Group,2,FALSE)),2)","v":30.6},{"$f":"IF(VLOOKUP(AF933,Group,5,FALSE)=\"YES\",VLOOKUP(ROUND(ROUND(AJ933,1)-AJ933,2),Round,2,FALSE)+VLOOKUP(AF933,Group,6,FALSE),0)","v":0},{"$f":"IF(VLOOKUP(AF933,Group,7,FALSE)=\"\",0,ROUND(AJ933-0.04999,1)-AJ933+AM933)","v":0},{"$f":"IF(VLOOKUP(AF933,Group,7,FALSE)=\"\",\"\",VLOOKUP(AF933,Group,7,FALSE))","v":""},null,"X"]
[null,"Decos",null,null,"12\" x 12\"",null,"Mosaic",null,null,null,"1\" x 2\" Brick (Mesh-Mounted)",null,null,null,null,"0.97 SF/SHEET",null,null,{"$f":"IF(Suggested=\"Yes\",AA934,AG934)","v":30.6},"EA",{"$f":"+Instructions!$B$3","v":"G "},null,{"$f":"+Instructions!$C$22","v":0},{"$f":"ROUND($AA934*(1-W934)+0.004999,2)","v":30.6},null,"",30.6,{"$f":"+W934","v":0},{"$f":"+X934","v":30.6},{"$f":"(AG934-AC934)/AG934","v":0},null,3,{"$f":"SUM(AJ934:AL934)+AE934","v":30.6},null,null,{"$f":"ROUND(AC934/(1-VLOOKUP(AF934,Group,2,FALSE)),2)","v":30.6},{"$f":"IF(VLOOKUP(AF934,Group,5,FALSE)=\"YES\",VLOOKUP(ROUND(ROUND(AJ934,1)-AJ934,2),Round,2,FALSE)+VLOOKUP(AF934,Group,6,FALSE),0)","v":0},{"$f":"IF(VLOOKUP(AF934,Group,7,FALSE)=\"\",0,ROUND(AJ934-0.04999,1)-AJ934+AM934)","v":0},{"$f":"IF(VLOOKUP(AF934,Group,7,FALSE)=\"\",\"\",VLOOKUP(AF934,Group,7,FALSE))","v":""},null,"X"]
[null,null,null,null,null,null,null,null,null,null,null,null,null,null,null,null,null,null,null,null,null,null,null,null,null,null,null,null,null,null,null,null,null,null,null,null,null,null,null,null,"X"]
[null,null,null,"Color:","Silver",null,null,null,null,null,null,null,null,null,null,null,null,null,null,null,null,null,null,null,null,null,null,null,null,null,null,null,null,null,null,null,null,null,null,null,"X"]
[null,null,null,null,null,null,null,null,null,null,null,null,null,null,null,null,null,null,null,null,null,null,null,null,null,null,null,null,null,null,null,null,null,null,null,null,null,null,null,null,"X"]
[null,"Decos",null,null,"12\" x 12\"",null,"Mosaic",null,null,null,"Penny Round (Mesh-Mounted)",null,null,null,null,"0.97 SF/SHEET",null,null,{"$f":"IF(Suggested=\"Yes\",AA938,AG938)","v":29.1},"EA",{"$f":"+Instructions!$B$3","v":"G "},null,{"$f":"+Instructions!$C$22","v":0},{"$f":"ROUND($AA938*(1-W938)+0.004999,2)","v":29.1},null,"",29.1,{"$f":"+W938","v":0},{"$f":"+X938","v":29.1},{"$f":"(AG938-AC938)/AG938","v":0},null,3,{"$f":"SUM(AJ938:AL938)+AE938","v":29.1},null,null,{"$f":"ROUND(AC938/(1-VLOOKUP(AF938,Group,2,FALSE)),2)","v":29.1},{"$f":"IF(VLOOKUP(AF938,Group,5,FALSE)=\"YES\",VLOOKUP(ROUND(ROUND(AJ938,1)-AJ938,2),Round,2,FALSE)+VLOOKUP(AF938,Group,6,FALSE),0)","v":0},{"$f":"IF(VLOOKUP(AF938,Group,7,FALSE)=\"\",0,ROUND(AJ938-0.04999,1)-AJ938+AM938)","v":0},{"$f":"IF(VLOOKUP(AF938,Group,7,FALSE)=\"\",\"\",VLOOKUP(AF938,Group,7,FALSE))","v":""},null,"X"]
[null,"Decos",null,null,"12\" x 12\"",null,"Mosaic",null,null,null,"1\" x 2\" Brick (Mesh-Mounted)",null,null,null,null,"0.97 SF/SHEET",null,null,{"$f":"IF(Suggested=\"Yes\",AA939,AG939)","v":29.1},"EA",{"$f":"+Instructions!$B$3","v":"G "},null,{"$f":"+Instructions!$C$22","v":0},{"$f":"ROUND($AA939*(1-W939)+0.004999,2)","v":29.1},null,"",29.1,{"$f":"+W939","v":0},{"$f":"+X939","v":29.1},{"$f":"(AG939-AC939)/AG939","v":0},null,3,{"$f":"SUM(AJ939:AL939)+AE939","v":29.1},null,null,{"$f":"ROUND(AC939/(1-VLOOKUP(AF939,Group,2,FALSE)),2)","v":29.1},{"$f":"IF(VLOOKUP(AF939,Group,5,FALSE)=\"YES\",VLOOKUP(ROUND(ROUND(AJ939,1)-AJ939,2),Round,2,FALSE)+VLOOKUP(AF939,Group,6,FALSE),0)","v":0},{"$f":"IF(VLOOKUP(AF939,Group,7,FALSE)=\"\",0,ROUND(AJ939-0.04999,1)-AJ939+AM939)","v":0},{"$f":"IF(VLOOKUP(AF939,Group,7,FALSE)=\"\",\"\",VLOOKUP(AF939,Group,7,FALSE))","v":""},null,"X"]
[null,null,"MOMENTUM - Glazed Porcelain",null,null,null,null,null,null,null," ",null,null,null,null,null,null,"Item # Lookup:","ROMO",null,null,null,null,null,null,null,null,null,null,null,null,null,null,null,null,null,null,null,null,null,"X"]
[null,null,null,null,null,null,null,null,null,null,null,null,null,null,null,null,null,null,null,null,null,null,null,null,null,null,null,null,null,null,null,null,null,null,null,null,null,null,null,null,"X"]
[null,null,null,"Colors:","Arena          Grafito          Gris          Taupe",null,null,null,null,null,null,null,null,null,null,null,null,null,null,null,null,null,null,null,null,null,null,null,null,null,null,null,null,null,null,null,null,null,null,null,"X"]
[null,null,null,null,null,null,null,null,null,null,null,null,null,null,null,null,null,null,null,null,null,null,null,null,null,null,null,null,null,null,null,null,null,null,null,null,null,null,null,null,"X"]
[null,"Field Tile",null,null,"12\" x 24\"",null,"Field",null,null,null,"Non-slip (ABS)",null,null,null,null,"14.25 SF/CTN",null,null,{"$f":"IF(Suggested=\"Yes\",AA944,AG944)","v":6.65},"SF",{"$f":"+Instructions!$B$3","v":"G "},null,{"$f":"+Instructions!$C$22","v":0},{"$f":"ROUND($AA944*(1-W944)+0.004999,2)","v":6.65},null,"",6.65,{"$f":"+W944","v":0},{"$f":"+X944","v":6.65},{"$f":"(AG944-AC944)/AG944","v":0},null,1,{"$f":"SUM(AJ944:AL944)+AE944","v":6.65},null,null,{"$f":"ROUND(AC944/(1-VLOOKUP(AF944,Group,2,FALSE)),2)","v":6.65},{"$f":"IF(VLOOKUP(AF944,Group,5,FALSE)=\"YES\",VLOOKUP(ROUND(ROUND(AJ944,1)-AJ944,2),Round,2,FALSE)+VLOOKUP(AF944,Group,6,FALSE),0)","v":0},{"$f":"IF(VLOOKUP(AF944,Group,7,FALSE)=\"\",0,ROUND(AJ944-0.04999,1)-AJ944+AM944)","v":0},{"$f":"IF(VLOOKUP(AF944,Group,7,FALSE)=\"\",\"\",VLOOKUP(AF944,Group,7,FALSE))","v":""},null,"X"]
[null,null,null,null,null,null,null,null,null,null,null,null,null,null,null,null,null,null,null,null,null,null,null,null,null,null,null,null,null,null,null,null,null,null,null,null,null,null,null,null,"X"]
[null,null,"MYSTERY - Color Body Porcelain",null,null,null,null,null,null,null,null,null,null,null,null,null,null,"Item # Lookup:","ROMY",null,null,null,null,null,null,null,null,null,null,null,null,null,null,null,null,null,null,null,null,null,"X"]
[null,null,null,null,null,null,null,null,null,null,null,null,null,null,null,null,null,null,null,null,null,null,null,null,null,null,null,null,null,null,null,null,null,null,null,null,null,null,null,null,"X"]
[null,null,null,"Color:","Black",null,null,null,null,null,null,null,null,null,null,null,null,null,null,null,null,null,null,null,null,null,null,null,null,null,null,null,null,null,null,null,null,null,null,null,"X"]
[null,null,null,null,null,null,null,null,null,null,null,null,null,null,null,null,null,null,null,null,null,null,null,null,null,null,null,null,null,null,null,null,null,null,null,null,null,null,null,null,"X"]
[null,"Field Tile",null,null,"35\" x 35\"",null,"Field",null,"Rectified",null,null,null,null,null,null,"26.16 SF/CTN",null,null,{"$f":"IF(Suggested=\"Yes\",AA950,AG950)","v":10.4},"SF",{"$f":"+Instructions!$B$3","v":"G "},null,{"$f":"+Instructions!$C$22","v":0},{"$f":"ROUND($AA950*(1-W950)+0.004999,2)","v":10.4},null,"new",10.4,{"$f":"+W950","v":0},{"$f":"+X950","v":10.4},{"$f":"(AG950-AC950)/AG950","v":0},null,1,{"$f":"SUM(AJ950:AL950)+AE950","v":10.4},null,null,{"$f":"ROUND(AC950/(1-VLOOKUP(AF950,Group,2,FALSE)),2)","v":10.4},{"$f":"IF(VLOOKUP(AF950,Group,5,FALSE)=\"YES\",VLOOKUP(ROUND(ROUND(AJ950,1)-AJ950,2),Round,2,FALSE)+VLOOKUP(AF950,Group,6,FALSE),0)","v":0},{"$f":"IF(VLOOKUP(AF950,Group,7,FALSE)=\"\",0,ROUND(AJ950-0.04999,1)-AJ950+AM950)","v":0},{"$f":"IF(VLOOKUP(AF950,Group,7,FALSE)=\"\",\"\",VLOOKUP(AF950,Group,7,FALSE))","v":""},null,"X"]
[null,null,null,null,null,null,null,null,null,null,null,null,null,null,null,null,null,null,null,null,null,null,null,null,null,null,null,null,null,null,null,null,null,null,null,null,null,null,null,null,"X"]
[null,null,"NOLITA - Color Body Porcelain",null,null,null,null,null,null,null,null,null,null,null,null,null,null,"Item # Lookup:","RONO",null,null,null,null,null,null,null,null,null,null,null,null,null,null,null,null,null,null,null,null,null,"X"]
[null,null,null,null,null,null,null,null,null,null,null,null,null,null,null,null,null,null,null,null,null,null,null,null,null,null,null,null,null,null,null,null,null,null,null,null,null,null,null,null,"X"]
[null,null,null,"Colors:","Antracita          Blanco          Grafito          Gris",null,null,null,null,null,null,null,null,null,null,null,null,null,null,null,null,null,null,null,null,null,null,null,null,null,null,null,null,null,null,null,null,null,null,null,"X"]
[null,null,null,null,null,null,null,null,null,null,null,null,null,null,null,null,null,null,null,null,null,null,null,null,null,null,null,null,null,null,null,null,null,null,null,null,null,null,null,null,"X"]
[null,"Field Tile",null,null,"12\" x 24\"",null,"Field",null,"Rectified",null,null,null,null,null,null,"13.56 SF/CTN",null,null,{"$f":"IF(Suggested=\"Yes\",AA956,AG956)","v":8.4},"SF",{"$f":"+Instructions!$B$3","v":"G "},null,{"$f":"+Instructions!$C$22","v":0},{"$f":"ROUND($AA956*(1-W956)+0.004999,2)","v":8.4},null,"YES",8.4,{"$f":"+W956","v":0},{"$f":"+X956","v":8.4},{"$f":"(AG956-AC956)/AG956","v":0},null,1,{"$f":"SUM(AJ956:AL956)+AE956","v":8.4},null,null,{"$f":"ROUND(AC956/(1-VLOOKUP(AF956,Group,2,FALSE)),2)","v":8.4},{"$f":"IF(VLOOKUP(AF956,Group,5,FALSE)=\"YES\",VLOOKUP(ROUND(ROUND(AJ956,1)-AJ956,2),Round,2,FALSE)+VLOOKUP(AF956,Group,6,FALSE),0)","v":0},{"$f":"IF(VLOOKUP(AF956,Group,7,FALSE)=\"\",0,ROUND(AJ956-0.04999,1)-AJ956+AM956)","v":0},{"$f":"IF(VLOOKUP(AF956,Group,7,FALSE)=\"\",\"\",VLOOKUP(AF956,Group,7,FALSE))","v":""},null,"X"]
[null,"Field Tile",null,null,"18\" x 36\"",null,"Field",null,"Rectified",null,null,null,null,null,null,"13.13 SF/CTN",null,null,{"$f":"IF(Suggested=\"Yes\",AA957,AG957)","v":9.85},"SF",{"$f":"+Instructions!$B$3","v":"G "},null,{"$f":"+Instructions!$C$22","v":0},{"$f":"ROUND($AA957*(1-W957)+0.004999,2)","v":9.85},null,"YES",9.85,{"$f":"+W957","v":0},{"$f":"+X957","v":9.85},{"$f":"(AG957-AC957)/AG957","v":0},null,1,{"$f":"SUM(AJ957:AL957)+AE957","v":9.85},null,null,{"$f":"ROUND(AC957/(1-VLOOKUP(AF957,Group,2,FALSE)),2)","v":9.85},{"$f":"IF(VLOOKUP(AF957,Group,5,FALSE)=\"YES\",VLOOKUP(ROUND(ROUND(AJ957,1)-AJ957,2),Round,2,FALSE)+VLOOKUP(AF957,Group,6,FALSE),0)","v":0},{"$f":"IF(VLOOKUP(AF957,Group,7,FALSE)=\"\",0,ROUND(AJ957-0.04999,1)-AJ957+AM957)","v":0},{"$f":"IF(VLOOKUP(AF957,Group,7,FALSE)=\"\",\"\",VLOOKUP(AF957,Group,7,FALSE))","v":""},null,"X"]
[null,null,null,null,null,null,null,null,null,null,null,null,null,null,null,null,null,null,null,null,null,null,null,null,null,null,null,null,null,null,null,null,null,null,null,null,null,null,null,null,"X"]
[null,"Decos",null,null,"12\" x 12\"",null,"Mosaic",null,null,null,"2\" x 2\" (Mesh-Mounted)",null,null,null,null,"0.95 SF/SHEET",null,null,{"$f":"IF(Suggested=\"Yes\",AA959,AG959)","v":20.95},"EA",{"$f":"+Instructions!$B$3","v":"G "},null,{"$f":"+Instructions!$C$22","v":0},{"$f":"ROUND($AA959*(1-W959)+0.004999,2)","v":20.95},null,"",20.95,{"$f":"+W959","v":0},{"$f":"+X959","v":20.95},{"$f":"(AG959-AC959)/AG959","v":0},null,3,{"$f":"SUM(AJ959:AL959)+AE959","v":20.95},null,null,{"$f":"ROUND(AC959/(1-VLOOKUP(AF959,Group,2,FALSE)),2)","v":20.95},{"$f":"IF(VLOOKUP(AF959,Group,5,FALSE)=\"YES\",VLOOKUP(ROUND(ROUND(AJ959,1)-AJ959,2),Round,2,FALSE)+VLOOKUP(AF959,Group,6,FALSE),0)","v":0},{"$f":"IF(VLOOKUP(AF959,Group,7,FALSE)=\"\",0,ROUND(AJ959-0.04999,1)-AJ959+AM959)","v":0},{"$f":"IF(VLOOKUP(AF959,Group,7,FALSE)=\"\",\"\",VLOOKUP(AF959,Group,7,FALSE))","v":""},null,"X"]
[null,null,null,null,null,null,null,null,null,null,null,null,null,null,null,null,null,null,null,null,null,null,null,null,null,null,null,null,null,null,null,null,null,null,null,null,null,null,null,null,"X"]
[null,"Trim",null,null,"3\" x 12\"",null,"Bullnose",null,null,null,null,null,null,null,null,null,null,null,{"$f":"IF(Suggested=\"Yes\",AA961,AG961)","v":11.4},"EA",{"$f":"+Instructions!$B$3","v":"G "},null,{"$f":"+Instructions!$C$22","v":0},{"$f":"ROUND($AA961*(1-W961)+0.004999,2)","v":11.4},null,"",11.4,{"$f":"+W961","v":0},{"$f":"+X961","v":11.4},{"$f":"(AG961-AC961)/AG961","v":0},null,2,{"$f":"SUM(AJ961:AL961)+AE961","v":11.4},null,null,{"$f":"ROUND(AC961/(1-VLOOKUP(AF961,Group,2,FALSE)),2)","v":11.4},{"$f":"IF(VLOOKUP(AF961,Group,5,FALSE)=\"YES\",VLOOKUP(ROUND(ROUND(AJ961,1)-AJ961,2),Round,2,FALSE)+VLOOKUP(AF961,Group,6,FALSE),0)","v":0},{"$f":"IF(VLOOKUP(AF961,Group,7,FALSE)=\"\",0,ROUND(AJ961-0.04999,1)-AJ961+AM961)","v":0},{"$f":"IF(VLOOKUP(AF961,Group,7,FALSE)=\"\",\"\",VLOOKUP(AF961,Group,7,FALSE))","v":""},null,"X"]
[null,null,null,null,null,null,null,null,null,null,null,null,null,null,null,null,null,null,null,null,null,null,null,null,null,null,null,null,null,null,null,null,null,null,null,null,null,null,null,null,"X"]
[null,"Trim",null,null,"6\" x 12\"",null,"Cove Base",null,null,null,null,null,null,null,null,null,null,null,{"$f":"IF(Suggested=\"Yes\",AA963,AG963)","v":19.899999999999999},"EA",{"$f":"+Instructions!$B$3","v":"G "},null,{"$f":"+Instructions!$C$22","v":0},{"$f":"ROUND($AA963*(1-W963)+0.004999,2)","v":19.899999999999999},null,"",19.899999999999999,{"$f":"+W963","v":0},{"$f":"+X963","v":19.899999999999999},{"$f":"(AG963-AC963)/AG963","v":0},null,2,{"$f":"SUM(AJ963:AL963)+AE963","v":19.899999999999999},null,null,{"$f":"ROUND(AC963/(1-VLOOKUP(AF963,Group,2,FALSE)),2)","v":19.899999999999999},{"$f":"IF(VLOOKUP(AF963,Group,5,FALSE)=\"YES\",VLOOKUP(ROUND(ROUND(AJ963,1)-AJ963,2),Round,2,FALSE)+VLOOKUP(AF963,Group,6,FALSE),0)","v":0},{"$f":"IF(VLOOKUP(AF963,Group,7,FALSE)=\"\",0,ROUND(AJ963-0.04999,1)-AJ963+AM963)","v":0},{"$f":"IF(VLOOKUP(AF963,Group,7,FALSE)=\"\",\"\",VLOOKUP(AF963,Group,7,FALSE))","v":""},null,"X"]
[null,null,null,null,null,null,null,null,null,null,null,null,null,null,null,null,null,null,null,null,null,null,null,null,null,null,null,null,null,null,null,null,null,null,null,null,null,null,null,null,"X"]
[null,null,"NORDICO - Glazed Porcelain",null,null,null,null,null,null,null," ",null,null,null,null,null,null,"Item # Lookup:","RONR",null,null,null,null,null,null,null,null,null,null,null,null,null,null,null,null,null,null,null,null,null,"X"]
[null,null,null,null,null,null,null,null,null,null,null,null,null,null,null,null,null,null,null,null,null,null,null,null,null,null,null,null,null,null,null,null,null,null,null,null,null,null,null,null,"X"]
[null,null,null,"Color:","Snow",null,null,null,null,null,null,null,null,null,null,null,null,null,null,null,null,null,null,null,null,null,null,null,null,null,null,null,null,null,null,null,null,null,null,null,"X"]
[null,null,null,null,null,null,null,null,null,null,null,null,null,null,null,null,null,null,null,null,null,null,null,null,null,null,null,null,null,null,null,null,null,null,null,null,null,null,null,null,"X"]
[null,"Field Tile",null,null,"12\" x 24\"",null,"Field",null,"Rectified",null,"Polished",null,null,null,null,"18.89 SF/CTN",null,null,{"$f":"IF(Suggested=\"Yes\",AA969,AG969)","v":8.0500000000000007},"SF",{"$f":"+Instructions!$B$3","v":"G "},null,{"$f":"+Instructions!$C$22","v":0},{"$f":"ROUND($AA969*(1-W969)+0.004999,2)","v":8.0500000000000007},null,"YES",8.0500000000000007,{"$f":"+W969","v":0},8.0500000000000007,{"$f":"(AG969-AC969)/AG969","v":0},null,1,{"$f":"SUM(AJ969:AL969)+AE969","v":8.0500000000000007},null,null,{"$f":"ROUND(AC969/(1-VLOOKUP(AF969,Group,2,FALSE)),2)","v":8.0500000000000007},{"$f":"IF(VLOOKUP(AF969,Group,5,FALSE)=\"YES\",VLOOKUP(ROUND(ROUND(AJ969,1)-AJ969,2),Round,2,FALSE)+VLOOKUP(AF969,Group,6,FALSE),0)","v":0},{"$f":"IF(VLOOKUP(AF969,Group,7,FALSE)=\"\",0,ROUND(AJ969-0.04999,1)-AJ969+AM969)","v":0},{"$f":"IF(VLOOKUP(AF969,Group,7,FALSE)=\"\",\"\",VLOOKUP(AF969,Group,7,FALSE))","v":""},null,"X"]
[null,"Field Tile",null,null,"24\" x 24\"",null,"Field",null,"Rectified",null,"Polished",null,null,null,null,"19.05 SF/CTN",null,null,{"$f":"IF(Suggested=\"Yes\",AA970,AG970)","v":8.1},"SF",{"$f":"+Instructions!$B$3","v":"G "},null,{"$f":"+Instructions!$C$22","v":0},{"$f":"ROUND($AA970*(1-W970)+0.004999,2)","v":8.1},null,"YES",8.1,0,8.1,{"$f":"(AG970-AC970)/AG970","v":0},null,1,{"$f":"SUM(AJ970:AL970)+AE970","v":8.1},null,null,{"$f":"ROUND(AC970/(1-VLOOKUP(AF970,Group,2,FALSE)),2)","v":8.1},{"$f":"IF(VLOOKUP(AF970,Group,5,FALSE)=\"YES\",VLOOKUP(ROUND(ROUND(AJ970,1)-AJ970,2),Round,2,FALSE)+VLOOKUP(AF970,Group,6,FALSE),0)","v":0},{"$f":"IF(VLOOKUP(AF970,Group,7,FALSE)=\"\",0,ROUND(AJ970-0.04999,1)-AJ970+AM970)","v":0},{"$f":"IF(VLOOKUP(AF970,Group,7,FALSE)=\"\",\"\",VLOOKUP(AF970,Group,7,FALSE))","v":""},null,"X"]
[null,"Field Tile",null,null,"35\" x 35\"",null,"Field",null,"Rectified",null,"Polished",null,null,null,null,"17.22 SF/CTN",null,null,{"$f":"IF(Suggested=\"Yes\",AA971,AG971)","v":9.25},"SF",{"$f":"+Instructions!$B$3","v":"G "},null,{"$f":"+Instructions!$C$22","v":0},{"$f":"ROUND($AA971*(1-W971)+0.004999,2)","v":9.25},null,"YES",9.25,0,9.25,{"$f":"(AG971-AC971)/AG971","v":0},null,1,{"$f":"SUM(AJ971:AL971)+AE971","v":9.25},null,null,{"$f":"ROUND(AC971/(1-VLOOKUP(AF971,Group,2,FALSE)),2)","v":9.25},{"$f":"IF(VLOOKUP(AF971,Group,5,FALSE)=\"YES\",VLOOKUP(ROUND(ROUND(AJ971,1)-AJ971,2),Round,2,FALSE)+VLOOKUP(AF971,Group,6,FALSE),0)","v":0},{"$f":"IF(VLOOKUP(AF971,Group,7,FALSE)=\"\",0,ROUND(AJ971-0.04999,1)-AJ971+AM971)","v":0},{"$f":"IF(VLOOKUP(AF971,Group,7,FALSE)=\"\",\"\",VLOOKUP(AF971,Group,7,FALSE))","v":""},null,"X"]
[null,null,null,null,null,null,null,null,null,null,null,null,null,null,null,null,null,null,null,null,null,null,null,null,null,null,null,null,null,null,null,null,null,null,null,null,null,null,null,null,"X"]
[null,"Field Tile",null,null,"12\" x 24\"",null,"Field",null,null,null,"Unpolished",null,null,null,null,"20.34 SF/CTN",null,null,{"$f":"IF(Suggested=\"Yes\",AA973,AG973)","v":6},"SF",{"$f":"+Instructions!$B$3","v":"G "},null,{"$f":"+Instructions!$C$22","v":0},{"$f":"ROUND($AA973*(1-W973)+0.004999,2)","v":6},null,"",6,{"$f":"+W973","v":0},{"$f":"+X973","v":6},{"$f":"(AG973-AC973)/AG973","v":0},null,1,{"$f":"SUM(AJ973:AL973)+AE973","v":6},null,null,{"$f":"ROUND(AC973/(1-VLOOKUP(AF973,Group,2,FALSE)),2)","v":6},{"$f":"IF(VLOOKUP(AF973,Group,5,FALSE)=\"YES\",VLOOKUP(ROUND(ROUND(AJ973,1)-AJ973,2),Round,2,FALSE)+VLOOKUP(AF973,Group,6,FALSE),0)","v":0},{"$f":"IF(VLOOKUP(AF973,Group,7,FALSE)=\"\",0,ROUND(AJ973-0.04999,1)-AJ973+AM973)","v":0},{"$f":"IF(VLOOKUP(AF973,Group,7,FALSE)=\"\",\"\",VLOOKUP(AF973,Group,7,FALSE))","v":""},null,"X"]
[null,"Field Tile",null,null,"24\" x 24\"",null,"Field",null,"Rectified",null,"Unpolished",null,null,null,null,"15.50 SF/CTN",null,null,{"$f":"IF(Suggested=\"Yes\",AA974,AG974)","v":6.35},"SF",{"$f":"+Instructions!$B$3","v":"G "},null,{"$f":"+Instructions!$C$22","v":0},{"$f":"ROUND($AA974*(1-W974)+0.004999,2)","v":6.35},null,"",6.35,{"$f":"+W974","v":0},{"$f":"+X974","v":6.35},{"$f":"(AG974-AC974)/AG974","v":0},null,1,{"$f":"SUM(AJ974:AL974)+AE974","v":6.35},null,null,{"$f":"ROUND(AC974/(1-VLOOKUP(AF974,Group,2,FALSE)),2)","v":6.35},{"$f":"IF(VLOOKUP(AF974,Group,5,FALSE)=\"YES\",VLOOKUP(ROUND(ROUND(AJ974,1)-AJ974,2),Round,2,FALSE)+VLOOKUP(AF974,Group,6,FALSE),0)","v":0},{"$f":"IF(VLOOKUP(AF974,Group,7,FALSE)=\"\",0,ROUND(AJ974-0.04999,1)-AJ974+AM974)","v":0},{"$f":"IF(VLOOKUP(AF974,Group,7,FALSE)=\"\",\"\",VLOOKUP(AF974,Group,7,FALSE))","v":""},null,"X"]
[null,null,null,null,null,null,null,null,null,null,null,null,null,null,null,null,null,null,null,null,null,null,null,null,null,null,null,null,null,null,null,null,null,null,null,null,null,null,null,null,"X"]
[null,"Decos",null,null,"13\" x 13\"",null,"Mosaic",null,"2\" x 2\" (Mesh-Mounted)",null,null,"Unpolished",null,null,null,"1.19 SF/SHEET",null,null,{"$f":"IF(Suggested=\"Yes\",AA976,AG976)","v":18.899999999999999},"EA",{"$f":"+Instructions!$B$3","v":"G "},null,{"$f":"+Instructions!$C$22","v":0},{"$f":"ROUND($AA976*(1-W976)+0.004999,2)","v":18.899999999999999},null,"",18.899999999999999,{"$f":"+W976","v":0},{"$f":"+X976","v":18.899999999999999},{"$f":"(AG976-AC976)/AG976","v":0},null,3,{"$f":"SUM(AJ976:AL976)+AE976","v":18.899999999999999},null,null,{"$f":"ROUND(AC976/(1-VLOOKUP(AF976,Group,2,FALSE)),2)","v":18.899999999999999},{"$f":"IF(VLOOKUP(AF976,Group,5,FALSE)=\"YES\",VLOOKUP(ROUND(ROUND(AJ976,1)-AJ976,2),Round,2,FALSE)+VLOOKUP(AF976,Group,6,FALSE),0)","v":0},{"$f":"IF(VLOOKUP(AF976,Group,7,FALSE)=\"\",0,ROUND(AJ976-0.04999,1)-AJ976+AM976)","v":0},{"$f":"IF(VLOOKUP(AF976,Group,7,FALSE)=\"\",\"\",VLOOKUP(AF976,Group,7,FALSE))","v":""},null,"X"]
[null,null,null,null,null,null,null,null,null,null,null,null,null,null,null,null,null,null,null,null,null,null,null,null,null,null,null,null,null,null,null,null,null,null,null,null,null,null,null,null,"X"]
[null,"Trim",null,null,"3\" x 12\"",null,"Bullnose",null,null,null,"Unpolished",null,null,null,null,null,null,null,{"$f":"IF(Suggested=\"Yes\",AA978,AG978)","v":5.9},"EA",{"$f":"+Instructions!$B$3","v":"G "},null,{"$f":"+Instructions!$C$22","v":0},{"$f":"ROUND($AA978*(1-W978)+0.004999,2)","v":5.9},null,"",5.9,{"$f":"+W978","v":0},{"$f":"+X978","v":5.9},{"$f":"(AG978-AC978)/AG978","v":0},null,2,{"$f":"SUM(AJ978:AL978)+AE978","v":5.9},null,null,{"$f":"ROUND(AC978/(1-VLOOKUP(AF978,Group,2,FALSE)),2)","v":5.9},{"$f":"IF(VLOOKUP(AF978,Group,5,FALSE)=\"YES\",VLOOKUP(ROUND(ROUND(AJ978,1)-AJ978,2),Round,2,FALSE)+VLOOKUP(AF978,Group,6,FALSE),0)","v":0},{"$f":"IF(VLOOKUP(AF978,Group,7,FALSE)=\"\",0,ROUND(AJ978-0.04999,1)-AJ978+AM978)","v":0},{"$f":"IF(VLOOKUP(AF978,Group,7,FALSE)=\"\",\"\",VLOOKUP(AF978,Group,7,FALSE))","v":""},null,"X"]
[null,null,null,null,null,null,null,null,null,null,null,null,null,null,null,null,null,null,null,null,null,null,null,null,null,null,null,null,null,null,null,null,null,null,null,null,null,null,null,null,"X"]
[null,null,"OLARIA - Glazed Ceramic Wall",null,null,null,null,null,null,null,null,null,null,null,null,null,null,"Item # Lookup:","ROOL",null,null,null,null,null,null,null,null,null,null,null,null,null,null,null,null,null,null,null,null,null,"X"]
[null,null,null,null,null,null,null,null,null,null,null,null,null,null,null,null,null,null,null,null,null,null,null,null,null,null,null,null,null,null,null,null,null,null,null,null,null,null,null,null,"X"]
[null,null,null,"Colors:","Baked Clay",null,"  Cotton",null,null," Warm Gray",null,null,null,null,null,null,null,null,null,null,null,null,null,null,null,null,null,null,null,null,null,null,null,null,null,null,null,null,null,null,"X"]
[null,null,null,null,"Blue Steel",null,"  Green Leaf",null,null," White",null,null,null,null,null,null,null,null,null,null,null,null,null,null,null,null,null,null,null,null,null,null,null,null,null,null,null,null,null,null,"X"]
[null,null,null,null,null,null,null,null,null,null,null,null,null,null,null,null,null,null,null,null,null,null,null,null,null,null,null,null,null,null,null,null,null,null,null,null,null,null,null,null,"X"]
[null,"Field Tile",null,null,"6\" x 6\"",null,"Field",null,null,null,null,null,null,null,null,"12.80 SF/CTN",null,null,{"$f":"IF(Suggested=\"Yes\",AA985,AG985)","v":5.25},"SF",{"$f":"+Instructions!$B$3","v":"G "},null,{"$f":"+Instructions!$C$22","v":0},{"$f":"ROUND($AA985*(1-W985)+0.004999,2)","v":5.25},null,"",5.25,{"$f":"+W985","v":0},{"$f":"+X985","v":5.25},{"$f":"(AG985-AC985)/AG985","v":0},null,1,{"$f":"SUM(AJ985:AL985)+AE985","v":5.25},null,null,{"$f":"ROUND(AC985/(1-VLOOKUP(AF985,Group,2,FALSE)),2)","v":5.25},{"$f":"IF(VLOOKUP(AF985,Group,5,FALSE)=\"YES\",VLOOKUP(ROUND(ROUND(AJ985,1)-AJ985,2),Round,2,FALSE)+VLOOKUP(AF985,Group,6,FALSE),0)","v":0},{"$f":"IF(VLOOKUP(AF985,Group,7,FALSE)=\"\",0,ROUND(AJ985-0.04999,1)-AJ985+AM985)","v":0},{"$f":"IF(VLOOKUP(AF985,Group,7,FALSE)=\"\",\"\",VLOOKUP(AF985,Group,7,FALSE))","v":""},null,"X"]
[null,null,null,null,null,null,null,null,null,null,null,null,null,null,null,null,null,null,null,null,null,null,null,null,null,null,null,null,null,null,null,null,null,null,null,null,null,null,null,null,"X"]
[null,"Trim",null,null,"2\" x 6\"",null,"S4269",null,"Bullnose",null,null,null,null,null,null,null,null,null,{"$f":"IF(Suggested=\"Yes\",AA987,AG987)","v":1.6},"EA",{"$f":"+Instructions!$B$3","v":"G "},null,{"$f":"+Instructions!$C$22","v":0},{"$f":"ROUND($AA987*(1-W987)+0.004999,2)","v":1.6},null,"",1.6,{"$f":"+W987","v":0},{"$f":"+X987","v":1.6},{"$f":"(AG987-AC987)/AG987","v":0},null,2,{"$f":"SUM(AJ987:AL987)+AE987","v":1.6},null,null,{"$f":"ROUND(AC987/(1-VLOOKUP(AF987,Group,2,FALSE)),2)","v":1.6},{"$f":"IF(VLOOKUP(AF987,Group,5,FALSE)=\"YES\",VLOOKUP(ROUND(ROUND(AJ987,1)-AJ987,2),Round,2,FALSE)+VLOOKUP(AF987,Group,6,FALSE),0)","v":0},{"$f":"IF(VLOOKUP(AF987,Group,7,FALSE)=\"\",0,ROUND(AJ987-0.04999,1)-AJ987+AM987)","v":0},{"$f":"IF(VLOOKUP(AF987,Group,7,FALSE)=\"\",\"\",VLOOKUP(AF987,Group,7,FALSE))","v":""},null,"X"]
[null,null,null,null,null,null,null,null,null,null,null,null,null,null,null,null,null,null,null,null,null,null,null,null,null,null,null,null,null,null,null,null,null,null,null,null,null,null,null,null,"X"]
[null,null,"OMBRE - Glazed Ceramic Wall",null,null,null,null,null,null,null,null,null,null,null,null,null,null,"Item # Lookup:","ROOM",null,null,null,null,null,null,null,null,null,null,null,null,null,null,null,null,null,null,null,null,null,"X"]
[null,null,null,null,null,null,null,null,null,null,null,null,null,null,null,null,null,null,null,null,null,null,null,null,null,null,null,null,null,null,null,null,null,null,null,null,null,null,null,null,"X"]
[null,null,null,"Colors:","Desert Sand          Pure Blanc          Sable Blanc          Silver Gray",null,null,null,null,null,null,null,null,null,null,null,null,null,null,null,null,null,null,null,null,null,null,null,null,null,null,null,null,null,null,null,null,null,null,null,"X"]
[null,null,null,null,null,null,null,null,null,null,null,null,null,null,null,null,null,null,null,null,null,null,null,null,null,null,null,null,null,null,null,null,null,null,null,null,null,null,null,null,"X"]
[null,"Field Tile",null,null,"3\" x 12\"",null,"Field",null,null,null,null,null,null,null,null,"9.15 SF/CTN",null,"a",{"$f":"IF(Suggested=\"Yes\",AA993,AG993)","v":7.8},"SF",{"$f":"+Instructions!$B$3","v":"G "},null,{"$f":"+Instructions!$C$22","v":0},{"$f":"ROUND($AA993*(1-W993)+0.004999,2)","v":7.8},null,"YES",7.8,{"$f":"+W993","v":0},{"$f":"+X993","v":7.8},{"$f":"(AG993-AC993)/AG993","v":0},null,1,{"$f":"SUM(AJ993:AL993)+AE993","v":7.8},null,null,{"$f":"ROUND(AC993/(1-VLOOKUP(AF993,Group,2,FALSE)),2)","v":7.8},{"$f":"IF(VLOOKUP(AF993,Group,5,FALSE)=\"YES\",VLOOKUP(ROUND(ROUND(AJ993,1)-AJ993,2),Round,2,FALSE)+VLOOKUP(AF993,Group,6,FALSE),0)","v":0},{"$f":"IF(VLOOKUP(AF993,Group,7,FALSE)=\"\",0,ROUND(AJ993-0.04999,1)-AJ993+AM993)","v":0},{"$f":"IF(VLOOKUP(AF993,Group,7,FALSE)=\"\",\"\",VLOOKUP(AF993,Group,7,FALSE))","v":""},null,"X"]
[null,null,null,null,null,null,null,null,null,null,null,null,null,null,null,null,null,null,null,null,null,null,null,null,null,null,null,null,null,null,null,null,null,null,null,null,null,null,null,null,"X"]
[null,null,null,"Colors:","Lady Blush          Pure Black          Satin Lake          Secret Garden",null,null,null,null,null,null,null,null,null,null,null,null,null,null,null,null,null,null,null,null,null,null,null,null,null,null,null,null,null,null,null,null,null,null,null,"X"]
[null,null,null,null,null,null,null,null,null,null,null,null,null,null,null,null,null,null,null,null,null,null,null,null,null,null,null,null,null,null,null,null,null,null,null,null,null,null,null,null,"X"]
[null,"Field Tile",null,null,"3\" x 12\"",null,"Field",null,null,null,null,null,null,null,null,"9.15 SF/CTN",null,"a",{"$f":"IF(Suggested=\"Yes\",AA997,AG997)","v":13.6},"SF",{"$f":"+Instructions!$B$3","v":"G "},null,{"$f":"+Instructions!$C$22","v":0},{"$f":"ROUND($AA997*(1-W997)+0.004999,2)","v":13.6},null,"YES",13.6,{"$f":"+W997","v":0},{"$f":"+X997","v":13.6},{"$f":"(AG997-AC997)/AG997","v":0},null,1,{"$f":"SUM(AJ997:AL997)+AE997","v":13.6},null,null,{"$f":"ROUND(AC997/(1-VLOOKUP(AF997,Group,2,FALSE)),2)","v":13.6},{"$f":"IF(VLOOKUP(AF997,Group,5,FALSE)=\"YES\",VLOOKUP(ROUND(ROUND(AJ997,1)-AJ997,2),Round,2,FALSE)+VLOOKUP(AF997,Group,6,FALSE),0)","v":0},{"$f":"IF(VLOOKUP(AF997,Group,7,FALSE)=\"\",0,ROUND(AJ997-0.04999,1)-AJ997+AM997)","v":0},{"$f":"IF(VLOOKUP(AF997,Group,7,FALSE)=\"\",\"\",VLOOKUP(AF997,Group,7,FALSE))","v":""},null,"X"]
[null,null,null,null,null,null,null,null,null,null,null,null,null,null,null,null,null,null,null,null,null,null,null,null,null,null,null,null,null,null,null,null,null,null,null,null,null,null,null,null,"X"]
[null,null,null,"Note:","a) Packaging is changing from 9.15 SF/CTN to 11.64 SF/CTN as inventory with old packaging is depleted.  Check with",null,null,null,null,null,null,null,null,null,null,null,null,null,null,null,null,null,null,null,null,null,null,null,null,null,null,null,null,null,null,null,null,null,null,null,"X"]
[null,null,null,null,"Customer Service to be sure which packaging amount you will be receiving.",null,null,null,null,null,null,null,null,null,null,null,null,null,null,null,null,null,null,null,null,null,null,null,null,null,null,null,null,null,null,null,null,null,null,null,"X"]
[null,null,null,null,null,null,null,null,null,null,null,null,null,null,null,null,null,null,null,null,null,null,null,null,null,null,null,null,null,null,null,null,null,null,null,null,null,null,null,null,"X"]
[null,null,"ONYX - Glazed & Polished Porcelain",null,null,null,null,null,null,null,null,null,null,null,null,null,null,"Item # Lookup:","ROON",null,null,null,null,null,null,null,null,null,null,null,null,null,null,null,null,null,null,null,null,null,"X"]
[null,null,null,null,null,null,null,null,null,null,null,null,null,null,null,null,null,null,null,null,null,null,null,null,null,null,null,null,null,null,null,null,null,null,null,null,null,null,null,null,"X"]
[null,null,null,"Color:","White",null,null,null,null,null,null,null,null,null,null,null,null,null,null,null,null,null,null,null,null,null,null,null,null,null,null,null,null,null,null,null,null,null,null,null,"X"]
[null,null,null,null,null,null,null,null,null,null,null,null,null,null,null,null,null,null,null,null,null,null,null,null,null,null,null,null,null,null,null,null,null,null,null,null,null,null,null,null,"X"]
[null,"Field Tile",null,null,"12\" x 24\"",null,"Field",null,"Rectified",null,"Polished",null,null,null,null,"15.50 SF/CTN",null,null,{"$f":"IF(Suggested=\"Yes\",AA1006,AG1006)","v":6.6},"SF",{"$f":"+Instructions!$B$3","v":"G "},null,{"$f":"+Instructions!$C$22","v":0},{"$f":"ROUND($AA1006*(1-W1006)+0.004999,2)","v":6.6},null,"YES",6.6,{"$f":"+W1006","v":0},{"$f":"+X1006","v":6.6},{"$f":"(AG1006-AC1006)/AG1006","v":0},null,1,{"$f":"SUM(AJ1006:AL1006)+AE1006","v":6.6},null,null,{"$f":"ROUND(AC1006/(1-VLOOKUP(AF1006,Group,2,FALSE)),2)","v":6.6},{"$f":"IF(VLOOKUP(AF1006,Group,5,FALSE)=\"YES\",VLOOKUP(ROUND(ROUND(AJ1006,1)-AJ1006,2),Round,2,FALSE)+VLOOKUP(AF1006,Group,6,FALSE),0)","v":0},{"$f":"IF(VLOOKUP(AF1006,Group,7,FALSE)=\"\",0,ROUND(AJ1006-0.04999,1)-AJ1006+AM1006)","v":0},{"$f":"IF(VLOOKUP(AF1006,Group,7,FALSE)=\"\",\"\",VLOOKUP(AF1006,Group,7,FALSE))","v":""},null,"X"]
[null,"Field Tile",null,null,"24\" x 48\"",null,"Field",null,"Rectified",null,"Polished",null,null,null,null,"15.50 SF/CTN",null,null,{"$f":"IF(Suggested=\"Yes\",AA1007,AG1007)","v":7.4},"SF",{"$f":"+Instructions!$B$3","v":"G "},null,{"$f":"+Instructions!$C$22","v":0},{"$f":"ROUND($AA1007*(1-W1007)+0.004999,2)","v":7.4},null,"YES",7.4,{"$f":"+W1007","v":0},{"$f":"+X1007","v":7.4},{"$f":"(AG1007-AC1007)/AG1007","v":0},null,1,{"$f":"SUM(AJ1007:AL1007)+AE1007","v":7.4},null,null,{"$f":"ROUND(AC1007/(1-VLOOKUP(AF1007,Group,2,FALSE)),2)","v":7.4},{"$f":"IF(VLOOKUP(AF1007,Group,5,FALSE)=\"YES\",VLOOKUP(ROUND(ROUND(AJ1007,1)-AJ1007,2),Round,2,FALSE)+VLOOKUP(AF1007,Group,6,FALSE),0)","v":0},{"$f":"IF(VLOOKUP(AF1007,Group,7,FALSE)=\"\",0,ROUND(AJ1007-0.04999,1)-AJ1007+AM1007)","v":0},{"$f":"IF(VLOOKUP(AF1007,Group,7,FALSE)=\"\",\"\",VLOOKUP(AF1007,Group,7,FALSE))","v":""},null,"X"]
[null,null,null,null,null,null,null,null,null,null,null,null,null,null,null,null,null,null,null,null,null,null,null,null,null,null,null,null,null,null,null,null,null,null,null,null,null,null,null,null,"X"]
[null,"Field Tile",null,null,"12\" x 24\"",null,"Field",null,"Rectified",null,"Unpolished",null,null,null,null,"15.50 SF/CTN",null,null,{"$f":"IF(Suggested=\"Yes\",AA1009,AG1009)","v":6.3},"SF",{"$f":"+Instructions!$B$3","v":"G "},null,{"$f":"+Instructions!$C$22","v":0},{"$f":"ROUND($AA1009*(1-W1009)+0.004999,2)","v":6.3},null,"",6.3,{"$f":"+W1009","v":0},{"$f":"+X1009","v":6.3},{"$f":"(AG1009-AC1009)/AG1009","v":0},null,1,{"$f":"SUM(AJ1009:AL1009)+AE1009","v":6.3},null,null,{"$f":"ROUND(AC1009/(1-VLOOKUP(AF1009,Group,2,FALSE)),2)","v":6.3},{"$f":"IF(VLOOKUP(AF1009,Group,5,FALSE)=\"YES\",VLOOKUP(ROUND(ROUND(AJ1009,1)-AJ1009,2),Round,2,FALSE)+VLOOKUP(AF1009,Group,6,FALSE),0)","v":0},{"$f":"IF(VLOOKUP(AF1009,Group,7,FALSE)=\"\",0,ROUND(AJ1009-0.04999,1)-AJ1009+AM1009)","v":0},{"$f":"IF(VLOOKUP(AF1009,Group,7,FALSE)=\"\",\"\",VLOOKUP(AF1009,Group,7,FALSE))","v":""},null,"X"]
[null,null,null,null,null,null,null,null,null,null,null,null,null,null,null,null,null,null,null,null,null,null,null,null,null,null,null,null,null,null,null,null,null,null,null,null,null,null,null,null,"X"]
[null,null,"PAVERS - 2cm Porcelain Tile",null,null,null,null,null,null,null,null,null,null,null,null,null,null,"Item # Lookup:","ROPA",null,null,null,null,null,null,null,null,null,null,null,null,null,null,null,null,null,null,null,null,null,"X"]
[null,null,null,null,null,null,null,null,null,null,null,null,null,null,null,null,null,null,null,null,null,null,null,null,null,null,null,null,null,null,null,null,null,null,null,null,null,null,null,null,"X"]
[null,null,null,"Colors:","Archstone Silver          Evolve Light Gray          Evolve Oxford          Mason Gray",null,null,null,null,null,null,null,null,null,null,null,null,null,null,null,null,null,null,null,null,null,null,null,null,null,null,null,null,null,null,null,null,null,null,null,"X"]
[null,null,null,null,null,null,null,null,null,null,null,null,null,null,null,null,null,null,null,null,null,null,null,null,null,null,null,null,null,null,null,null,null,null,null,null,null,null,null,null,"X"]
[null,"Field Tile",null,null,"24\" x 24\" x 2cm",null,"Field",null,"Rectified",null,null,null,null,null,null,"7.79 SF/CTN",null,null,{"$f":"IF(Suggested=\"Yes\",AA1015,AG1015)","v":14.8},"SF",{"$f":"+Instructions!$B$3","v":"G "},null,{"$f":"+Instructions!$C$22","v":0},{"$f":"ROUND($AA1015*(1-W1015)+0.004999,2)","v":14.8},null,"YES",14.8,{"$f":"+W1015","v":0},{"$f":"+X1015","v":14.8},{"$f":"(AG1015-AC1015)/AG1015","v":0},null,1,{"$f":"SUM(AJ1015:AL1015)+AE1015","v":14.8},null,null,{"$f":"ROUND(AC1015/(1-VLOOKUP(AF1015,Group,2,FALSE)),2)","v":14.8},{"$f":"IF(VLOOKUP(AF1015,Group,5,FALSE)=\"YES\",VLOOKUP(ROUND(ROUND(AJ1015,1)-AJ1015,2),Round,2,FALSE)+VLOOKUP(AF1015,Group,6,FALSE),0)","v":0},{"$f":"IF(VLOOKUP(AF1015,Group,7,FALSE)=\"\",0,ROUND(AJ1015-0.04999,1)-AJ1015+AM1015)","v":0},{"$f":"IF(VLOOKUP(AF1015,Group,7,FALSE)=\"\",\"\",VLOOKUP(AF1015,Group,7,FALSE))","v":""},null,"X"]
[null,null,null,null,null,null,null,null,null,null,null,null,null,null,null,null,null,null,null,null,null,null,null,null,null,null,null,null,null,null,null,null,null,null,null,null,null,null,null,null,"X"]
[null,null,null,"Colors:","Aspen - Lucca Beige          Montone Gris          Toscana Arena",null,null,null,null,null,null,null,null,null,null,null,null,null,null,null,null,null,null,null,null,null,null,null,null,null,null,null,null,null,null,null,null,null,null,null,"X"]
[null,null,null,null,null,null,null,null,null,null,null,null,null,null,null,null,null,null,null,null,null,null,null,null,null,null,null,null,null,null,null,null,null,null,null,null,null,null,null,null,"X"]
[null,"Field Tile",null,null,"24\" x 24\" x 2cm",null,"Field",null,"Rectified",null,null,null,null,null,null,"7.75 SF/CTN",null,null,{"$f":"IF(Suggested=\"Yes\",AA1019,AG1019)","v":14.9},"SF",{"$f":"+Instructions!$B$3","v":"G "},null,{"$f":"+Instructions!$C$22","v":0},{"$f":"ROUND($AA1019*(1-W1019)+0.004999,2)","v":14.9},null,"",14.9,{"$f":"+W1019","v":0},{"$f":"+X1019","v":14.9},{"$f":"(AG1019-AC1019)/AG1019","v":0},null,1,{"$f":"SUM(AJ1019:AL1019)+AE1019","v":14.9},null,null,{"$f":"ROUND(AC1019/(1-VLOOKUP(AF1019,Group,2,FALSE)),2)","v":14.9},{"$f":"IF(VLOOKUP(AF1019,Group,5,FALSE)=\"YES\",VLOOKUP(ROUND(ROUND(AJ1019,1)-AJ1019,2),Round,2,FALSE)+VLOOKUP(AF1019,Group,6,FALSE),0)","v":0},{"$f":"IF(VLOOKUP(AF1019,Group,7,FALSE)=\"\",0,ROUND(AJ1019-0.04999,1)-AJ1019+AM1019)","v":0},{"$f":"IF(VLOOKUP(AF1019,Group,7,FALSE)=\"\",\"\",VLOOKUP(AF1019,Group,7,FALSE))","v":""},null,"X"]
[null,null,null,null,null,null,null,null,null,null,null,null,null,null,null,null,null,null,null,null,null,null,null,null,null,null,null,null,null,null,null,null,null,null,null,null,null,null,null,null,"X"]
[null,null,"PIASENTINA - Glazed Porcelain",null,null,null,null,null,null,null,null,null,null,null,null,null,null,"Item # Lookup:","ROPI",null,null,null,null,null,null,null,null,null,null,null,null,null,null,null,null,null,null,null,null,null,"X"]
[null,null,null,null,null,null,null,null,null,null,null,null,null,null,null,null,null,null,null,null,null,null,null,null,null,null,null,null,null,null,null,null,null,null,null,null,null,null,null,null,"X"]
[null,null,null,"Colors:","Silver          Smoke",null,null,null,null,null,null,null,null,null,null,null,null,null,null,null,null,null,null,null,null,null,null,null,null,null,null,null,null,null,null,null,null,null,null,null,"X"]
[null,null," ",null,null,null,null,null,null,null,null,null,null,null,null,null,null,null,null,null,null,null,null,null,null,null,null,null,null,null,null,null,null,null,null,null,null,null,null,null,"X"]
[null,"Field Tile",null,null,"12\" x 24\"",null,"Field",null,"Rectified",null,"Polished",null,null,null,null,"18.94 SF/CTN",null,null,{"$f":"IF(Suggested=\"Yes\",AA1025,AG1025)","v":7.35},"SF",{"$f":"+Instructions!$B$3","v":"G "},null,{"$f":"+Instructions!$C$22","v":0},{"$f":"ROUND($AA1025*(1-W1025)+0.004999,2)","v":7.35},null,"",7.35,{"$f":"+W1025","v":0},{"$f":"+X1025","v":7.35},{"$f":"(AG1025-AC1025)/AG1025","v":0},null,1,{"$f":"SUM(AJ1025:AL1025)+AE1025","v":7.35},null,null,{"$f":"ROUND(AC1025/(1-VLOOKUP(AF1025,Group,2,FALSE)),2)","v":7.35},{"$f":"IF(VLOOKUP(AF1025,Group,5,FALSE)=\"YES\",VLOOKUP(ROUND(ROUND(AJ1025,1)-AJ1025,2),Round,2,FALSE)+VLOOKUP(AF1025,Group,6,FALSE),0)","v":0},{"$f":"IF(VLOOKUP(AF1025,Group,7,FALSE)=\"\",0,ROUND(AJ1025-0.04999,1)-AJ1025+AM1025)","v":0},{"$f":"IF(VLOOKUP(AF1025,Group,7,FALSE)=\"\",\"\",VLOOKUP(AF1025,Group,7,FALSE))","v":""},null,"X"]
[null,"Field Tile",null,null,"24\" x 48\"",null,"Field",null,"Rectified",null,"Polished",null,null,null,null,"15.28 SF/CTN",null,"a",{"$f":"IF(Suggested=\"Yes\",AA1026,AG1026)","v":9.3000000000000007},"SF",{"$f":"+Instructions!$B$3","v":"G "},null,{"$f":"+Instructions!$C$22","v":0},{"$f":"ROUND($AA1026*(1-W1026)+0.004999,2)","v":9.3000000000000007},null,"",9.3000000000000007,{"$f":"+W1026","v":0},{"$f":"+X1026","v":9.3000000000000007},{"$f":"(AG1026-AC1026)/AG1026","v":0},null,1,{"$f":"SUM(AJ1026:AL1026)+AE1026","v":9.3000000000000007},null,null,{"$f":"ROUND(AC1026/(1-VLOOKUP(AF1026,Group,2,FALSE)),2)","v":9.3000000000000007},{"$f":"IF(VLOOKUP(AF1026,Group,5,FALSE)=\"YES\",VLOOKUP(ROUND(ROUND(AJ1026,1)-AJ1026,2),Round,2,FALSE)+VLOOKUP(AF1026,Group,6,FALSE),0)","v":0},{"$f":"IF(VLOOKUP(AF1026,Group,7,FALSE)=\"\",0,ROUND(AJ1026-0.04999,1)-AJ1026+AM1026)","v":0},{"$f":"IF(VLOOKUP(AF1026,Group,7,FALSE)=\"\",\"\",VLOOKUP(AF1026,Group,7,FALSE))","v":""},null,"X"]
[null,null,null,null,null,null,null,null,null,null,null,null,null,null,null,null,null,null,null,null,null,null,null,null,null,null,null,null,null,null,null,null,null,null,null,null,null,null,null,null,"X"]
[null,"Field Tile",null,null,"12\" x 24\"",null,"Field",null,"Rectified",null,"Unpolished",null,null,null,null,"18.94 SF/CTN",null,null,{"$f":"IF(Suggested=\"Yes\",AA1028,AG1028)","v":6.3},"SF",{"$f":"+Instructions!$B$3","v":"G "},null,{"$f":"+Instructions!$C$22","v":0},{"$f":"ROUND($AA1028*(1-W1028)+0.004999,2)","v":6.3},null,"",6.3,{"$f":"+W1028","v":0},{"$f":"+X1028","v":6.3},{"$f":"(AG1028-AC1028)/AG1028","v":0},null,1,{"$f":"SUM(AJ1028:AL1028)+AE1028","v":6.3},null,null,{"$f":"ROUND(AC1028/(1-VLOOKUP(AF1028,Group,2,FALSE)),2)","v":6.3},{"$f":"IF(VLOOKUP(AF1028,Group,5,FALSE)=\"YES\",VLOOKUP(ROUND(ROUND(AJ1028,1)-AJ1028,2),Round,2,FALSE)+VLOOKUP(AF1028,Group,6,FALSE),0)","v":0},{"$f":"IF(VLOOKUP(AF1028,Group,7,FALSE)=\"\",0,ROUND(AJ1028-0.04999,1)-AJ1028+AM1028)","v":0},{"$f":"IF(VLOOKUP(AF1028,Group,7,FALSE)=\"\",\"\",VLOOKUP(AF1028,Group,7,FALSE))","v":""},null,"X"]
[null,"Field Tile",null,null,"24\" x 48\"",null,"Field",null,"Rectified",null,"Unpolished",null,null,null,null,"15.28 SF/CTN",null,"a",{"$f":"IF(Suggested=\"Yes\",AA1029,AG1029)","v":7.85},"SF",{"$f":"+Instructions!$B$3","v":"G "},null,{"$f":"+Instructions!$C$22","v":0},{"$f":"ROUND($AA1029*(1-W1029)+0.004999,2)","v":7.85},null,"",7.85,{"$f":"+W1029","v":0},{"$f":"+X1029","v":7.85},{"$f":"(AG1029-AC1029)/AG1029","v":0},null,1,{"$f":"SUM(AJ1029:AL1029)+AE1029","v":7.85},null,null,{"$f":"ROUND(AC1029/(1-VLOOKUP(AF1029,Group,2,FALSE)),2)","v":7.85},{"$f":"IF(VLOOKUP(AF1029,Group,5,FALSE)=\"YES\",VLOOKUP(ROUND(ROUND(AJ1029,1)-AJ1029,2),Round,2,FALSE)+VLOOKUP(AF1029,Group,6,FALSE),0)","v":0},{"$f":"IF(VLOOKUP(AF1029,Group,7,FALSE)=\"\",0,ROUND(AJ1029-0.04999,1)-AJ1029+AM1029)","v":0},{"$f":"IF(VLOOKUP(AF1029,Group,7,FALSE)=\"\",\"\",VLOOKUP(AF1029,Group,7,FALSE))","v":""},null,"X"]
[null,null,null,null,null,null,null,null,null,null,null,null,null,null,null,null,null,null,null,null,null,null,null,null,null,null,null,null,null,null,null,null,null,null,null,null,null,null,null,null,"X"]
[null,"Decos",null,null,"13\" x 13\"",null,"Mosaic",null,null,"2\" x 2\" (Mesh-Mounted)   Unpolished",null,null,null,null,null,"1.19 SF/SHEET",null,null,{"$f":"IF(Suggested=\"Yes\",AA1031,AG1031)","v":21.15},"EA",{"$f":"+Instructions!$B$3","v":"G "},null,{"$f":"+Instructions!$C$22","v":0},{"$f":"ROUND($AA1031*(1-W1031)+0.004999,2)","v":21.15},null,"",21.15,{"$f":"+W1031","v":0},{"$f":"+X1031","v":21.15},{"$f":"(AG1031-AC1031)/AG1031","v":0},null,3,{"$f":"SUM(AJ1031:AL1031)+AE1031","v":21.15},null,null,{"$f":"ROUND(AC1031/(1-VLOOKUP(AF1031,Group,2,FALSE)),2)","v":21.15},{"$f":"IF(VLOOKUP(AF1031,Group,5,FALSE)=\"YES\",VLOOKUP(ROUND(ROUND(AJ1031,1)-AJ1031,2),Round,2,FALSE)+VLOOKUP(AF1031,Group,6,FALSE),0)","v":0},{"$f":"IF(VLOOKUP(AF1031,Group,7,FALSE)=\"\",0,ROUND(AJ1031-0.04999,1)-AJ1031+AM1031)","v":0},{"$f":"IF(VLOOKUP(AF1031,Group,7,FALSE)=\"\",\"\",VLOOKUP(AF1031,Group,7,FALSE))","v":""},null,"X"]
[null,null,null,null,null,null,null,null,null,null,null,null,null,null,null,null,null,null,null,null,null,null,null,null,null,null,null,null,null,null,null,null,null,null,null,null,null,null,null,null,"X"]
[null,"Trim",null,null,"3\" x 12\"",null,"S4312",null,"Bullnose",null,"Unpolished",null,null,null,null,null,null,null,{"$f":"IF(Suggested=\"Yes\",AA1033,AG1033)","v":5.9},"EA",{"$f":"+Instructions!$B$3","v":"G "},null,{"$f":"+Instructions!$C$22","v":0},{"$f":"ROUND($AA1033*(1-W1033)+0.004999,2)","v":5.9},null,"",5.9,{"$f":"+W1033","v":0},{"$f":"+X1033","v":5.9},{"$f":"(AG1033-AC1033)/AG1033","v":0},null,2,{"$f":"SUM(AJ1033:AL1033)+AE1033","v":5.9},null,null,{"$f":"ROUND(AC1033/(1-VLOOKUP(AF1033,Group,2,FALSE)),2)","v":5.9},{"$f":"IF(VLOOKUP(AF1033,Group,5,FALSE)=\"YES\",VLOOKUP(ROUND(ROUND(AJ1033,1)-AJ1033,2),Round,2,FALSE)+VLOOKUP(AF1033,Group,6,FALSE),0)","v":0},{"$f":"IF(VLOOKUP(AF1033,Group,7,FALSE)=\"\",0,ROUND(AJ1033-0.04999,1)-AJ1033+AM1033)","v":0},{"$f":"IF(VLOOKUP(AF1033,Group,7,FALSE)=\"\",\"\",VLOOKUP(AF1033,Group,7,FALSE))","v":""},null,"X"]
[null,null,null,null,null,null,null,null,null,null,null,null,null,null,null,null,null,null,null,null,null,null,null,null,null,null,null,null,null,null,null,null,null,null,null,null,null,null,null,null,"X"]
[null,null,null,"Note:","a) This format is going through a change of thickness.  Packaging is changing from 15.28 SF/CTN to 22.96 SF/CTN as inventory",null,null,null,null,null,null,null,null,null,null,null,null,null,null,null,null,null,null,null,null,null,null,null,null,null,null,null,null,null,null,null,null,null,null,null,"X"]
[null,null,null,null,"with old packaging is depleted.  Check with Customer Service to be sure which packaging amount you will be receiving.",null,null,null,null,null,null,null,null,null,null,null,null,null,null,null,null,null,null,null,null,null,null,null,null,null,null,null,null,null,null,null,null,null,null,null,"X"]
[null,null,null,null,null,null,null,null,null,null,null,null,null,null,null,null,null,null,null,null,null,null,null,null,null,null,null,null,null,null,null,null,null,null,null,null,null,null,null,null,"X"]
[null,null,"PIGMENT - Color Body Porcelain",null,null,null,null,null,null,null,null,null,null,null,null,null,null,"Item # Lookup:","ROPG",null,null,null,null,null,null,null,null,null,null,null,null,null,null,null,null,null,null,null,null,null,"X"]
[null,null,null,null,null,null,null,null,null,null,null,null,null,null,null,null,null,null,null,null,null,null,null,null,null,null,null,null,null,null,null,null,null,null,null,null,null,null,null,null,"X"]
[null,null,null,"Color:","Multicolor",null,null,null,null,null,null,null,null,null,null,null,null,null," ",null,null,null,null,null,null,null,null,null,null,null,null,null,null,null,null,null,null,null,null,null,"X"]
[null,null,null,null,null,null,null,null,null,null,null,null,null,null,null,null,null,null,null,null,null,null,null,null,null,null,null,null,null,null,null,null,null,null,null,null,null,null,null,null,"X"]
[null,"Field Tile",null,null,"35\" x 35\"",null,"Field",null,"Rectified",null,null,null,null,null,null,"26.16 SF/CTN",null,null,{"$f":"IF(Suggested=\"Yes\",AA1042,AG1042)","v":10.1},"SF",{"$f":"+Instructions!$B$3","v":"G "},null,{"$f":"+Instructions!$C$22","v":0},{"$f":"ROUND($AA1042*(1-W1042)+0.004999,2)","v":10.1},null,"new",10.1,{"$f":"+W1042","v":0},{"$f":"+X1042","v":10.1},{"$f":"(AG1042-AC1042)/AG1042","v":0},null,1,{"$f":"SUM(AJ1042:AL1042)+AE1042","v":10.1},null,null,{"$f":"ROUND(AC1042/(1-VLOOKUP(AF1042,Group,2,FALSE)),2)","v":10.1},{"$f":"IF(VLOOKUP(AF1042,Group,5,FALSE)=\"YES\",VLOOKUP(ROUND(ROUND(AJ1042,1)-AJ1042,2),Round,2,FALSE)+VLOOKUP(AF1042,Group,6,FALSE),0)","v":0},{"$f":"IF(VLOOKUP(AF1042,Group,7,FALSE)=\"\",0,ROUND(AJ1042-0.04999,1)-AJ1042+AM1042)","v":0},{"$f":"IF(VLOOKUP(AF1042,Group,7,FALSE)=\"\",\"\",VLOOKUP(AF1042,Group,7,FALSE))","v":""},null,"X"]
[null,null,"POSITANO - Glazed Porcelain",null,null,null,null,null,null,null,null,null,null,null,null,null,null,"Item # Lookup:","ROPT",null,null,null,null,null,null,null,null,null,null,null,null,null,null,null,null,null,null,null,null,null,"X"]
[null,null,null,null,null,null,null,null,null,null,null,null,null,null,null,null,null,null,null,null,null,null,null,null,null,null,null,null,null,null,null,null,null,null,null,null,null,null,null,null,"X"]
[null,null,null,"Colors:","Beige          Blanco          Gris",null,null,null,null,null,null,null,null,null,null,null,null,null,null,null,null,null,null,null,null,null,null,null,null,null,null,null,null,null,null,null,null,null,null,null,"X"]
[null,null,null,null,null,null,null,null,null,null,null,null,null,null,null,null,null,null,null,null,null,null,null,null,null,null,null,null,null,null,null,null,null,null,null,null,null,null,null,null,"X"]
[null,"Field Tile",null,"Floor:","12\" x 24\"",null,"Field",null,"Rectified",null,"Polished",null,null,null,null,"18.94 SF/CTN",null,"a",{"$f":"IF(Suggested=\"Yes\",AA1047,AG1047)","v":7.35},"SF",{"$f":"+Instructions!$B$3","v":"G "},null,{"$f":"+Instructions!$C$22","v":0},{"$f":"ROUND($AA1047*(1-W1047)+0.004999,2)","v":7.35},null,"",7.35,{"$f":"+W1047","v":0},{"$f":"+X1047","v":7.35},{"$f":"(AG1047-AC1047)/AG1047","v":0},null,1,{"$f":"SUM(AJ1047:AL1047)+AE1047","v":7.35},null,null,{"$f":"ROUND(AC1047/(1-VLOOKUP(AF1047,Group,2,FALSE)),2)","v":7.35},{"$f":"IF(VLOOKUP(AF1047,Group,5,FALSE)=\"YES\",VLOOKUP(ROUND(ROUND(AJ1047,1)-AJ1047,2),Round,2,FALSE)+VLOOKUP(AF1047,Group,6,FALSE),0)","v":0},{"$f":"IF(VLOOKUP(AF1047,Group,7,FALSE)=\"\",0,ROUND(AJ1047-0.04999,1)-AJ1047+AM1047)","v":0},{"$f":"IF(VLOOKUP(AF1047,Group,7,FALSE)=\"\",\"\",VLOOKUP(AF1047,Group,7,FALSE))","v":""},null,"X"]
[null,null,null,null,null,null,null,null,null,null,null,null,null,null,null,null,null,null,null,null,null,null,null,null,null,null,null,null,null,null,null,null,null,null,null,null,null,null,null,null,"X"]
[null,"Field Tile",null,null,"21\" x 21\"",null,"Field",null,null,null,"Unpolished",null,null,null,null,"22.28 SF/CTN",null,null,{"$f":"IF(Suggested=\"Yes\",AA1049,AG1049)","v":6},"SF",{"$f":"+Instructions!$B$3","v":"G "},null,{"$f":"+Instructions!$C$22","v":0},{"$f":"ROUND($AA1049*(1-W1049)+0.004999,2)","v":6},null,"",6,{"$f":"+W1049","v":0},{"$f":"+X1049","v":6},{"$f":"(AG1049-AC1049)/AG1049","v":0},null,1,{"$f":"SUM(AJ1049:AL1049)+AE1049","v":6},null,null,{"$f":"ROUND(AC1049/(1-VLOOKUP(AF1049,Group,2,FALSE)),2)","v":6},{"$f":"IF(VLOOKUP(AF1049,Group,5,FALSE)=\"YES\",VLOOKUP(ROUND(ROUND(AJ1049,1)-AJ1049,2),Round,2,FALSE)+VLOOKUP(AF1049,Group,6,FALSE),0)","v":0},{"$f":"IF(VLOOKUP(AF1049,Group,7,FALSE)=\"\",0,ROUND(AJ1049-0.04999,1)-AJ1049+AM1049)","v":0},{"$f":"IF(VLOOKUP(AF1049,Group,7,FALSE)=\"\",\"\",VLOOKUP(AF1049,Group,7,FALSE))","v":""},null,"X"]
[null,"Field Tile",null,null,"12\" x 24\"",null,"Field",null,null,null,"Unpolished",null,null,null,null,"20.34 SF/CTN",null,null,{"$f":"IF(Suggested=\"Yes\",AA1050,AG1050)","v":6},"SF",{"$f":"+Instructions!$B$3","v":"G "},null,{"$f":"+Instructions!$C$22","v":0},{"$f":"ROUND($AA1050*(1-W1050)+0.004999,2)","v":6},null,"",6,{"$f":"+W1050","v":0},{"$f":"+X1050","v":6},{"$f":"(AG1050-AC1050)/AG1050","v":0},null,1,{"$f":"SUM(AJ1050:AL1050)+AE1050","v":6},null,null,{"$f":"ROUND(AC1050/(1-VLOOKUP(AF1050,Group,2,FALSE)),2)","v":6},{"$f":"IF(VLOOKUP(AF1050,Group,5,FALSE)=\"YES\",VLOOKUP(ROUND(ROUND(AJ1050,1)-AJ1050,2),Round,2,FALSE)+VLOOKUP(AF1050,Group,6,FALSE),0)","v":0},{"$f":"IF(VLOOKUP(AF1050,Group,7,FALSE)=\"\",0,ROUND(AJ1050-0.04999,1)-AJ1050+AM1050)","v":0},{"$f":"IF(VLOOKUP(AF1050,Group,7,FALSE)=\"\",\"\",VLOOKUP(AF1050,Group,7,FALSE))","v":""},null,"X"]
[null,null,null,null,null,null,null,null,null,null,null,null,null,null,null,null,null,null,null,null,null,null,null,null,null,null,null,null,null,null,null,null,null,null,null,null,null,null,null,null,"X"]
[null,"Decos",null,null,"13\" x 13\"",null,"Mosaic",null,"2\" x 2\"",null,"Unpolished",null,"(Mesh-Mounted)",null,null,"1.19 SF/SHEET",null,null,{"$f":"IF(Suggested=\"Yes\",AA1052,AG1052)","v":21.15},"EA",{"$f":"+Instructions!$B$3","v":"G "},null,{"$f":"+Instructions!$C$22","v":0},{"$f":"ROUND($AA1052*(1-W1052)+0.004999,2)","v":21.15},null,"",21.15,{"$f":"+W1052","v":0},{"$f":"+X1052","v":21.15},{"$f":"(AG1052-AC1052)/AG1052","v":0},null,3,{"$f":"SUM(AJ1052:AL1052)+AE1052","v":21.15},null,null,{"$f":"ROUND(AC1052/(1-VLOOKUP(AF1052,Group,2,FALSE)),2)","v":21.15},{"$f":"IF(VLOOKUP(AF1052,Group,5,FALSE)=\"YES\",VLOOKUP(ROUND(ROUND(AJ1052,1)-AJ1052,2),Round,2,FALSE)+VLOOKUP(AF1052,Group,6,FALSE),0)","v":0},{"$f":"IF(VLOOKUP(AF1052,Group,7,FALSE)=\"\",0,ROUND(AJ1052-0.04999,1)-AJ1052+AM1052)","v":0},{"$f":"IF(VLOOKUP(AF1052,Group,7,FALSE)=\"\",\"\",VLOOKUP(AF1052,Group,7,FALSE))","v":""},null,"X"]
[null,null,null,null,null,null,null,null,null,null,null,null,null,null,null,null,null,null,null,null,null,null,null,null,null,null,null,null,null,null,null,null,null,null,null,null,null,null,null,null,"X"]
[null,"Trim",null,null,"3\" x 12\"",null,"S43C9",null,"Bullnose",null,"Unpolished",null,null,null,null,null,null,null,{"$f":"IF(Suggested=\"Yes\",AA1054,AG1054)","v":5.9},"EA",{"$f":"+Instructions!$B$3","v":"G "},null,{"$f":"+Instructions!$C$22","v":0},{"$f":"ROUND($AA1054*(1-W1054)+0.004999,2)","v":5.9},null,"",5.9,{"$f":"+W1054","v":0},{"$f":"+X1054","v":5.9},{"$f":"(AG1054-AC1054)/AG1054","v":0},null,2,{"$f":"SUM(AJ1054:AL1054)+AE1054","v":5.9},null,null,{"$f":"ROUND(AC1054/(1-VLOOKUP(AF1054,Group,2,FALSE)),2)","v":5.9},{"$f":"IF(VLOOKUP(AF1054,Group,5,FALSE)=\"YES\",VLOOKUP(ROUND(ROUND(AJ1054,1)-AJ1054,2),Round,2,FALSE)+VLOOKUP(AF1054,Group,6,FALSE),0)","v":0},{"$f":"IF(VLOOKUP(AF1054,Group,7,FALSE)=\"\",0,ROUND(AJ1054-0.04999,1)-AJ1054+AM1054)","v":0},{"$f":"IF(VLOOKUP(AF1054,Group,7,FALSE)=\"\",\"\",VLOOKUP(AF1054,Group,7,FALSE))","v":""},null,"X"]
[null,null,null,null,null,null,null,null,null,null,null,null,null,null,null,null,null,null,null,null,null,null,null,null,null,null,null,null,null,null,null,null,null,null,null,null,null,null,null,null,"X"]
[null,"Field Tile",null,"Wall:","6\" x 18\"",null,"Field",null,null,null,"Bright",null,null,null,null,"11.95 SF/CTN",null,null,{"$f":"IF(Suggested=\"Yes\",AA1056,AG1056)","v":5.8},"SF",{"$f":"+Instructions!$B$3","v":"G "},null,{"$f":"+Instructions!$C$22","v":0},{"$f":"ROUND($AA1056*(1-W1056)+0.004999,2)","v":5.8},null,"",5.8,{"$f":"+W1056","v":0},{"$f":"+X1056","v":5.8},{"$f":"(AG1056-AC1056)/AG1056","v":0},null,1,{"$f":"SUM(AJ1056:AL1056)+AE1056","v":5.8},null,null,{"$f":"ROUND(AC1056/(1-VLOOKUP(AF1056,Group,2,FALSE)),2)","v":5.8},{"$f":"IF(VLOOKUP(AF1056,Group,5,FALSE)=\"YES\",VLOOKUP(ROUND(ROUND(AJ1056,1)-AJ1056,2),Round,2,FALSE)+VLOOKUP(AF1056,Group,6,FALSE),0)","v":0},{"$f":"IF(VLOOKUP(AF1056,Group,7,FALSE)=\"\",0,ROUND(AJ1056-0.04999,1)-AJ1056+AM1056)","v":0},{"$f":"IF(VLOOKUP(AF1056,Group,7,FALSE)=\"\",\"\",VLOOKUP(AF1056,Group,7,FALSE))","v":""},null,"X"]
[null,null,null,null,null,null,null,null,null,null,null,null,null,null,null,null,null,null,null,null,null,null,null,null,null,null,null,null,null,null,null,null,null,null,null,null,null,null,null,null,"X"]
[null,"Trim",null,null,"6\" x 18\"",null,"Bullnose",null,null,null,"Bright",null,null,null,null,null,null,null,{"$f":"IF(Suggested=\"Yes\",AA1058,AG1058)","v":9.4499999999999993},"EA",{"$f":"+Instructions!$B$3","v":"G "},null,{"$f":"+Instructions!$C$22","v":0},{"$f":"ROUND($AA1058*(1-W1058)+0.004999,2)","v":9.4499999999999993},null,"",9.4499999999999993,{"$f":"+W1058","v":0},{"$f":"+X1058","v":9.4499999999999993},{"$f":"(AG1058-AC1058)/AG1058","v":0},null,2,{"$f":"SUM(AJ1058:AL1058)+AE1058","v":9.4499999999999993},null,null,{"$f":"ROUND(AC1058/(1-VLOOKUP(AF1058,Group,2,FALSE)),2)","v":9.4499999999999993},{"$f":"IF(VLOOKUP(AF1058,Group,5,FALSE)=\"YES\",VLOOKUP(ROUND(ROUND(AJ1058,1)-AJ1058,2),Round,2,FALSE)+VLOOKUP(AF1058,Group,6,FALSE),0)","v":0},{"$f":"IF(VLOOKUP(AF1058,Group,7,FALSE)=\"\",0,ROUND(AJ1058-0.04999,1)-AJ1058+AM1058)","v":0},{"$f":"IF(VLOOKUP(AF1058,Group,7,FALSE)=\"\",\"\",VLOOKUP(AF1058,Group,7,FALSE))","v":""},null,"X"]
[null,null,null,null,null,null,null,null,null,null,null,null,null,null,null,null,null,null,null,null,null,null,null,null,null,null,null,null,null,null,null,null,null,null,null,null,null,null,null,null,"X"]
[null,null,null,"Notes:","a) Packaging is changing from 15.50 SF/CTN to 18.94 SF/CTN as inventory with old packaging is depleted.  ",null,null,null,null,null,null,null,null,null,null,null,null,null,null,null,null,null,null,null,null,null,null,null,null,null,null,null,null,null,null,null,null,null,null,null,"X"]
[null,null,null,null,null,null,null,null,null,null,null,null,null,null,null,null,null,null,null,null,null,null,null,null,null,null,null,null,null,null,null,null,null,null,null,null,null,null,null,null,"X"]
[null,null,"PRO - Glazed Porcelain",null,null,null,null,null,null,null,null,null,null,null,null,null,null,"Item # Lookup:","ROPR",null,null,null,null,null,null,null,null,null,null,null,null,null,null,null,null,null,null,null,null,null,"X"]
[null,null,null,null,null,null,null,null,null,null,null,null,null,null,null,null,null,null,null,null,null,null,null,null,null,null,null,null,null,null,null,null,null,null,null,null,null,null,null,null,"X"]
[null,null,null,"Colors:","Cement          Concrete          Ivory          Nude          Sand",null,null,null,null,null,null,null,null,null,null,null,null,null,null,null,null,null,null,null,null,null,null,null,null,null,null,null,null,null,null,null,null,null,null,null,"X"]
[null,null,null,null,null,null,null,null,null,null,null,null,null,null,null,null,null,null,null,null,null,null,null,null,null,null,null,null,null,null,null,null,null,null,null,null,null,null,null,null,"X"]
[null,"Field Tile",null,null,"12\" x 24\"",null,"Field",null,"Rectified",null,"Polished",null,null,null,null,"18.94 SF/CTN",null,null,{"$f":"IF(Suggested=\"Yes\",AA1066,AG1066)","v":7.35},"SF",{"$f":"+Instructions!$B$3","v":"G "},null,{"$f":"+Instructions!$C$22","v":0},{"$f":"ROUND($AA1066*(1-W1066)+0.004999,2)","v":7.35},null,"",7.35,{"$f":"+W1066","v":0},7.35,{"$f":"(AG1066-AC1066)/AG1066","v":0},null,1,{"$f":"SUM(AJ1066:AL1066)+AE1066","v":7.35},null,null,{"$f":"ROUND(AC1066/(1-VLOOKUP(AF1066,Group,2,FALSE)),2)","v":7.35},{"$f":"IF(VLOOKUP(AF1066,Group,5,FALSE)=\"YES\",VLOOKUP(ROUND(ROUND(AJ1066,1)-AJ1066,2),Round,2,FALSE)+VLOOKUP(AF1066,Group,6,FALSE),0)","v":0},{"$f":"IF(VLOOKUP(AF1066,Group,7,FALSE)=\"\",0,ROUND(AJ1066-0.04999,1)-AJ1066+AM1066)","v":0},{"$f":"IF(VLOOKUP(AF1066,Group,7,FALSE)=\"\",\"\",VLOOKUP(AF1066,Group,7,FALSE))","v":""},null,"X"]
[null,"Field Tile",null,null,"24\" x 24\"",null,"Field",null,"Rectified",null,"Polished",null,null,null,null,"19.05 SF/CTN",null,null,{"$f":"IF(Suggested=\"Yes\",AA1067,AG1067)","v":7.35},"SF",{"$f":"+Instructions!$B$3","v":"G "},null,{"$f":"+Instructions!$C$22","v":0},{"$f":"ROUND($AA1067*(1-W1067)+0.004999,2)","v":7.35},null,"",7.35,0,7.35,{"$f":"(AG1067-AC1067)/AG1067","v":0},null,1,{"$f":"SUM(AJ1067:AL1067)+AE1067","v":7.35},null,null,{"$f":"ROUND(AC1067/(1-VLOOKUP(AF1067,Group,2,FALSE)),2)","v":7.35},{"$f":"IF(VLOOKUP(AF1067,Group,5,FALSE)=\"YES\",VLOOKUP(ROUND(ROUND(AJ1067,1)-AJ1067,2),Round,2,FALSE)+VLOOKUP(AF1067,Group,6,FALSE),0)","v":0},{"$f":"IF(VLOOKUP(AF1067,Group,7,FALSE)=\"\",0,ROUND(AJ1067-0.04999,1)-AJ1067+AM1067)","v":0},{"$f":"IF(VLOOKUP(AF1067,Group,7,FALSE)=\"\",\"\",VLOOKUP(AF1067,Group,7,FALSE))","v":""},null,"X"]
[null,"Field Tile",null,null,"35\" x 35\"",null,"Field",null,"Rectified",null,"Polished",null,null,null,null,"25.87 SF/CTN",null,null,{"$f":"IF(Suggested=\"Yes\",AA1068,AG1068)","v":8.4},"SF",{"$f":"+Instructions!$B$3","v":"G "},null,{"$f":"+Instructions!$C$22","v":0},{"$f":"ROUND($AA1068*(1-W1068)+0.004999,2)","v":8.4},null,"",8.4,0,8.4,{"$f":"(AG1068-AC1068)/AG1068","v":0},null,1,{"$f":"SUM(AJ1068:AL1068)+AE1068","v":8.4},null,null,{"$f":"ROUND(AC1068/(1-VLOOKUP(AF1068,Group,2,FALSE)),2)","v":8.4},{"$f":"IF(VLOOKUP(AF1068,Group,5,FALSE)=\"YES\",VLOOKUP(ROUND(ROUND(AJ1068,1)-AJ1068,2),Round,2,FALSE)+VLOOKUP(AF1068,Group,6,FALSE),0)","v":0},{"$f":"IF(VLOOKUP(AF1068,Group,7,FALSE)=\"\",0,ROUND(AJ1068-0.04999,1)-AJ1068+AM1068)","v":0},{"$f":"IF(VLOOKUP(AF1068,Group,7,FALSE)=\"\",\"\",VLOOKUP(AF1068,Group,7,FALSE))","v":""},null,"X"]
[null,"Field Tile",null,null,"24\" x 48\"",null,"Field",null,"Rectified",null,"Polished",null,null,null,null,"15.28 SF/CTN",null,"a",{"$f":"IF(Suggested=\"Yes\",AA1069,AG1069)","v":9.0500000000000007},"SF",{"$f":"+Instructions!$B$3","v":"G "},null,{"$f":"+Instructions!$C$22","v":0},{"$f":"ROUND($AA1069*(1-W1069)+0.004999,2)","v":9.0500000000000007},null,"",9.0500000000000007,0,9.0500000000000007,{"$f":"(AG1069-AC1069)/AG1069","v":0},null,1,{"$f":"SUM(AJ1069:AL1069)+AE1069","v":9.0500000000000007},null,null,{"$f":"ROUND(AC1069/(1-VLOOKUP(AF1069,Group,2,FALSE)),2)","v":9.0500000000000007},{"$f":"IF(VLOOKUP(AF1069,Group,5,FALSE)=\"YES\",VLOOKUP(ROUND(ROUND(AJ1069,1)-AJ1069,2),Round,2,FALSE)+VLOOKUP(AF1069,Group,6,FALSE),0)","v":0},{"$f":"IF(VLOOKUP(AF1069,Group,7,FALSE)=\"\",0,ROUND(AJ1069-0.04999,1)-AJ1069+AM1069)","v":0},{"$f":"IF(VLOOKUP(AF1069,Group,7,FALSE)=\"\",\"\",VLOOKUP(AF1069,Group,7,FALSE))","v":""},null,"X"]
[null,null,null,null,null,null,null,null,null,null,null,null,null,null,null,null,null,null,null,null,null,null,null,null,null,null,null,null,null,null,null,null,null,null,null,null,null,null,null,null,"X"]
[null,"Field Tile",null,null,"3\" x 12\"",null,"Field",null,null,null,"Unpolished",null,null,null,null,"10.98 SF/CTN",null,"b",{"$f":"IF(Suggested=\"Yes\",AA1071,AG1071)","v":12.3},"SF",{"$f":"+Instructions!$B$3","v":"G "},null,{"$f":"+Instructions!$C$22","v":0},{"$f":"ROUND($AA1071*(1-W1071)+0.004999,2)","v":12.3},null,"",12.3,{"$f":"+W1071","v":0},12.3,{"$f":"(AG1071-AC1071)/AG1071","v":0},null,1,{"$f":"SUM(AJ1071:AL1071)+AE1071","v":12.3},null,null,{"$f":"ROUND(AC1071/(1-VLOOKUP(AF1071,Group,2,FALSE)),2)","v":12.3},{"$f":"IF(VLOOKUP(AF1071,Group,5,FALSE)=\"YES\",VLOOKUP(ROUND(ROUND(AJ1071,1)-AJ1071,2),Round,2,FALSE)+VLOOKUP(AF1071,Group,6,FALSE),0)","v":0},{"$f":"IF(VLOOKUP(AF1071,Group,7,FALSE)=\"\",0,ROUND(AJ1071-0.04999,1)-AJ1071+AM1071)","v":0},{"$f":"IF(VLOOKUP(AF1071,Group,7,FALSE)=\"\",\"\",VLOOKUP(AF1071,Group,7,FALSE))","v":""},null,"X"]
[null,"Field Tile",null,null,"12\" x 24\"",null,"Field",null,"Rectified",null,"Unpolished",null,null,null,null,"18.94 SF/CTN",null,null,{"$f":"IF(Suggested=\"Yes\",AA1072,AG1072)","v":6.3},"SF",{"$f":"+Instructions!$B$3","v":"G "},null,{"$f":"+Instructions!$C$22","v":0},{"$f":"ROUND($AA1072*(1-W1072)+0.004999,2)","v":6.3},null,"",6.3,0,6.3,{"$f":"(AG1072-AC1072)/AG1072","v":0},null,1,{"$f":"SUM(AJ1072:AL1072)+AE1072","v":6.3},null,null,{"$f":"ROUND(AC1072/(1-VLOOKUP(AF1072,Group,2,FALSE)),2)","v":6.3},{"$f":"IF(VLOOKUP(AF1072,Group,5,FALSE)=\"YES\",VLOOKUP(ROUND(ROUND(AJ1072,1)-AJ1072,2),Round,2,FALSE)+VLOOKUP(AF1072,Group,6,FALSE),0)","v":0},{"$f":"IF(VLOOKUP(AF1072,Group,7,FALSE)=\"\",0,ROUND(AJ1072-0.04999,1)-AJ1072+AM1072)","v":0},{"$f":"IF(VLOOKUP(AF1072,Group,7,FALSE)=\"\",\"\",VLOOKUP(AF1072,Group,7,FALSE))","v":""},null,"X"]
[null,"Field Tile",null,null,"24\" x 24\"",null,"Field",null,"Rectified",null,"Unpolished",null,null,null,null,"23.25 SF/CTN",null,null,{"$f":"IF(Suggested=\"Yes\",AA1073,AG1073)","v":6.35},"SF",{"$f":"+Instructions!$B$3","v":"G "},null,{"$f":"+Instructions!$C$22","v":0},{"$f":"ROUND($AA1073*(1-W1073)+0.004999,2)","v":6.35},null,"",6.35,0,6.35,{"$f":"(AG1073-AC1073)/AG1073","v":0},null,1,{"$f":"SUM(AJ1073:AL1073)+AE1073","v":6.35},null,null,{"$f":"ROUND(AC1073/(1-VLOOKUP(AF1073,Group,2,FALSE)),2)","v":6.35},{"$f":"IF(VLOOKUP(AF1073,Group,5,FALSE)=\"YES\",VLOOKUP(ROUND(ROUND(AJ1073,1)-AJ1073,2),Round,2,FALSE)+VLOOKUP(AF1073,Group,6,FALSE),0)","v":0},{"$f":"IF(VLOOKUP(AF1073,Group,7,FALSE)=\"\",0,ROUND(AJ1073-0.04999,1)-AJ1073+AM1073)","v":0},{"$f":"IF(VLOOKUP(AF1073,Group,7,FALSE)=\"\",\"\",VLOOKUP(AF1073,Group,7,FALSE))","v":""},null,"X"]
[null,"Field Tile",null,null,"35\" x 35\"",null,"Field",null,"Rectified",null,"Unpolished",null,null,null,null,"25.87 SF/CTN",null,null,{"$f":"IF(Suggested=\"Yes\",AA1074,AG1074)","v":7.8},"SF",{"$f":"+Instructions!$B$3","v":"G "},null,{"$f":"+Instructions!$C$22","v":0},{"$f":"ROUND($AA1074*(1-W1074)+0.004999,2)","v":7.8},null,"",7.8,0,7.8,{"$f":"(AG1074-AC1074)/AG1074","v":0},null,1,{"$f":"SUM(AJ1074:AL1074)+AE1074","v":7.8},null,null,{"$f":"ROUND(AC1074/(1-VLOOKUP(AF1074,Group,2,FALSE)),2)","v":7.8},{"$f":"IF(VLOOKUP(AF1074,Group,5,FALSE)=\"YES\",VLOOKUP(ROUND(ROUND(AJ1074,1)-AJ1074,2),Round,2,FALSE)+VLOOKUP(AF1074,Group,6,FALSE),0)","v":0},{"$f":"IF(VLOOKUP(AF1074,Group,7,FALSE)=\"\",0,ROUND(AJ1074-0.04999,1)-AJ1074+AM1074)","v":0},{"$f":"IF(VLOOKUP(AF1074,Group,7,FALSE)=\"\",\"\",VLOOKUP(AF1074,Group,7,FALSE))","v":""},null,"X"]
[null,"Field Tile",null,null,"24\" x 48\"",null,"Field",null,"Rectified",null,"Unpolished",null,null,null,null,"15.28 SF/CTN",null,"a",{"$f":"IF(Suggested=\"Yes\",AA1075,AG1075)","v":7.85},"SF",{"$f":"+Instructions!$B$3","v":"G "},null,{"$f":"+Instructions!$C$22","v":0},{"$f":"ROUND($AA1075*(1-W1075)+0.004999,2)","v":7.85},null,"",7.85,{"$f":"+W1075","v":0},{"$f":"+X1075","v":7.85},{"$f":"(AG1075-AC1075)/AG1075","v":0},null,1,{"$f":"SUM(AJ1075:AL1075)+AE1075","v":7.85},null,null,{"$f":"ROUND(AC1075/(1-VLOOKUP(AF1075,Group,2,FALSE)),2)","v":7.85},{"$f":"IF(VLOOKUP(AF1075,Group,5,FALSE)=\"YES\",VLOOKUP(ROUND(ROUND(AJ1075,1)-AJ1075,2),Round,2,FALSE)+VLOOKUP(AF1075,Group,6,FALSE),0)","v":0},{"$f":"IF(VLOOKUP(AF1075,Group,7,FALSE)=\"\",0,ROUND(AJ1075-0.04999,1)-AJ1075+AM1075)","v":0},{"$f":"IF(VLOOKUP(AF1075,Group,7,FALSE)=\"\",\"\",VLOOKUP(AF1075,Group,7,FALSE))","v":""},null,"X"]
[null,null,null,null,null,null,null,null,null,null,null,null,null,null,null,null,null,null,null,null,null,null,null,null,null,null,null,null,null,null,null,null,null,null,null,null,null,null,null,null,"X"]
[null,"Decos",null,null,"13\" x 13\"",null,"Mosaic",null,"2\" x 2\"",null,"Unpolished",null,"(Mesh-Mounted)",null,null,"1.17 SF/SHEET",null,"b",{"$f":"IF(Suggested=\"Yes\",AA1077,AG1077)","v":21},"EA",{"$f":"+Instructions!$B$3","v":"G "},null,{"$f":"+Instructions!$C$22","v":0},{"$f":"ROUND($AA1077*(1-W1077)+0.004999,2)","v":21},null,"",21,{"$f":"+W1077","v":0},{"$f":"+X1077","v":21},{"$f":"(AG1077-AC1077)/AG1077","v":0},null,3,{"$f":"SUM(AJ1077:AL1077)+AE1077","v":21},null,null,{"$f":"ROUND(AC1077/(1-VLOOKUP(AF1077,Group,2,FALSE)),2)","v":21},{"$f":"IF(VLOOKUP(AF1077,Group,5,FALSE)=\"YES\",VLOOKUP(ROUND(ROUND(AJ1077,1)-AJ1077,2),Round,2,FALSE)+VLOOKUP(AF1077,Group,6,FALSE),0)","v":0},{"$f":"IF(VLOOKUP(AF1077,Group,7,FALSE)=\"\",0,ROUND(AJ1077-0.04999,1)-AJ1077+AM1077)","v":0},{"$f":"IF(VLOOKUP(AF1077,Group,7,FALSE)=\"\",\"\",VLOOKUP(AF1077,Group,7,FALSE))","v":""},null,"X"]
[null,null,null,null,null,null,null,null,null,null,null,null,null,null,null,null,null,null,null,null,null,null,null,null,null,null,null,null,null,null,null,null,null,null,null,null,null,null,null,null,"X"]
[null,"Trim",null,null,"3\" x 12\"",null,"S4312",null,"Bullnose",null,"Unpolished",null,null,null,null,null,null,"b",{"$f":"IF(Suggested=\"Yes\",AA1079,AG1079)","v":5.9},"EA",{"$f":"+Instructions!$B$3","v":"G "},null,{"$f":"+Instructions!$C$22","v":0},{"$f":"ROUND($AA1079*(1-W1079)+0.004999,2)","v":5.9},null,"",5.9,{"$f":"+W1079","v":0},{"$f":"+X1079","v":5.9},{"$f":"(AG1079-AC1079)/AG1079","v":0},null,2,{"$f":"SUM(AJ1079:AL1079)+AE1079","v":5.9},null,null,{"$f":"ROUND(AC1079/(1-VLOOKUP(AF1079,Group,2,FALSE)),2)","v":5.9},{"$f":"IF(VLOOKUP(AF1079,Group,5,FALSE)=\"YES\",VLOOKUP(ROUND(ROUND(AJ1079,1)-AJ1079,2),Round,2,FALSE)+VLOOKUP(AF1079,Group,6,FALSE),0)","v":0},{"$f":"IF(VLOOKUP(AF1079,Group,7,FALSE)=\"\",0,ROUND(AJ1079-0.04999,1)-AJ1079+AM1079)","v":0},{"$f":"IF(VLOOKUP(AF1079,Group,7,FALSE)=\"\",\"\",VLOOKUP(AF1079,Group,7,FALSE))","v":""},null,"X"]
[null,null,null,null,null,null,null,null,null,null,null,null,null,null,null,null,null,null,null,null,null,null,null,null,null,null,null,null,null,null,null,null,null,null,null,null,null,null,null,null,"X"]
[null,null,null,"Notes:","a) This format is going through a change of thickness.  Packaging is changing from 15.28 SF/CTN to 22.96 SF/CTN as inventory",null,null,null,null,null,null,null,null,null,null,null,null,null,null,null,null,null,null,null,null,null,null,null,null,null,null,null,null,null,null,null,null,null,null,null,"X"]
[null,null,null,null,"with old packaging is depleted.  Check with Customer Service to be sure which packaging amount you will be receiving.",null,null,null,null,null,null,null,null,null,null,null,null,null,null,null,null,null,null,null,null,null,null,null,null,null,null,null,null,null,null,null,null,null,null,null,"X"]
[null,null,null,null,"b) Not available in color Sand.",null,null,null,null,null,null,null,null,null,null,null,null,null,null,null,null,null,null,null,null,null,null,null,null,null,null,null,null,null,null,null,null,null,null,null,"X"]
[null,null,null,null,null,null,null,null,null,null,null,null,null,null,null,null,null,null,null,null,null,null,null,null,null,null,null,null,null,null,null,null,null,null,null,null,null,null,null,null,"X"]
[null,null,"PRO MAX - Glazed Porcelain",null,null,null,null,null,null," ",null,null,null,null,null,null,null,"Item # Lookup:","ROPX",null,null,null,null,null,null,null,null,null,null,null,null,null,null,null,null,null,null,null,null,null,"X"]
[null,null,null,null,null,null,null,null,null,null,null,null,null,null,null,null,null,null,null,null,null,null,null,null,null,null,null,null,null,null,null,null,null,null,null,null,null,null,null,null,"X"]
[null,null,null,"Colors:","Cement          Concrete          Ivory          Nude          Sand",null,null,null,null,null,null,null," ",null,null,null,null,null,null,null,null,null,null,null,null,null,null,null,null,null,null,null,null,null,null,null,null,null,null,null,"X"]
[null,null,null,null,null,null,null,null,null,null,null,null,null,null,null,null,null,null,null,null,null,null,null,null,null,null,null,null,null,null,null,null,null,null,null,null,null,null,null,null,"X"]
[null,"Field Tile",null,null,"12\" x 24\"",null,"Field",null,"Rectified",null,"Unpolished",null,null,null,null,"18.94 SF/CTN",null,null,{"$f":"IF(Suggested=\"Yes\",AA1089,AG1089)","v":6.3},"SF",{"$f":"+Instructions!$B$3","v":"G "},null,{"$f":"+Instructions!$C$22","v":0},{"$f":"ROUND($AA1089*(1-W1089)+0.004999,2)","v":6.3},null,"",6.3,{"$f":"+W1089","v":0},{"$f":"+X1089","v":6.3},{"$f":"(AG1089-AC1089)/AG1089","v":0},null,1,{"$f":"SUM(AJ1089:AL1089)+AE1089","v":6.3},null,null,{"$f":"ROUND(AC1089/(1-VLOOKUP(AF1089,Group,2,FALSE)),2)","v":6.3},{"$f":"IF(VLOOKUP(AF1089,Group,5,FALSE)=\"YES\",VLOOKUP(ROUND(ROUND(AJ1089,1)-AJ1089,2),Round,2,FALSE)+VLOOKUP(AF1089,Group,6,FALSE),0)","v":0},{"$f":"IF(VLOOKUP(AF1089,Group,7,FALSE)=\"\",0,ROUND(AJ1089-0.04999,1)-AJ1089+AM1089)","v":0},{"$f":"IF(VLOOKUP(AF1089,Group,7,FALSE)=\"\",\"\",VLOOKUP(AF1089,Group,7,FALSE))","v":""},null,"X"]
[null,"Field Tile",null,null,"24\" x 24\"",null,"Field",null,"Rectified",null,"Unpolished",null,null,null,null,"23.25 SF/CTN",null,null,{"$f":"IF(Suggested=\"Yes\",AA1090,AG1090)","v":6.25},"SF",{"$f":"+Instructions!$B$3","v":"G "},null,{"$f":"+Instructions!$C$22","v":0},{"$f":"ROUND($AA1090*(1-W1090)+0.004999,2)","v":6.25},null,"",6.25,{"$f":"+W1090","v":0},{"$f":"+X1090","v":6.25},{"$f":"(AG1090-AC1090)/AG1090","v":0},null,1,{"$f":"SUM(AJ1090:AL1090)+AE1090","v":6.25},null,null,{"$f":"ROUND(AC1090/(1-VLOOKUP(AF1090,Group,2,FALSE)),2)","v":6.25},{"$f":"IF(VLOOKUP(AF1090,Group,5,FALSE)=\"YES\",VLOOKUP(ROUND(ROUND(AJ1090,1)-AJ1090,2),Round,2,FALSE)+VLOOKUP(AF1090,Group,6,FALSE),0)","v":0},{"$f":"IF(VLOOKUP(AF1090,Group,7,FALSE)=\"\",0,ROUND(AJ1090-0.04999,1)-AJ1090+AM1090)","v":0},{"$f":"IF(VLOOKUP(AF1090,Group,7,FALSE)=\"\",\"\",VLOOKUP(AF1090,Group,7,FALSE))","v":""},null,"X"]
[null,null,null,null,null,null,null,null,null,null,null,null,null,null,null,null,null,null,null,null,null,null,null,null,null,null,null,null,null,null,null,null,null,null,null,null,null,null,null,null,"X"]
[null,null,null,"Colors:","Cement          Concrete          Nude",null,null,null,null,null,null,null,null,null,null,null,null,null,null,null,null,null,null,null,null,null,null,null,null,null,null,null,null,null,null,null,null,null,null,null,"X"]
[null,null,null,null,null,null,null,null,null,null,null,null,null,null,null,null,null,null,null,null,null,null,null,null,null,null,null,null,null,null,null,null,null,null,null,null,null,null,null,null,"X"]
[null,"Field Tile",null,null,"12\" x 24\"",null,"Field",null,"Rectified",null,"Non-slip (ABS)",null,null,null,null,"20.34 SF/CTN",null,null,{"$f":"IF(Suggested=\"Yes\",AA1094,AG1094)","v":6.3},"SF",{"$f":"+Instructions!$B$3","v":"G "},null,{"$f":"+Instructions!$C$22","v":0},{"$f":"ROUND($AA1094*(1-W1094)+0.004999,2)","v":6.3},null,"",6.3,{"$f":"+W1094","v":0},{"$f":"+X1094","v":6.3},{"$f":"(AG1094-AC1094)/AG1094","v":0},null,1,{"$f":"SUM(AJ1094:AL1094)+AE1094","v":6.3},null,null,{"$f":"ROUND(AC1094/(1-VLOOKUP(AF1094,Group,2,FALSE)),2)","v":6.3},{"$f":"IF(VLOOKUP(AF1094,Group,5,FALSE)=\"YES\",VLOOKUP(ROUND(ROUND(AJ1094,1)-AJ1094,2),Round,2,FALSE)+VLOOKUP(AF1094,Group,6,FALSE),0)","v":0},{"$f":"IF(VLOOKUP(AF1094,Group,7,FALSE)=\"\",0,ROUND(AJ1094-0.04999,1)-AJ1094+AM1094)","v":0},{"$f":"IF(VLOOKUP(AF1094,Group,7,FALSE)=\"\",\"\",VLOOKUP(AF1094,Group,7,FALSE))","v":""},null,"X"]
[null,null,null,null,null,null,null,null,null,null,null,null,null,null,null,null,null,null,null,null,null,null,null,null,null,null,null,null,null,null,null,null,null,null,null,null,null,null,null,null,"X"]
[null,null,"ROCK ART - Natural Stone & Glass Mosaics",null,null,null,null,null,null,null,null,null,null,null,null,null,null,"Item # Lookup:","RORO",null,null,null,null,null,null,null,null,null,null,null,null,null,null,null,null,null,null,null,null,null,"X"]
[null,null,null,null,null,null,null,null,null,null,null,null,null,null,null,null,null,null,null,null,null,null,null,null,null,null,null,null,null,null,null,null,null,null,null,null,null,null,null,null,"X"]
[null,"Decos",null,null,"12\" x 12\"",null,"Mosaic",null,null,null,"1\" x 1\" Hexagon - Carrara Marble",null,null,null,null,"0.96 SF/SHEET",null,null,{"$f":"IF(Suggested=\"Yes\",AA1098,AG1098)","v":30.6},"EA",{"$f":"+Instructions!$B$3","v":"G "},null,{"$f":"+Instructions!$C$22","v":0},{"$f":"ROUND($AA1098*(1-W1098)+0.004999,2)","v":30.6},null,"",30.6,{"$f":"+W1098","v":0},30.6,{"$f":"(AG1098-AC1098)/AG1098","v":0},null,3,{"$f":"SUM(AJ1098:AL1098)+AE1098","v":30.6},null,null,{"$f":"ROUND(AC1098/(1-VLOOKUP(AF1098,Group,2,FALSE)),2)","v":30.6},{"$f":"IF(VLOOKUP(AF1098,Group,5,FALSE)=\"YES\",VLOOKUP(ROUND(ROUND(AJ1098,1)-AJ1098,2),Round,2,FALSE)+VLOOKUP(AF1098,Group,6,FALSE),0)","v":0},{"$f":"IF(VLOOKUP(AF1098,Group,7,FALSE)=\"\",0,ROUND(AJ1098-0.04999,1)-AJ1098+AM1098)","v":0},{"$f":"IF(VLOOKUP(AF1098,Group,7,FALSE)=\"\",\"\",VLOOKUP(AF1098,Group,7,FALSE))","v":""},null,"X"]
[null,"Decos",null,null,"12\" x 12\"",null,"Mosaic",null,null,null,"1\" x 1\" Square - Carrara Marble",null,null,null,null,"0.96 SF/SHEET",null,null,{"$f":"IF(Suggested=\"Yes\",AA1099,AG1099)","v":30.6},"EA",{"$f":"+Instructions!$B$3","v":"G "},null,{"$f":"+Instructions!$C$22","v":0},{"$f":"ROUND($AA1099*(1-W1099)+0.004999,2)","v":30.6},null,"",30.6,0,30.6,{"$f":"(AG1099-AC1099)/AG1099","v":0},null,3,{"$f":"SUM(AJ1099:AL1099)+AE1099","v":30.6},null,null,{"$f":"ROUND(AC1099/(1-VLOOKUP(AF1099,Group,2,FALSE)),2)","v":30.6},{"$f":"IF(VLOOKUP(AF1099,Group,5,FALSE)=\"YES\",VLOOKUP(ROUND(ROUND(AJ1099,1)-AJ1099,2),Round,2,FALSE)+VLOOKUP(AF1099,Group,6,FALSE),0)","v":0},{"$f":"IF(VLOOKUP(AF1099,Group,7,FALSE)=\"\",0,ROUND(AJ1099-0.04999,1)-AJ1099+AM1099)","v":0},{"$f":"IF(VLOOKUP(AF1099,Group,7,FALSE)=\"\",\"\",VLOOKUP(AF1099,Group,7,FALSE))","v":""},null,"X"]
[null,"Decos",null,null,"12\" x 12\"",null,"Mosaic",null,null,null,"2\" x 2\" Hexagon - Carrara Marble",null,null,null,null,"0.96 SF/SHEET",null,null,{"$f":"IF(Suggested=\"Yes\",AA1100,AG1100)","v":30.7},"EA",{"$f":"+Instructions!$B$3","v":"G "},null,{"$f":"+Instructions!$C$22","v":0},{"$f":"ROUND($AA1100*(1-W1100)+0.004999,2)","v":30.7},null,"",30.7,0,30.7,{"$f":"(AG1100-AC1100)/AG1100","v":0},null,3,{"$f":"SUM(AJ1100:AL1100)+AE1100","v":30.7},null,null,{"$f":"ROUND(AC1100/(1-VLOOKUP(AF1100,Group,2,FALSE)),2)","v":30.7},{"$f":"IF(VLOOKUP(AF1100,Group,5,FALSE)=\"YES\",VLOOKUP(ROUND(ROUND(AJ1100,1)-AJ1100,2),Round,2,FALSE)+VLOOKUP(AF1100,Group,6,FALSE),0)","v":0},{"$f":"IF(VLOOKUP(AF1100,Group,7,FALSE)=\"\",0,ROUND(AJ1100-0.04999,1)-AJ1100+AM1100)","v":0},{"$f":"IF(VLOOKUP(AF1100,Group,7,FALSE)=\"\",\"\",VLOOKUP(AF1100,Group,7,FALSE))","v":""},null,"X"]
[null,"Decos",null,null,"12\" x 12\"",null,"Mosaic",null,null,null,"Basket Weave",null,null,null,null,"0.97 SF/SHEET",null,null,{"$f":"IF(Suggested=\"Yes\",AA1101,AG1101)","v":34.5},"EA",{"$f":"+Instructions!$B$3","v":"G "},null,{"$f":"+Instructions!$C$22","v":0},{"$f":"ROUND($AA1101*(1-W1101)+0.004999,2)","v":34.5},null,"",34.5,{"$f":"+W1101","v":0},{"$f":"+X1101","v":34.5},{"$f":"(AG1101-AC1101)/AG1101","v":0},null,3,{"$f":"SUM(AJ1101:AL1101)+AE1101","v":34.5},null,null,{"$f":"ROUND(AC1101/(1-VLOOKUP(AF1101,Group,2,FALSE)),2)","v":34.5},{"$f":"IF(VLOOKUP(AF1101,Group,5,FALSE)=\"YES\",VLOOKUP(ROUND(ROUND(AJ1101,1)-AJ1101,2),Round,2,FALSE)+VLOOKUP(AF1101,Group,6,FALSE),0)","v":0},{"$f":"IF(VLOOKUP(AF1101,Group,7,FALSE)=\"\",0,ROUND(AJ1101-0.04999,1)-AJ1101+AM1101)","v":0},{"$f":"IF(VLOOKUP(AF1101,Group,7,FALSE)=\"\",\"\",VLOOKUP(AF1101,Group,7,FALSE))","v":""},null,"X"]
[null,"Decos",null,null,"12\" x 12\"",null,"Mosaic",null,null,null,"Basket Weave - Black & White",null,null,null,null,"0.97 SF/SHEET",null,null,34.5,"EA",{"$f":"+Instructions!$B$3","v":"G "},null,{"$f":"+Instructions!$C$22","v":0},34.5,null,"",34.5,0,34.5,0,null,3,34.5,null,null,34.5,0,0,"",null,"X"]
[null,"Decos",null,null,"11\" x 12\"",null,"Mosaic",null,null,null,"Chevron - White & Gray",null,null,null,null,"0.92 SF/SHEET",null,null,34.5,"EA",{"$f":"+Instructions!$B$3","v":"G "},null,{"$f":"+Instructions!$C$22","v":0},34.5,null,"",34.5,0,34.5,0,null,3,34.5,null,null,34.5,0,0,"",null,"X"]
[null,"Decos",null,null,"12\" x 12\"",null,"Mosaic",null,null,null,"Crossed Basket Weave",null,null,null,null,"1.02 SF/SHEET",null,null,34.5,"EA",{"$f":"+Instructions!$B$3","v":"G "},null,{"$f":"+Instructions!$C$22","v":0},34.5,null,"",34.5,0,34.5,0,null,3,34.5,null,null,34.5,0,0,"",null,"X"]
[null,"Decos",null,null,"10\" x 12\"",null,"Mosaic",null,null,null,"Daisy Flower",null,null,null,null,"0.81 SF/SHEET",null,null,39,"EA",{"$f":"+Instructions!$B$3","v":"G "},null,{"$f":"+Instructions!$C$22","v":0},39,null,"",39,0,39,0,null,3,39,null,null,39,0,0,"",null,"X"]
[null,"Decos",null,null,"11\" x 12\"",null,"Mosaic",null,null,null,"Dot - Thassos & Nero Marquina",null,null,null,null,"0.96 SF/SHEET",null,null,39.799999999999997,"EA",{"$f":"+Instructions!$B$3","v":"G "},null,{"$f":"+Instructions!$C$22","v":0},39.799999999999997,null,"",39.799999999999997,0,39.799999999999997,0,null,3,39.799999999999997,null,null,39.799999999999997,0,0,"",null,"X"]
[null,"Decos",null,null,"12\" x 12\"",null,"Mosaic",null,null,null,"Dots - Nero Marquina",null,null,null,null,"0.90 SF/SHEET",null,null,30.5,"EA",{"$f":"+Instructions!$B$3","v":"G "},null,{"$f":"+Instructions!$C$22","v":0},30.5,null,"",30.5,0,30.5,0,null,3,30.5,null,null,30.5,0,0,"",null,"X"]
[null,"Decos",null,null,"12\" x 12\"",null,"Mosaic",null,null,null,"Dots - White Statuary",null,null,null,null,"0.90 SF/SHEET",null,null,30.5,"EA",{"$f":"+Instructions!$B$3","v":"G "},null,{"$f":"+Instructions!$C$22","v":0},30.5,null,"",30.5,0,30.5,0,null,3,30.5,null,null,30.5,0,0,"",null,"X"]
[null,"Decos",null,null,"12\" x 12\"",null,"Mosaic",null,null,null,"Herringbone",null,null,null,null,"1.02 SF/SHEET"," ",null,34.5,"EA",{"$f":"+Instructions!$B$3","v":"G "},null,{"$f":"+Instructions!$C$22","v":0},34.5,null,"",34.5,0,34.5,0,null,3,34.5,null,null,34.5,0,0,"",null,"X"]
[null,"Decos",null,null,"9\" x 12\"",null,"Mosaic",null,null,null,"Hexagon - Black & White",null,null,null,null,"0.68 SF/SHEET",null,null,39,"EA",{"$f":"+Instructions!$B$3","v":"G "},null,{"$f":"+Instructions!$C$22","v":0},39,null,"",39,0,39,0,null,3,39,null,null,39,0,0,"",null,"X"]
[null,"Decos",null,null,"12\" x 12\"",null,"Mosaic",null,null,null,"Hexagon - Carrara",null,null,null,null,"0.97 SF/SHEET",null,null,40.5,"EA",{"$f":"+Instructions!$B$3","v":"G "},null,{"$f":"+Instructions!$C$22","v":0},40.5,null,"",40.5,0,40.5,0,null,3,40.5,null,null,40.5,0,0,"",null,"X"]
[null,"Decos",null,null,"12\" x 12\"",null,"Mosaic",null,null,null,"Hexagon - Gray Granite",null,null,null,null,"0.97 SF/SHEET",null,null,40.5,"EA",{"$f":"+Instructions!$B$3","v":"G "},null,{"$f":"+Instructions!$C$22","v":0},40.5,null,"",40.5,0,40.5,0,null,3,40.5,null,null,40.5,0,0,"",null,"X"]
[null,"Decos",null,null,"12\" x 13\"",null,"Mosaic",null,null,null,"Hexagon - Nero Marquina",null,null,null,null,"1.08 SF/SHEET",null,null,47.3,"EA",{"$f":"+Instructions!$B$3","v":"G "},null,{"$f":"+Instructions!$C$22","v":0},47.3,null,"",47.3,0,47.3,0,null,3,47.3,null,null,47.3,0,0,"",null,"X"]
[null,"Decos",null,null,"12\" x 13\"",null,"Mosaic",null,null,null,"Hexagon - Thassos",null,null,null,null,"1.08 SF/SHEET",null,null,51.8,"EA",{"$f":"+Instructions!$B$3","v":"G "},null,{"$f":"+Instructions!$C$22","v":0},51.8,null,"",51.8,0,51.8,0,null,3,51.8,null,null,51.8,0,0,"",null,"X"]
[null,"Decos",null,null,"12\" x 12\"",null,"Mosaic",null,null,null,"Juliano - Beige",null,null,null,null,"1.00 SF/SHEET",null,null,{"$f":"IF(Suggested=\"Yes\",AA1115,AG1115)","v":27.8},"EA",{"$f":"+Instructions!$B$3","v":"G "},null,{"$f":"+Instructions!$C$22","v":0},27.8,null,"",27.8,0,27.8,0,null,3,27.8,null,null,27.8,0,0,"",null,"X"]
[null,"Decos",null,null,"12\" x 12\"",null,"Mosaic",null,null,null,"Juliano - Blanco",null,null,null,null,"1.00 SF/SHEET",null,null,{"$f":"IF(Suggested=\"Yes\",AA1116,AG1116)","v":27.8},"EA",{"$f":"+Instructions!$B$3","v":"G "},null,{"$f":"+Instructions!$C$22","v":0},{"$f":"ROUND($AA1116*(1-W1116)+0.004999,2)","v":27.8},null,"",27.8,{"$f":"+W1116","v":0},{"$f":"+X1116","v":27.8},{"$f":"(AG1116-AC1116)/AG1116","v":0},null,3,{"$f":"SUM(AJ1116:AL1116)+AE1116","v":27.8},null,null,{"$f":"ROUND(AC1116/(1-VLOOKUP(AF1116,Group,2,FALSE)),2)","v":27.8},{"$f":"IF(VLOOKUP(AF1116,Group,5,FALSE)=\"YES\",VLOOKUP(ROUND(ROUND(AJ1116,1)-AJ1116,2),Round,2,FALSE)+VLOOKUP(AF1116,Group,6,FALSE),0)","v":0},{"$f":"IF(VLOOKUP(AF1116,Group,7,FALSE)=\"\",0,ROUND(AJ1116-0.04999,1)-AJ1116+AM1116)","v":0},{"$f":"IF(VLOOKUP(AF1116,Group,7,FALSE)=\"\",\"\",VLOOKUP(AF1116,Group,7,FALSE))","v":""},null,"X"]
[null,"Decos",null,null,"12\" x 12\"",null,"Mosaic",null,null,null,"Juliano - Negro",null,null,null,null,"1.00 SF/SHEET",null,null,{"$f":"IF(Suggested=\"Yes\",AA1117,AG1117)","v":27.8},"EA",{"$f":"+Instructions!$B$3","v":"G "},null,{"$f":"+Instructions!$C$22","v":0},27.8,null,"",27.8,0,27.8,0,null,3,27.8,null,null,27.8,0,0,"",null,"X"]
[null,"Decos",null,null,"12\" x 12\"",null,"Mosaic",null,null,null,"Kaleidoscope",null,null,null,null,"0.97 SF/SHEET",null,null,34.5,"EA",{"$f":"+Instructions!$B$3","v":"G "},null,{"$f":"+Instructions!$C$22","v":0},34.5,null,"",34.5,0,34.5,0,null,3,34.5,null,null,34.5,0,0,"",null,"X"]
[null,"Decos",null,null,"12\" x 12\"",null,"Mosaic",null,null,null,"Lantern - Carrara Marble",null,null,null,null,"1.00 SF/SHEET",null,null,{"$f":"IF(Suggested=\"Yes\",AA1119,AG1119)","v":36.700000000000003},"EA",{"$f":"+Instructions!$B$3","v":"G "},null,{"$f":"+Instructions!$C$22","v":0},{"$f":"ROUND($AA1119*(1-W1119)+0.004999,2)","v":36.700000000000003},null,"",36.700000000000003,{"$f":"+W1119","v":0},{"$f":"+X1119","v":36.700000000000003},{"$f":"(AG1119-AC1119)/AG1119","v":0},null,3,{"$f":"SUM(AJ1119:AL1119)+AE1119","v":36.700000000000003},null,null,{"$f":"ROUND(AC1119/(1-VLOOKUP(AF1119,Group,2,FALSE)),2)","v":36.700000000000003},{"$f":"IF(VLOOKUP(AF1119,Group,5,FALSE)=\"YES\",VLOOKUP(ROUND(ROUND(AJ1119,1)-AJ1119,2),Round,2,FALSE)+VLOOKUP(AF1119,Group,6,FALSE),0)","v":0},{"$f":"IF(VLOOKUP(AF1119,Group,7,FALSE)=\"\",0,ROUND(AJ1119-0.04999,1)-AJ1119+AM1119)","v":0},{"$f":"IF(VLOOKUP(AF1119,Group,7,FALSE)=\"\",\"\",VLOOKUP(AF1119,Group,7,FALSE))","v":""},null,"X"]
[null,"Decos",null,null,"12\" x 12\"",null,"Mosaic",null,null,null,"Medallion - Black & White",null,null,null,null,"1.05 SF/SHEET",null,null,39,"EA",{"$f":"+Instructions!$B$3","v":"G "},null,{"$f":"+Instructions!$C$22","v":0},39,null,"",39,0,39,0,null,3,39,null,null,39,0,0,"",null,"X"]
[null,"Decos",null,null,"12\" x 12\"",null,"Mosaic",null,null,null,"Medallion - Gray",null,null,null,null,"1.05 SF/SHEET",null,null,39,"EA",{"$f":"+Instructions!$B$3","v":"G "},null,{"$f":"+Instructions!$C$22","v":0},39,null,"",39,0,39,0,null,3,39,null,null,39,0,0,"",null,"X"]
[null,"Decos",null," ","12\" x 14\"",null,"Mosaic",null,null,null,"Metal - Carrara White",null,null,null,null,"1.21 SF/SHEET",null,null,45.75,"EA",{"$f":"+Instructions!$B$3","v":"G "},null,{"$f":"+Instructions!$C$22","v":0},45.75,null,"",45.75,0,45.75,0,null,3,45.75,null,null,45.75,0,0,"",null,"X"]
[null,"Decos",null,null,"12\" x 14\"",null,"Mosaic",null,null,null,"Metal - Negro Marquina",null,null,null,null,"1.21 SF/SHEET",null,null,45.75,"EA",{"$f":"+Instructions!$B$3","v":"G "},null,{"$f":"+Instructions!$C$22","v":0},45.75,null,"",45.75,0,45.75,0,null,3,45.75,null,null,45.75,0,0,"",null,"X"]
[null,"Decos",null,null,"10\" x 12\"",null,"Mosaic",null,null,null,"Metal - Nero Arrow",null,null,null,null,"0.84 SF/SHEET",null,null,45.5,"EA",{"$f":"+Instructions!$B$3","v":"G "},null,{"$f":"+Instructions!$C$22","v":0},45.5,null,"",45.5,0,45.5,0,null,3,45.5,null,null,45.5,0,0,"",null,"X"]
[null,"Decos",null,null,"10\" x 12\"",null,"Mosaic",null," ",null,"Metal - Thassos Arrow",null,null,null,null,"0.84 SF/SHEET",null,null,45.5,"EA",{"$f":"+Instructions!$B$3","v":"G "},null,{"$f":"+Instructions!$C$22","v":0},45.5,null,"",45.5,0,45.5,0,null,3,45.5,null,null,45.5,0,0,"",null,"X"]
[null,null,null,null,null,null,null,null,null,null,null,null,null,null,null,null,null,null,null,null,null,null,null,null,null,null,null,null,null,null,null,null,null,null,null,null,null,null,null,null,"X"]
[null,null,"continued on next page",null,null,null,null,null,null,null,null,null,null," "]
[null,null,"ROCK ART - Natural Stone & Glass Mosaics - continued",null,null,null,null,null,null,null,null,null,null,null,null,null,null,"Item # Lookup:","RORO",null,null,null,null,null,null,null,null,null,null,null,null,null,null,null,null,null,null,null,null,null,"X"]
[null,null,null,null,null,null,null,null,null,null,null,null,null,null,null,null,null,null,null,null,null,null,null,null,null,null,null,null,null,null,null,null,null,null,null,null,null,null,null,null,"X"]
[null,"Decos",null,null,"10\" x 12\"",null,"Mosaic",null,null,null,"Oval - Nero Marquina & Thassos",null,null,null,null,"0.76 SF/SHEET",null,null,39.5,"EA",{"$f":"+Instructions!$B$3","v":"G "},null,{"$f":"+Instructions!$C$22","v":0},39.5,null,"",39.5,0,39.5,0,null,3,39.5,null,null,39.5,0,0,"",null,"X"]
[null,"Decos",null,null,"12\" x 12\"",null,"Mosaic",null,null,null,"Penny Round - Carrara",null,null,null,null,"0.98 SF/SHEET",null,null,40.5,"EA",{"$f":"+Instructions!$B$3","v":"G "},null,{"$f":"+Instructions!$C$22","v":0},40.5,null,"",40.5,0,40.5,0,null,3,40.5,null,null,40.5,0,0,"",null,"X"]
[null,"Decos",null,null,"12\" x 12\"",null,"Mosaic",null,null,null,"Penny Round - Carrara Marble",null,null,null,null,"1.06 SF/SHEET",null,null,{"$f":"IF(Suggested=\"Yes\",AA1132,AG1132)","v":36.65},"EA",{"$f":"+Instructions!$B$3","v":"G "},null,{"$f":"+Instructions!$C$22","v":0},36.65,null,"",36.65,0,36.65,0,null,3,36.65,null,null,36.65,0,0,"",null,"X"]
[null,"Decos",null,null,"12\" x 12\"",null,"Mosaic",null,null,null,"Penny Round - Gray Granite",null,null,null,null,"0.98 SF/SHEET",null,null,40.5,"EA",{"$f":"+Instructions!$B$3","v":"G "},null,{"$f":"+Instructions!$C$22","v":0},40.5,null,"",40.5,0,40.5,0,null,3,40.5,null,null,40.5,0,0,"",null,"X"]
[null,"Decos",null,null,"12\" x 12\"",null,"Mosaic",null,null,null,"Rhombus - Large",null,null,null,null,"1.05 SF/SHEET",null,null,39,"EA",{"$f":"+Instructions!$B$3","v":"G "},null,{"$f":"+Instructions!$C$22","v":0},39,null,"",39,0,39,0,null,3,39,null,null,39,0,0,"",null,"X"]
[null,"Decos",null,null,"12\" x 12\"",null,"Mosaic",null,null,null,"Rhombus - Small",null,null,null,null,"1.02 SF/SHEET",null,null,39,"EA",{"$f":"+Instructions!$B$3","v":"G "},null,{"$f":"+Instructions!$C$22","v":0},39,null,"",39,0,39,0,null,3,39,null,null,39,0,0,"",null,"X"]
[null,"Decos",null,null,"10\" x 12\"",null,"Mosaic",null,null,null,"Spike",null,null,null,null,"0.87 SF/SHEET"," ",null,39,"EA",{"$f":"+Instructions!$B$3","v":"G "},null,{"$f":"+Instructions!$C$22","v":0},39,null,"",39,0,39,0,null,3,39,null,null,39,0,0,"",null,"X"]
[null,"Decos",null,null,"9\" x 9\"",null,"Mosaic",null,null,null,"Square - Nero Marquina",null,null,null,null,"0.56 SF/SHEET",null,null,27.45,"EA",{"$f":"+Instructions!$B$3","v":"G "},null,{"$f":"+Instructions!$C$22","v":0},27.45,null,"",27.45,0,27.45,0,null,3,27.45,null,null,27.45,0,0,"",null,"X"]
[null,"Decos",null,null,"9\" x 9\"",null,"Mosaic",null,null,null,"Square - Thassos",null,null,null,null,"0.56 SF/SHEET",null,null,30.45,"EA",{"$f":"+Instructions!$B$3","v":"G "},null,{"$f":"+Instructions!$C$22","v":0},30.45,null,"",30.45,0,30.45,0,null,3,30.45,null,null,30.45,0,0,"",null,"X"]
[null,"Decos",null,null,"12\" x 12\"",null,"Mosaic",null,null,null,"Terrazo Scales - Gray",null,null,null,null,"0.94 SF/SHEET",null,null,30.55,"EA",{"$f":"+Instructions!$B$3","v":"G "},null,{"$f":"+Instructions!$C$22","v":0},30.55,null,"",30.55,0,30.55,0,null,3,30.55,null,null,30.55,0,0,"",null,"X"]
[null,"Decos",null,null,"12\" x 14\"",null,"Mosaic",null,null,null,"Triangle - Nero Marquina",null,null,null,null,"1.17 SF/SHEET",null,null,51.85,"EA",{"$f":"+Instructions!$B$3","v":"G "},null,{"$f":"+Instructions!$C$22","v":0},51.85,null,"",51.85,0,51.85,0,null,3,51.85,null,null,51.85,0,0,"",null,"X"]
[null,"Decos",null,null,"12\" x 14\"",null,"Mosaic",null,null,null,"Triangle - Thassos",null,null,null,null,"1.17 SF/SHEET",null,null,57.85,"EA",{"$f":"+Instructions!$B$3","v":"G "},null,{"$f":"+Instructions!$C$22","v":0},57.85,null,"",57.85,0,57.85,0,null,3,57.85,null,null,57.85,0,0,"",null,"X"]
[null,null,null,null,null,null,null,null,null,null,null,null,null,null,null,null,null,null,null,null,null,null,null,null,null,null,null,null,null,null,null,null,null,null,null,null,null,null,null,null,"X"]
[null,null,"SEATTLE - Glazed Porcelain",null,null,null,null,null,null,null," ",null,null,null,null,null,null,"Item # Lookup:","ROSE",null,null,null,null,null,null,null,null,null,null,null,null,null,null,null,null,null,null,null,null,null,"X"]
[null,null,null,null,null,null,null,null,null,null,null,null,null,null,null,null,null,null,null,null,null,null,null,null,null,null,null,null,null,null,null,null,null,null,null,null,null,null,null,null,"X"]
[null,null,null,"Colors:","Blanco          Cinza",null,null,null,null,null,null,null,null,null,null,null,null,null,null,null,null,null,null,null,null,null,null,null,null,null,null,null,null,null,null,null,null,null,null,null,"X"]
[null,null,null,null,null,null,null,null,null,null,null,null,null,null,null,null,null,null,null,null,null,null,null,null,null,null,null,null,null,null,null,null,null,null,null,null,null,null,null,null,"X"]
[null,"Field Tile",null,null,"12\" x 24\"",null,"Field",null,"Rectified",null,"Polished",null,null,null,null,"18.94 SF/CTN",null,null,{"$f":"IF(Suggested=\"Yes\",AA1147,AG1147)","v":7.35},"SF",{"$f":"+Instructions!$B$3","v":"G "},null,{"$f":"+Instructions!$C$22","v":0},{"$f":"ROUND($AA1147*(1-W1147)+0.004999,2)","v":7.35},null,"",7.35,{"$f":"+W1147","v":0},7.35,{"$f":"(AG1147-AC1147)/AG1147","v":0},null,1,{"$f":"SUM(AJ1147:AL1147)+AE1147","v":7.35},null,null,{"$f":"ROUND(AC1147/(1-VLOOKUP(AF1147,Group,2,FALSE)),2)","v":7.35},{"$f":"IF(VLOOKUP(AF1147,Group,5,FALSE)=\"YES\",VLOOKUP(ROUND(ROUND(AJ1147,1)-AJ1147,2),Round,2,FALSE)+VLOOKUP(AF1147,Group,6,FALSE),0)","v":0},{"$f":"IF(VLOOKUP(AF1147,Group,7,FALSE)=\"\",0,ROUND(AJ1147-0.04999,1)-AJ1147+AM1147)","v":0},{"$f":"IF(VLOOKUP(AF1147,Group,7,FALSE)=\"\",\"\",VLOOKUP(AF1147,Group,7,FALSE))","v":""},null,"X"]
[null,"Field Tile",null,null,"24\" x 24\"",null,"Field",null,"Rectified",null,"Polished",null,null,null,null,"19.05 SF/CTN",null,null,{"$f":"IF(Suggested=\"Yes\",AA1148,AG1148)","v":7.35},"SF",{"$f":"+Instructions!$B$3","v":"G "},null,{"$f":"+Instructions!$C$22","v":0},{"$f":"ROUND($AA1148*(1-W1148)+0.004999,2)","v":7.35},null,"",7.35,0,7.35,{"$f":"(AG1148-AC1148)/AG1148","v":0},null,1,{"$f":"SUM(AJ1148:AL1148)+AE1148","v":7.35},null,null,{"$f":"ROUND(AC1148/(1-VLOOKUP(AF1148,Group,2,FALSE)),2)","v":7.35},{"$f":"IF(VLOOKUP(AF1148,Group,5,FALSE)=\"YES\",VLOOKUP(ROUND(ROUND(AJ1148,1)-AJ1148,2),Round,2,FALSE)+VLOOKUP(AF1148,Group,6,FALSE),0)","v":0},{"$f":"IF(VLOOKUP(AF1148,Group,7,FALSE)=\"\",0,ROUND(AJ1148-0.04999,1)-AJ1148+AM1148)","v":0},{"$f":"IF(VLOOKUP(AF1148,Group,7,FALSE)=\"\",\"\",VLOOKUP(AF1148,Group,7,FALSE))","v":""},null,"X"]
[null,"Field Tile",null,null,"35\" x 35\"",null,"Field",null,"Rectified",null,"Polished",null,null,null,null,"25.87 SF/CTN",null,null,{"$f":"IF(Suggested=\"Yes\",AA1149,AG1149)","v":8.35},"SF",{"$f":"+Instructions!$B$3","v":"G "},null,{"$f":"+Instructions!$C$22","v":0},{"$f":"ROUND($AA1149*(1-W1149)+0.004999,2)","v":8.35},null,"",8.35,0,8.35,{"$f":"(AG1149-AC1149)/AG1149","v":0},null,1,{"$f":"SUM(AJ1149:AL1149)+AE1149","v":8.35},null,null,{"$f":"ROUND(AC1149/(1-VLOOKUP(AF1149,Group,2,FALSE)),2)","v":8.35},{"$f":"IF(VLOOKUP(AF1149,Group,5,FALSE)=\"YES\",VLOOKUP(ROUND(ROUND(AJ1149,1)-AJ1149,2),Round,2,FALSE)+VLOOKUP(AF1149,Group,6,FALSE),0)","v":0},{"$f":"IF(VLOOKUP(AF1149,Group,7,FALSE)=\"\",0,ROUND(AJ1149-0.04999,1)-AJ1149+AM1149)","v":0},{"$f":"IF(VLOOKUP(AF1149,Group,7,FALSE)=\"\",\"\",VLOOKUP(AF1149,Group,7,FALSE))","v":""},null,"X"]
[null,"Field Tile",null,null,"24\" x 48\"",null,"Field",null,"Rectified",null,"Polished",null,null,null,null,"15.28 SF/CTN",null,"a",{"$f":"IF(Suggested=\"Yes\",AA1150,AG1150)","v":9},"SF",{"$f":"+Instructions!$B$3","v":"G "},null,{"$f":"+Instructions!$C$22","v":0},{"$f":"ROUND($AA1150*(1-W1150)+0.004999,2)","v":9},null,"",9,0,9,{"$f":"(AG1150-AC1150)/AG1150","v":0},null,1,{"$f":"SUM(AJ1150:AL1150)+AE1150","v":9},null,null,{"$f":"ROUND(AC1150/(1-VLOOKUP(AF1150,Group,2,FALSE)),2)","v":9},{"$f":"IF(VLOOKUP(AF1150,Group,5,FALSE)=\"YES\",VLOOKUP(ROUND(ROUND(AJ1150,1)-AJ1150,2),Round,2,FALSE)+VLOOKUP(AF1150,Group,6,FALSE),0)","v":0},{"$f":"IF(VLOOKUP(AF1150,Group,7,FALSE)=\"\",0,ROUND(AJ1150-0.04999,1)-AJ1150+AM1150)","v":0},{"$f":"IF(VLOOKUP(AF1150,Group,7,FALSE)=\"\",\"\",VLOOKUP(AF1150,Group,7,FALSE))","v":""},null,"X"]
[null,null,null,null,null,null,null,null,null,null,null,null,null,null,null,null,null,null,null,null,null,null,null,null,null,null,null,null,null,null,null,null,null,null,null,null,null,null,null,null,"X"]
[null,"Field Tile",null,null,"12\" x 24\"",null,"Field",null,"Rectified",null,"Unpolished",null,null,null,null,"18.94 SF/CTN",null,null,{"$f":"IF(Suggested=\"Yes\",AA1152,AG1152)","v":6.3},"SF",{"$f":"+Instructions!$B$3","v":"G "},null,{"$f":"+Instructions!$C$22","v":0},{"$f":"ROUND($AA1152*(1-W1152)+0.004999,2)","v":6.3},null,"",6.3,{"$f":"+W1152","v":0},6.3,{"$f":"(AG1152-AC1152)/AG1152","v":0},null,1,{"$f":"SUM(AJ1152:AL1152)+AE1152","v":6.3},null,null,{"$f":"ROUND(AC1152/(1-VLOOKUP(AF1152,Group,2,FALSE)),2)","v":6.3},{"$f":"IF(VLOOKUP(AF1152,Group,5,FALSE)=\"YES\",VLOOKUP(ROUND(ROUND(AJ1152,1)-AJ1152,2),Round,2,FALSE)+VLOOKUP(AF1152,Group,6,FALSE),0)","v":0},{"$f":"IF(VLOOKUP(AF1152,Group,7,FALSE)=\"\",0,ROUND(AJ1152-0.04999,1)-AJ1152+AM1152)","v":0},{"$f":"IF(VLOOKUP(AF1152,Group,7,FALSE)=\"\",\"\",VLOOKUP(AF1152,Group,7,FALSE))","v":""},null,"X"]
[null,"Field Tile",null,null,"24\" x 24\"",null,"Field",null,"Rectified",null,"Unpolished",null,null,null,null,"19.05 SF/CTN",null,null,{"$f":"IF(Suggested=\"Yes\",AA1153,AG1153)","v":6.35},"SF",{"$f":"+Instructions!$B$3","v":"G "},null,{"$f":"+Instructions!$C$22","v":0},{"$f":"ROUND($AA1153*(1-W1153)+0.004999,2)","v":6.35},null,"",6.35,0,6.35,{"$f":"(AG1153-AC1153)/AG1153","v":0},null,1,{"$f":"SUM(AJ1153:AL1153)+AE1153","v":6.35},null,null,{"$f":"ROUND(AC1153/(1-VLOOKUP(AF1153,Group,2,FALSE)),2)","v":6.35},{"$f":"IF(VLOOKUP(AF1153,Group,5,FALSE)=\"YES\",VLOOKUP(ROUND(ROUND(AJ1153,1)-AJ1153,2),Round,2,FALSE)+VLOOKUP(AF1153,Group,6,FALSE),0)","v":0},{"$f":"IF(VLOOKUP(AF1153,Group,7,FALSE)=\"\",0,ROUND(AJ1153-0.04999,1)-AJ1153+AM1153)","v":0},{"$f":"IF(VLOOKUP(AF1153,Group,7,FALSE)=\"\",\"\",VLOOKUP(AF1153,Group,7,FALSE))","v":""},null,"X"]
[null,"Field Tile",null,null,"35\" x 35\"",null,"Field",null,"Rectified",null,"Unpolished",null,null,null,null,"25.87 SF/CTN",null,null,{"$f":"IF(Suggested=\"Yes\",AA1154,AG1154)","v":7.5},"SF",{"$f":"+Instructions!$B$3","v":"G "},null,{"$f":"+Instructions!$C$22","v":0},{"$f":"ROUND($AA1154*(1-W1154)+0.004999,2)","v":7.5},null,"",7.5,0,7.5,{"$f":"(AG1154-AC1154)/AG1154","v":0},null,1,{"$f":"SUM(AJ1154:AL1154)+AE1154","v":7.5},null,null,{"$f":"ROUND(AC1154/(1-VLOOKUP(AF1154,Group,2,FALSE)),2)","v":7.5},{"$f":"IF(VLOOKUP(AF1154,Group,5,FALSE)=\"YES\",VLOOKUP(ROUND(ROUND(AJ1154,1)-AJ1154,2),Round,2,FALSE)+VLOOKUP(AF1154,Group,6,FALSE),0)","v":0},{"$f":"IF(VLOOKUP(AF1154,Group,7,FALSE)=\"\",0,ROUND(AJ1154-0.04999,1)-AJ1154+AM1154)","v":0},{"$f":"IF(VLOOKUP(AF1154,Group,7,FALSE)=\"\",\"\",VLOOKUP(AF1154,Group,7,FALSE))","v":""},null,"X"]
[null,"Field Tile",null,null,"24\" x 48\"",null,"Field",null,"Rectified",null,"Unpolished",null,null,null,null,"15.28 SF/CTN",null,"a",{"$f":"IF(Suggested=\"Yes\",AA1155,AG1155)","v":7.55},"SF",{"$f":"+Instructions!$B$3","v":"G "},null,{"$f":"+Instructions!$C$22","v":0},{"$f":"ROUND($AA1155*(1-W1155)+0.004999,2)","v":7.55},null,"",7.55,0,7.55,{"$f":"(AG1155-AC1155)/AG1155","v":0},null,1,{"$f":"SUM(AJ1155:AL1155)+AE1155","v":7.55},null,null,{"$f":"ROUND(AC1155/(1-VLOOKUP(AF1155,Group,2,FALSE)),2)","v":7.55},{"$f":"IF(VLOOKUP(AF1155,Group,5,FALSE)=\"YES\",VLOOKUP(ROUND(ROUND(AJ1155,1)-AJ1155,2),Round,2,FALSE)+VLOOKUP(AF1155,Group,6,FALSE),0)","v":0},{"$f":"IF(VLOOKUP(AF1155,Group,7,FALSE)=\"\",0,ROUND(AJ1155-0.04999,1)-AJ1155+AM1155)","v":0},{"$f":"IF(VLOOKUP(AF1155,Group,7,FALSE)=\"\",\"\",VLOOKUP(AF1155,Group,7,FALSE))","v":""},null,"X"]
[null,null,null,null,null,null,null,null,null,null,null,null,null,null,null,null,null,null,null,null,null,null,null,null,null,null,null,null,null,null,null,null,null,null,null,null,null,null,null,null,"X"]
[null,null,null,"Note:","a) This format is going through a change of thickness.  Packaging is changing from 15.28 SF/CTN to 22.96 SF/CTN as inventory",null,null,null,null,null,null,null,null,null,null,null,null,null,null,null,null,null,null,null,null,null,null,null,null,null,null,null,null,null,null,null,null,null,null,null,"X"]
[null,null,null,null,"with old packaging is depleted.  Check with Customer Service to be sure which packaging amount you will be receiving.",null,null,null,null,null,null,null,null,null,null,null,null,null,null,null,null,null,null,null,null,null,null,null,null,null,null,null,null,null,null,null,null,null,null,null,"X"]
[null,null,null,null,null,null,null,null,null,null,null,null,null,null,null,null,null,null,null,null,null,null,null,null,null,null,null,null,null,null,null,null,null,null,null,null,null,null,null,null,"X"]
[null,null,"SLABS - Glazed Porcelain (previously know as Marble Slabs)",null,null,null,null,null,null,null,null,null,null,null,null,null,null,"Item # Lookup:","ROMS",null,null,null,null,null,null,null,null,null,null,null,null,null,null,null,null,null,null,null,null,null,"X"]
[null,null,null,null,null,null,null,null,null,null,null,null,null,null,null,null,null,null,null,null,null,null,null,null,null,null,null,null,null,null,null,null,null,null,null,null,null,null,null,null,"X"]
[null,null,null,"Color:","Calacatta Gold",null,null,null,null,null,null,null,null,null,null,null,null,null,null,null,null,null,null,null,null,null,null,null,null,null,null,null,null,null,null,null,null,null,null,null,"X"]
[null,null,null,null,null,null,null,null,null,null,null,null,null,null,null,null,null,null,null,null,null,null,null,null,null,null,null,null,null,null,null,null,null,null,null,null,null,null,null,null,"X"]
[null,"Field Tile",null,null,"24\" x 48\"",null,"Field",null,"Rectified",null,"Polished",null,null,null,null,"22.93 SF/CTN",null,null,{"$f":"IF(Suggested=\"Yes\",AA1164,AG1164)","v":9.85},"SF",{"$f":"+Instructions!$B$3","v":"G "},null,{"$f":"+Instructions!$C$22","v":0},{"$f":"ROUND($AA1164*(1-W1164)+0.004999,2)","v":9.85},null,"",9.85,{"$f":"+W1164","v":0},{"$f":"+X1164","v":9.85},{"$f":"(AG1164-AC1164)/AG1164","v":0},null,1,{"$f":"SUM(AJ1164:AL1164)+AE1164","v":9.85},null,null,{"$f":"ROUND(AC1164/(1-VLOOKUP(AF1164,Group,2,FALSE)),2)","v":9.85},{"$f":"IF(VLOOKUP(AF1164,Group,5,FALSE)=\"YES\",VLOOKUP(ROUND(ROUND(AJ1164,1)-AJ1164,2),Round,2,FALSE)+VLOOKUP(AF1164,Group,6,FALSE),0)","v":0},{"$f":"IF(VLOOKUP(AF1164,Group,7,FALSE)=\"\",0,ROUND(AJ1164-0.04999,1)-AJ1164+AM1164)","v":0},{"$f":"IF(VLOOKUP(AF1164,Group,7,FALSE)=\"\",\"\",VLOOKUP(AF1164,Group,7,FALSE))","v":""},null,"X"]
[null,null," ",null,null,null,null,null,null,null,null,null,null,null,null,null,null,null,null,null,null,null,null,null,null,null,null,null,null,null,null,null,null,null,null,null,null,null,null,null,"X"]
[null,"Field Tile",null,null,"24\" x 48\"",null,"Field",null,"Rectified",null,"Unpolished",null,null,null,null,"22.93 SF/CTN",null,null,{"$f":"IF(Suggested=\"Yes\",AA1166,AG1166)","v":9.85},"SF",{"$f":"+Instructions!$B$3","v":"G "},null,{"$f":"+Instructions!$C$22","v":0},{"$f":"ROUND($AA1166*(1-W1166)+0.004999,2)","v":9.85},null,"",9.85,{"$f":"+W1166","v":0},{"$f":"+X1166","v":9.85},{"$f":"(AG1166-AC1166)/AG1166","v":0},null,1,{"$f":"SUM(AJ1166:AL1166)+AE1166","v":9.85},null,null,{"$f":"ROUND(AC1166/(1-VLOOKUP(AF1166,Group,2,FALSE)),2)","v":9.85},{"$f":"IF(VLOOKUP(AF1166,Group,5,FALSE)=\"YES\",VLOOKUP(ROUND(ROUND(AJ1166,1)-AJ1166,2),Round,2,FALSE)+VLOOKUP(AF1166,Group,6,FALSE),0)","v":0},{"$f":"IF(VLOOKUP(AF1166,Group,7,FALSE)=\"\",0,ROUND(AJ1166-0.04999,1)-AJ1166+AM1166)","v":0},{"$f":"IF(VLOOKUP(AF1166,Group,7,FALSE)=\"\",\"\",VLOOKUP(AF1166,Group,7,FALSE))","v":""},null,"X"]
[null,null,null,null,null,null,null,null,null,null,null,null,null,null,null,null,null,null,null,null,null,null,null,null,null,null,null,null,null,null,null,null,null,null,null,null,null,null,null,null,"X"]
[null,null,null,"Colors:","Calacatta Light",null,"      Koronis White",null,null,"        Sahara Noir",null,null,null,null,null,null,null,null,null,null,null,null,null,null,null,null,null,null,null,null,null,null,null,null,null,null,null,null,null,null,"X"]
[null,null,null,null,"Carrara White",null,"      Marble Lassa",null,null,null,null,null,null,null,null,null,null,null,null,null,null,null,null,null,null,null,null,null,null,null,null,null,null,null,null,null,null,null,null,null,"X"]
[null,null,null,null,null,null,null,null,null,null,null,null,null,null,null,null,null,null,null,null,null,null,null,null,null,null,null,null,null,null,null,null,null,null,null,null,null,null,null,null,"X"]
[null,"Field Tile",null,null,"24\" x 48\"",null,"Field",null,"Rectified",null,"Polished",null,null,null,null,"22.93 SF/CTN",null,null,{"$f":"IF(Suggested=\"Yes\",AA1171,AG1171)","v":9.85},"SF",{"$f":"+Instructions!$B$3","v":"G "},null,{"$f":"+Instructions!$C$22","v":0},{"$f":"ROUND($AA1171*(1-W1171)+0.004999,2)","v":9.85},null,"",9.85,{"$f":"+W1171","v":0},{"$f":"+X1171","v":9.85},{"$f":"(AG1171-AC1171)/AG1171","v":0},null,1,{"$f":"SUM(AJ1171:AL1171)+AE1171","v":9.85},null,null,{"$f":"ROUND(AC1171/(1-VLOOKUP(AF1171,Group,2,FALSE)),2)","v":9.85},{"$f":"IF(VLOOKUP(AF1171,Group,5,FALSE)=\"YES\",VLOOKUP(ROUND(ROUND(AJ1171,1)-AJ1171,2),Round,2,FALSE)+VLOOKUP(AF1171,Group,6,FALSE),0)","v":0},{"$f":"IF(VLOOKUP(AF1171,Group,7,FALSE)=\"\",0,ROUND(AJ1171-0.04999,1)-AJ1171+AM1171)","v":0},{"$f":"IF(VLOOKUP(AF1171,Group,7,FALSE)=\"\",\"\",VLOOKUP(AF1171,Group,7,FALSE))","v":""},null,"X"]
[null,"Field Tile",null,null,"48\" x 48\"",null,"Field",null,"Rectified",null,"Polished",null,null,null,null,"30.68 SF/CTN",null,"a",{"$f":"IF(Suggested=\"Yes\",AA1172,AG1172)","v":13.8},"SF",{"$f":"+Instructions!$B$3","v":"G "},null,{"$f":"+Instructions!$C$22","v":0},{"$f":"ROUND($AA1172*(1-W1172)+0.004999,2)","v":13.8},null,"",13.8,{"$f":"+W1172","v":0},{"$f":"+X1172","v":13.8},{"$f":"(AG1172-AC1172)/AG1172","v":0},null,1,{"$f":"SUM(AJ1172:AL1172)+AE1172","v":13.8},null,null,{"$f":"ROUND(AC1172/(1-VLOOKUP(AF1172,Group,2,FALSE)),2)","v":13.8},{"$f":"IF(VLOOKUP(AF1172,Group,5,FALSE)=\"YES\",VLOOKUP(ROUND(ROUND(AJ1172,1)-AJ1172,2),Round,2,FALSE)+VLOOKUP(AF1172,Group,6,FALSE),0)","v":0},{"$f":"IF(VLOOKUP(AF1172,Group,7,FALSE)=\"\",0,ROUND(AJ1172-0.04999,1)-AJ1172+AM1172)","v":0},{"$f":"IF(VLOOKUP(AF1172,Group,7,FALSE)=\"\",\"\",VLOOKUP(AF1172,Group,7,FALSE))","v":""},null,"X"]
[null,null," ",null,null,null,null,null,null,null,null,null,null,null,null,null,null,null,null,null,null,null,null,null,null,null,null,null,null,null,null,null,null,null,null,null,null,null,null,null,"X"]
[null,"Field Tile",null,null,"24\" x 48\"",null,"Field",null,"Rectified",null,"Unpolished",null,null,null,null,"22.93 SF/CTN",null,null,{"$f":"IF(Suggested=\"Yes\",AA1174,AG1174)","v":9.85},"SF",{"$f":"+Instructions!$B$3","v":"G "},null,{"$f":"+Instructions!$C$22","v":0},{"$f":"ROUND($AA1174*(1-W1174)+0.004999,2)","v":9.85},null,"",9.85,{"$f":"+W1174","v":0},{"$f":"+X1174","v":9.85},{"$f":"(AG1174-AC1174)/AG1174","v":0},null,1,{"$f":"SUM(AJ1174:AL1174)+AE1174","v":9.85},null,null,{"$f":"ROUND(AC1174/(1-VLOOKUP(AF1174,Group,2,FALSE)),2)","v":9.85},{"$f":"IF(VLOOKUP(AF1174,Group,5,FALSE)=\"YES\",VLOOKUP(ROUND(ROUND(AJ1174,1)-AJ1174,2),Round,2,FALSE)+VLOOKUP(AF1174,Group,6,FALSE),0)","v":0},{"$f":"IF(VLOOKUP(AF1174,Group,7,FALSE)=\"\",0,ROUND(AJ1174-0.04999,1)-AJ1174+AM1174)","v":0},{"$f":"IF(VLOOKUP(AF1174,Group,7,FALSE)=\"\",\"\",VLOOKUP(AF1174,Group,7,FALSE))","v":""},null,"X"]
[null,"Field Tile",null,null,"48\" x 48\"",null,"Field",null,"Rectified",null,"Unpolished",null,null,null,null,"30.68 SF/CTN",null,null,{"$f":"IF(Suggested=\"Yes\",AA1175,AG1175)","v":13.8},"SF",{"$f":"+Instructions!$B$3","v":"G "},null,{"$f":"+Instructions!$C$22","v":0},{"$f":"ROUND($AA1175*(1-W1175)+0.004999,2)","v":13.8},null,"",13.8,{"$f":"+W1175","v":0},{"$f":"+X1175","v":13.8},{"$f":"(AG1175-AC1175)/AG1175","v":0},null,1,{"$f":"SUM(AJ1175:AL1175)+AE1175","v":13.8},null,null,{"$f":"ROUND(AC1175/(1-VLOOKUP(AF1175,Group,2,FALSE)),2)","v":13.8},{"$f":"IF(VLOOKUP(AF1175,Group,5,FALSE)=\"YES\",VLOOKUP(ROUND(ROUND(AJ1175,1)-AJ1175,2),Round,2,FALSE)+VLOOKUP(AF1175,Group,6,FALSE),0)","v":0},{"$f":"IF(VLOOKUP(AF1175,Group,7,FALSE)=\"\",0,ROUND(AJ1175-0.04999,1)-AJ1175+AM1175)","v":0},{"$f":"IF(VLOOKUP(AF1175,Group,7,FALSE)=\"\",\"\",VLOOKUP(AF1175,Group,7,FALSE))","v":""},null,"X"]
[null,null,null,null,null,null,null,null,null,null,null,null,null,null,null,null,null,null,null,null,null,null,null,null,null,null,null,null,null,null,null,null,null,null,null,null,null,null,null,null,"X"]
[null,null,null,"Color:","Concrete Gray",null,null,null,null,null,null,null,null,null,null,null,null,null,null,null,null,null,null,null,null,null,null,null,null,null,null,null,null,null,null,null,null,null,null,null,"X"]
[null,null," ",null,null,null,null,null,null,null,null,null,null,null,null,null,null,null,null,null,null,null,null,null,null,null,null,null,null,null,null,null,null,null,null,null,null,null,null,null,"X"]
[null,"Field Tile",null,null,"24\" x 48\"",null,"Field",null,"Rectified",null,"Polished",null,null,null,null,"22.93 SF/CTN",null,null,{"$f":"IF(Suggested=\"Yes\",AA1179,AG1179)","v":9.85},"SF",{"$f":"+Instructions!$B$3","v":"G "},null,{"$f":"+Instructions!$C$22","v":0},{"$f":"ROUND($AA1179*(1-W1179)+0.004999,2)","v":9.85},null,"",9.85,{"$f":"+W1179","v":0},{"$f":"+X1179","v":9.85},{"$f":"(AG1179-AC1179)/AG1179","v":0},null,1,{"$f":"SUM(AJ1179:AL1179)+AE1179","v":9.85},null,null,{"$f":"ROUND(AC1179/(1-VLOOKUP(AF1179,Group,2,FALSE)),2)","v":9.85},{"$f":"IF(VLOOKUP(AF1179,Group,5,FALSE)=\"YES\",VLOOKUP(ROUND(ROUND(AJ1179,1)-AJ1179,2),Round,2,FALSE)+VLOOKUP(AF1179,Group,6,FALSE),0)","v":0},{"$f":"IF(VLOOKUP(AF1179,Group,7,FALSE)=\"\",0,ROUND(AJ1179-0.04999,1)-AJ1179+AM1179)","v":0},{"$f":"IF(VLOOKUP(AF1179,Group,7,FALSE)=\"\",\"\",VLOOKUP(AF1179,Group,7,FALSE))","v":""},null,"X"]
[null,"Field Tile",null,null,"48\" x 48\"",null,"Field",null,"Rectified",null,"Polished",null,null,null,null,"30.68 SF/CTN",null,null,{"$f":"IF(Suggested=\"Yes\",AA1180,AG1180)","v":13.8},"SF",{"$f":"+Instructions!$B$3","v":"G "},null,{"$f":"+Instructions!$C$22","v":0},{"$f":"ROUND($AA1180*(1-W1180)+0.004999,2)","v":13.8},null,"",13.8,{"$f":"+W1180","v":0},{"$f":"+X1180","v":13.8},{"$f":"(AG1180-AC1180)/AG1180","v":0},null,1,{"$f":"SUM(AJ1180:AL1180)+AE1180","v":13.8},null,null,{"$f":"ROUND(AC1180/(1-VLOOKUP(AF1180,Group,2,FALSE)),2)","v":13.8},{"$f":"IF(VLOOKUP(AF1180,Group,5,FALSE)=\"YES\",VLOOKUP(ROUND(ROUND(AJ1180,1)-AJ1180,2),Round,2,FALSE)+VLOOKUP(AF1180,Group,6,FALSE),0)","v":0},{"$f":"IF(VLOOKUP(AF1180,Group,7,FALSE)=\"\",0,ROUND(AJ1180-0.04999,1)-AJ1180+AM1180)","v":0},{"$f":"IF(VLOOKUP(AF1180,Group,7,FALSE)=\"\",\"\",VLOOKUP(AF1180,Group,7,FALSE))","v":""},null,"X"]
[null,null,null,null,null,null,null,null,null,null,null,null,null,null,null,null,null,null,null,null,null,null,null,null,null,null,null,null,null,null,null,null,null,null,null,null,null,null,null,null,"X"]
[null,"Field Tile",null,null,"24\" x 48\"",null,"Field",null,"Rectified",null,"Unpolished",null,null,null,null,"22.93 SF/CTN",null,null,{"$f":"IF(Suggested=\"Yes\",AA1182,AG1182)","v":9.85},"SF",{"$f":"+Instructions!$B$3","v":"G "},null,{"$f":"+Instructions!$C$22","v":0},{"$f":"ROUND($AA1182*(1-W1182)+0.004999,2)","v":9.85},null,"",9.85,{"$f":"+W1182","v":0},{"$f":"+X1182","v":9.85},{"$f":"(AG1182-AC1182)/AG1182","v":0},null,1,{"$f":"SUM(AJ1182:AL1182)+AE1182","v":9.85},null,null,{"$f":"ROUND(AC1182/(1-VLOOKUP(AF1182,Group,2,FALSE)),2)","v":9.85},{"$f":"IF(VLOOKUP(AF1182,Group,5,FALSE)=\"YES\",VLOOKUP(ROUND(ROUND(AJ1182,1)-AJ1182,2),Round,2,FALSE)+VLOOKUP(AF1182,Group,6,FALSE),0)","v":0},{"$f":"IF(VLOOKUP(AF1182,Group,7,FALSE)=\"\",0,ROUND(AJ1182-0.04999,1)-AJ1182+AM1182)","v":0},{"$f":"IF(VLOOKUP(AF1182,Group,7,FALSE)=\"\",\"\",VLOOKUP(AF1182,Group,7,FALSE))","v":""},null,"X"]
[null,"Field Tile",null,null,"48\" x 48\"",null,"Field",null,"Rectified",null,"Unpolished",null,null,null,null,"30.68 SF/CTN",null,null,{"$f":"IF(Suggested=\"Yes\",AA1183,AG1183)","v":13.8},"SF",{"$f":"+Instructions!$B$3","v":"G "},null,{"$f":"+Instructions!$C$22","v":0},{"$f":"ROUND($AA1183*(1-W1183)+0.004999,2)","v":13.8},null,"",13.8,{"$f":"+W1183","v":0},{"$f":"+X1183","v":13.8},{"$f":"(AG1183-AC1183)/AG1183","v":0},null,1,{"$f":"SUM(AJ1183:AL1183)+AE1183","v":13.8},null,null,{"$f":"ROUND(AC1183/(1-VLOOKUP(AF1183,Group,2,FALSE)),2)","v":13.8},{"$f":"IF(VLOOKUP(AF1183,Group,5,FALSE)=\"YES\",VLOOKUP(ROUND(ROUND(AJ1183,1)-AJ1183,2),Round,2,FALSE)+VLOOKUP(AF1183,Group,6,FALSE),0)","v":0},{"$f":"IF(VLOOKUP(AF1183,Group,7,FALSE)=\"\",0,ROUND(AJ1183-0.04999,1)-AJ1183+AM1183)","v":0},{"$f":"IF(VLOOKUP(AF1183,Group,7,FALSE)=\"\",\"\",VLOOKUP(AF1183,Group,7,FALSE))","v":""},null,"X"]
[null,null,null,null,null,null,null,null,null,null,null,null,null,null,null,null,null,null,null,null,null,null,null,null,null,null,null,null,null,null,null,null,null,null,null,null,null,null,null,null,"X"]
[null,"Field Tile",null,null,"48\" x 48\"",null,"Field",null,"Rectified",null,"Non-slip (ABS)",null,null,null,null,"30.68 SF/CTN",null,null,{"$f":"IF(Suggested=\"Yes\",AA1185,AG1185)","v":13.8},"SF",{"$f":"+Instructions!$B$3","v":"G "},null,{"$f":"+Instructions!$C$22","v":0},{"$f":"ROUND($AA1185*(1-W1185)+0.004999,2)","v":13.8},null,"",13.8,{"$f":"+W1185","v":0},{"$f":"+X1185","v":13.8},{"$f":"(AG1185-AC1185)/AG1185","v":0},null,1,{"$f":"SUM(AJ1185:AL1185)+AE1185","v":13.8},null,null,{"$f":"ROUND(AC1185/(1-VLOOKUP(AF1185,Group,2,FALSE)),2)","v":13.8},{"$f":"IF(VLOOKUP(AF1185,Group,5,FALSE)=\"YES\",VLOOKUP(ROUND(ROUND(AJ1185,1)-AJ1185,2),Round,2,FALSE)+VLOOKUP(AF1185,Group,6,FALSE),0)","v":0},{"$f":"IF(VLOOKUP(AF1185,Group,7,FALSE)=\"\",0,ROUND(AJ1185-0.04999,1)-AJ1185+AM1185)","v":0},{"$f":"IF(VLOOKUP(AF1185,Group,7,FALSE)=\"\",\"\",VLOOKUP(AF1185,Group,7,FALSE))","v":""},null,"X"]
[null,null,null,null,null,null,null,null,null,null,null,null,null,null,null,null,null,null,null,null,null,null,null,null,null,null,null,null,null,null,null,null,null,null,null,null,null,null,null,null,"X"]
[null,null,null,"Colors:","Athea          Marble Nouveau          Marble Sorrento",null,null,null,null,null,null,null,null,null,null,null,null,null,null,null,null,null,null,null,null,null,null,null,null,null,null,null,null,null,null,null,null,null,null,null,"X"]
[null,null," ",null,null,null,null,null,null,null,null,null,null,null,null,null,null,null,null,null,null,null,null,null,null,null,null,null,null,null,null,null,null,null,null,null,null,null,null,null,"X"]
[null,"Field Tile",null,null,"48\" x 48\"",null,"Field",null,"Rectified",null,"Polished",null,null,null,null,"30.68 SF/CTN",null,null,{"$f":"IF(Suggested=\"Yes\",AA1189,AG1189)","v":13.8},"SF",{"$f":"+Instructions!$B$3","v":"G "},null,{"$f":"+Instructions!$C$22","v":0},{"$f":"ROUND($AA1189*(1-W1189)+0.004999,2)","v":13.8},null,"",13.8,{"$f":"+W1189","v":0},{"$f":"+X1189","v":13.8},{"$f":"(AG1189-AC1189)/AG1189","v":0},null,1,{"$f":"SUM(AJ1189:AL1189)+AE1189","v":13.8},null,null,{"$f":"ROUND(AC1189/(1-VLOOKUP(AF1189,Group,2,FALSE)),2)","v":13.8},{"$f":"IF(VLOOKUP(AF1189,Group,5,FALSE)=\"YES\",VLOOKUP(ROUND(ROUND(AJ1189,1)-AJ1189,2),Round,2,FALSE)+VLOOKUP(AF1189,Group,6,FALSE),0)","v":0},{"$f":"IF(VLOOKUP(AF1189,Group,7,FALSE)=\"\",0,ROUND(AJ1189-0.04999,1)-AJ1189+AM1189)","v":0},{"$f":"IF(VLOOKUP(AF1189,Group,7,FALSE)=\"\",\"\",VLOOKUP(AF1189,Group,7,FALSE))","v":""},null,"X"]
[null,null,null,null,null,null,null,null,null,null,null,null,null,null,null,null,null,null,null,null,null,null,null,null,null,null,null,null,null,null,null,null,null,null,null,null,null,null,null,null,"X"]
[null,"Field Tile",null,null,"48\" x 48\"",null,"Field",null,"Rectified",null,"Unpolished",null,null,null,null,"30.68 SF/CTN",null,"b",{"$f":"IF(Suggested=\"Yes\",AA1191,AG1191)","v":13.8},"SF",{"$f":"+Instructions!$B$3","v":"G "},null,{"$f":"+Instructions!$C$22","v":0},{"$f":"ROUND($AA1191*(1-W1191)+0.004999,2)","v":13.8},null,"",13.8,{"$f":"+W1191","v":0},{"$f":"+X1191","v":13.8},{"$f":"(AG1191-AC1191)/AG1191","v":0},null,1,{"$f":"SUM(AJ1191:AL1191)+AE1191","v":13.8},null,null,{"$f":"ROUND(AC1191/(1-VLOOKUP(AF1191,Group,2,FALSE)),2)","v":13.8},{"$f":"IF(VLOOKUP(AF1191,Group,5,FALSE)=\"YES\",VLOOKUP(ROUND(ROUND(AJ1191,1)-AJ1191,2),Round,2,FALSE)+VLOOKUP(AF1191,Group,6,FALSE),0)","v":0},{"$f":"IF(VLOOKUP(AF1191,Group,7,FALSE)=\"\",0,ROUND(AJ1191-0.04999,1)-AJ1191+AM1191)","v":0},{"$f":"IF(VLOOKUP(AF1191,Group,7,FALSE)=\"\",\"\",VLOOKUP(AF1191,Group,7,FALSE))","v":""},null,"X"]
[null,null,null,null,null,null,null,null,null,null,null,null,null,null,null,null,null,null,null,null,null,null,null,null,null,null,null,null,null,null,null,null,null,null,null,null,null,null,null,null,"X"]
[null,null,null,"Colors:","Marble Parana",null,null,null,null,null,null,null,null,null,null,null,null,null,null,null,null,null,null,null,null,null,null,null,null,null,null,null,null,null,null,null,null,null,null,null,"X"]
[null,null," ",null,null,null,null,null,null,null,null,null,null,null,null,null,null,null,null,null,null,null,null,null,null,null,null,null,null,null,null,null,null,null,null,null,null,null,null,null,"X"]
[null,"Field Tile",null,null,"48\" x 48\"",null,"Field",null,"Rectified",null,"Polished",null,null,null,null,"30.68 SF/CTN",null,null,{"$f":"IF(Suggested=\"Yes\",AA1195,AG1195)","v":13.8},"SF",{"$f":"+Instructions!$B$3","v":"G "},null,{"$f":"+Instructions!$C$22","v":0},{"$f":"ROUND($AA1195*(1-W1195)+0.004999,2)","v":13.8},null,"",13.8,{"$f":"+W1195","v":0},{"$f":"+X1195","v":13.8},{"$f":"(AG1195-AC1195)/AG1195","v":0},null,1,{"$f":"SUM(AJ1195:AL1195)+AE1195","v":13.8},null,null,{"$f":"ROUND(AC1195/(1-VLOOKUP(AF1195,Group,2,FALSE)),2)","v":13.8},{"$f":"IF(VLOOKUP(AF1195,Group,5,FALSE)=\"YES\",VLOOKUP(ROUND(ROUND(AJ1195,1)-AJ1195,2),Round,2,FALSE)+VLOOKUP(AF1195,Group,6,FALSE),0)","v":0},{"$f":"IF(VLOOKUP(AF1195,Group,7,FALSE)=\"\",0,ROUND(AJ1195-0.04999,1)-AJ1195+AM1195)","v":0},{"$f":"IF(VLOOKUP(AF1195,Group,7,FALSE)=\"\",\"\",VLOOKUP(AF1195,Group,7,FALSE))","v":""},null,"X"]
[null,"Field Tile",null,null,"48\" x 98\"",null,"Field",null,"Rectified",null,"Polished",null,null,null,null,"32.18 SF/CTN",null,"c",{"$f":"IF(Suggested=\"Yes\",AA1196,AG1196)","v":26.9},"SF",{"$f":"+Instructions!$B$3","v":"G "},null,{"$f":"+Instructions!$C$22","v":0},{"$f":"ROUND($AA1196*(1-W1196)+0.004999,2)","v":26.9},null,"",26.9,{"$f":"+W1196","v":0},{"$f":"+X1196","v":26.9},{"$f":"(AG1196-AC1196)/AG1196","v":0},null,1,{"$f":"SUM(AJ1196:AL1196)+AE1196","v":26.9},null,null,{"$f":"ROUND(AC1196/(1-VLOOKUP(AF1196,Group,2,FALSE)),2)","v":26.9},{"$f":"IF(VLOOKUP(AF1196,Group,5,FALSE)=\"YES\",VLOOKUP(ROUND(ROUND(AJ1196,1)-AJ1196,2),Round,2,FALSE)+VLOOKUP(AF1196,Group,6,FALSE),0)","v":0},{"$f":"IF(VLOOKUP(AF1196,Group,7,FALSE)=\"\",0,ROUND(AJ1196-0.04999,1)-AJ1196+AM1196)","v":0},{"$f":"IF(VLOOKUP(AF1196,Group,7,FALSE)=\"\",\"\",VLOOKUP(AF1196,Group,7,FALSE))","v":""},null,"X"]
[null,null,null,null,null,null,null,null,null,null,null,null,null,null,null,null,null,null,null,null,null,null,null,null,null,null,null,null,null,null,null,null,null,null,null,null,null,null,null,null,"X"]
[null,null,null,"Color:","Agata Arena",null,null,null,null,null,null,null,null,null,null,null,null,null,null,null,null,null,null,null,null,null,null,null,null,null,null,null,null,null,null,null,null,null,null,null,"X"]
[null,null," ",null,null,null,null,null,null,null,null,null,null,null,null,null,null,null,null,null,null,null,null,null,null,null,null,null,null,null,null,null,null,null,null,null,null,null,null,null,"X"]
[null,"Field Tile",null,null,"24\" x 48\"",null,"Field",null,"Rectified",null,"Polished",null,null,null,null,"22.93 SF/CTN",null,null,{"$f":"IF(Suggested=\"Yes\",AA1200,AG1200)","v":9.85},"SF",{"$f":"+Instructions!$B$3","v":"G "},null,{"$f":"+Instructions!$C$22","v":0},{"$f":"ROUND($AA1200*(1-W1200)+0.004999,2)","v":9.85},null,"",9.85,{"$f":"+W1200","v":0},{"$f":"+X1200","v":9.85},{"$f":"(AG1200-AC1200)/AG1200","v":0},null,1,{"$f":"SUM(AJ1200:AL1200)+AE1200","v":9.85},null,null,{"$f":"ROUND(AC1200/(1-VLOOKUP(AF1200,Group,2,FALSE)),2)","v":9.85},{"$f":"IF(VLOOKUP(AF1200,Group,5,FALSE)=\"YES\",VLOOKUP(ROUND(ROUND(AJ1200,1)-AJ1200,2),Round,2,FALSE)+VLOOKUP(AF1200,Group,6,FALSE),0)","v":0},{"$f":"IF(VLOOKUP(AF1200,Group,7,FALSE)=\"\",0,ROUND(AJ1200-0.04999,1)-AJ1200+AM1200)","v":0},{"$f":"IF(VLOOKUP(AF1200,Group,7,FALSE)=\"\",\"\",VLOOKUP(AF1200,Group,7,FALSE))","v":""},null,"X"]
[null,null,null,null,null,null,null,null,null,null,null,null,null,null,null,null,null,null,null,null,null,null,null,null,null,null,null,null,null,null,null,null,null,null,null,null,null,null,null,null,"X"]
[null,null,null,"Colors:","Allure          Fossil          Pulpis Intenso          Statuario",null,null,null,null,null,null,null,null,null,null,null,null,null,null,null,null,null,null,null,null,null,null,null,null,null,null,null,null,null,null,null,null,null,null,null,"X"]
[null,null," ",null,null,null,null,null,null,null,null,null,null,null,null,null,null,null,null,null,null,null,null,null,null,null,null,null,null,null,null,null,null,null,null,null,null,null,null,null,"X"]
[null,"Field Tile",null,null,"40\" x 80\"",null,"Field",null,"Rectified",null,"Polished",null,null,null,null,"21.53 SF/CTN",null,"d",{"$f":"IF(Suggested=\"Yes\",AA1204,AG1204)","v":24},"SF",{"$f":"+Instructions!$B$3","v":"G "},null,{"$f":"+Instructions!$C$22","v":0},{"$f":"ROUND($AA1204*(1-W1204)+0.004999,2)","v":24},null,"",24,{"$f":"+W1204","v":0},{"$f":"+X1204","v":24},{"$f":"(AG1204-AC1204)/AG1204","v":0},null,1,{"$f":"SUM(AJ1204:AL1204)+AE1204","v":24},null,null,{"$f":"ROUND(AC1204/(1-VLOOKUP(AF1204,Group,2,FALSE)),2)","v":24},{"$f":"IF(VLOOKUP(AF1204,Group,5,FALSE)=\"YES\",VLOOKUP(ROUND(ROUND(AJ1204,1)-AJ1204,2),Round,2,FALSE)+VLOOKUP(AF1204,Group,6,FALSE),0)","v":0},{"$f":"IF(VLOOKUP(AF1204,Group,7,FALSE)=\"\",0,ROUND(AJ1204-0.04999,1)-AJ1204+AM1204)","v":0},{"$f":"IF(VLOOKUP(AF1204,Group,7,FALSE)=\"\",\"\",VLOOKUP(AF1204,Group,7,FALSE))","v":""},null,"X"]
[null,null,null,null,null,null,null,null,null,null,null,null,null,null,null,null,null,null,null,null,null,null,null,null,null,null,null,null,null,null,null,null,null,null,null,null,null,null,null,null,"X"]
[null,null,null,"Color:","Iron",null,null,null,null,null,null,null,null,null,null,null,null,null,null,null,null,null,null,null,null,null,null,null,null,null,null,null,null,null,null,null,null,null,null,null,"X"]
[null,null," ",null,null,null,null,null,null,null,null,null,null,null,null,null,null,null,null,null,null,null,null,null,null,null,null,null,null,null,null,null,null,null,null,null,null,null,null,null,"X"]
[null,"Field Tile",null,null,"40\" x 80\"",null,"Field",null,"Rectified",null,"Polished",null,null,null,null,"21.53 SF/CTN",null,"d",{"$f":"IF(Suggested=\"Yes\",AA1208,AG1208)","v":24},"SF",{"$f":"+Instructions!$B$3","v":"G "},null,{"$f":"+Instructions!$C$22","v":0},{"$f":"ROUND($AA1208*(1-W1208)+0.004999,2)","v":24},null,"",24,{"$f":"+W1208","v":0},{"$f":"+X1208","v":24},{"$f":"(AG1208-AC1208)/AG1208","v":0},null,1,{"$f":"SUM(AJ1208:AL1208)+AE1208","v":24},null,null,{"$f":"ROUND(AC1208/(1-VLOOKUP(AF1208,Group,2,FALSE)),2)","v":24},{"$f":"IF(VLOOKUP(AF1208,Group,5,FALSE)=\"YES\",VLOOKUP(ROUND(ROUND(AJ1208,1)-AJ1208,2),Round,2,FALSE)+VLOOKUP(AF1208,Group,6,FALSE),0)","v":0},{"$f":"IF(VLOOKUP(AF1208,Group,7,FALSE)=\"\",0,ROUND(AJ1208-0.04999,1)-AJ1208+AM1208)","v":0},{"$f":"IF(VLOOKUP(AF1208,Group,7,FALSE)=\"\",\"\",VLOOKUP(AF1208,Group,7,FALSE))","v":""},null,"X"]
[null,null,null,null,null,null,null,null,null,null,null,null,null,null,null,null,null,null,null,null,null,null,null,null,null,null,null,null,null,null,null,null,null,null,null,null,null,null,null,null,"X"]
[null,"Field Tile",null,null,"40\" x 80\"",null,"Field",null,"Rectified",null,"Unpolished",null,null,null,null,"21.53 SF/CTN",null,"d",{"$f":"IF(Suggested=\"Yes\",AA1210,AG1210)","v":24},"SF",{"$f":"+Instructions!$B$3","v":"G "},null,{"$f":"+Instructions!$C$22","v":0},{"$f":"ROUND($AA1210*(1-W1210)+0.004999,2)","v":24},null,"",24,{"$f":"+W1210","v":0},{"$f":"+X1210","v":24},{"$f":"(AG1210-AC1210)/AG1210","v":0},null,1,{"$f":"SUM(AJ1210:AL1210)+AE1210","v":24},null,null,{"$f":"ROUND(AC1210/(1-VLOOKUP(AF1210,Group,2,FALSE)),2)","v":24},{"$f":"IF(VLOOKUP(AF1210,Group,5,FALSE)=\"YES\",VLOOKUP(ROUND(ROUND(AJ1210,1)-AJ1210,2),Round,2,FALSE)+VLOOKUP(AF1210,Group,6,FALSE),0)","v":0},{"$f":"IF(VLOOKUP(AF1210,Group,7,FALSE)=\"\",0,ROUND(AJ1210-0.04999,1)-AJ1210+AM1210)","v":0},{"$f":"IF(VLOOKUP(AF1210,Group,7,FALSE)=\"\",\"\",VLOOKUP(AF1210,Group,7,FALSE))","v":""},null,"X"]
[null,null,null,null,null,null,null,null,null,null,null,null,null,null,null,null,null,null,null,null,null,null,null,null,null,null,null,null,null,null,null,null,null,null,null,null,null,null,null,null,"X"]
[null,null,null,"Color:","Nero Caressi          Topazio",null,null,null,null,null,null,null,null,null,null,null,null,null,null,null,null,null,null,null,null,null,null,null,null,null,null,null,null,null,null,null,null,null,null,null,"X"]
[null,null," ",null,null,null,null,null,null,null,null,null,null,null,null,null,null,null,null,null,null,null,null,null,null,null,null,null,null,null,null,null,null,null,null,null,null,null,null,null,"X"]
[null,"Field Tile",null,null,"48\" x 98\"",null,"Field",null,"Rectified",null,"Polished",null,null,null,null,"32.18 SF/CTN",null,"c",{"$f":"IF(Suggested=\"Yes\",AA1214,AG1214)","v":26.9},"SF",{"$f":"+Instructions!$B$3","v":"G "},null,{"$f":"+Instructions!$C$22","v":0},{"$f":"ROUND($AA1214*(1-W1214)+0.004999,2)","v":26.9},null,"",26.9,{"$f":"+W1214","v":0},{"$f":"+X1214","v":26.9},{"$f":"(AG1214-AC1214)/AG1214","v":0},null,1,{"$f":"SUM(AJ1214:AL1214)+AE1214","v":26.9},null,null,{"$f":"ROUND(AC1214/(1-VLOOKUP(AF1214,Group,2,FALSE)),2)","v":26.9},{"$f":"IF(VLOOKUP(AF1214,Group,5,FALSE)=\"YES\",VLOOKUP(ROUND(ROUND(AJ1214,1)-AJ1214,2),Round,2,FALSE)+VLOOKUP(AF1214,Group,6,FALSE),0)","v":0},{"$f":"IF(VLOOKUP(AF1214,Group,7,FALSE)=\"\",0,ROUND(AJ1214-0.04999,1)-AJ1214+AM1214)","v":0},{"$f":"IF(VLOOKUP(AF1214,Group,7,FALSE)=\"\",\"\",VLOOKUP(AF1214,Group,7,FALSE))","v":""},null,"X"]
[null,null,null,null,null,null,null,null,null,null,null,null,null,null,null,null,null,null,null,null,null,null,null,null,null,null,null,null,null,null,null,null,null,null,null,null,null,null,null,null,"X"]
[null,null,null,"Notes:","a) Not available in color Marble Lassa.",null,null,null,null,null,null,null,null,null,null,null,null,null,null,null,null,null,null,null,null,null,null,null,null,null,null,null,null,null,null,null,null,null,null,null,"X"]
[null,null,null,null,"b) Available in color Marble Nouveau only.",null,null,null,null,null,null,null,null,null,null,null,null,null,null,null,null,null,null,null,null,null,null,null,null,null,null,null,null,null,null,null,null,null,null,null,"X"]
[null,null,null,null,"c) There is a broken pallet charge of $84.50 for orders that are less than one full pallet.  There is 965.40 sf per pallet.",null,null,null,null,null,null,null,null,null,null,null,null,null,null,null,null,null,null,null,null,null,null,null,null,null,null,null,null,null,null,null,null,null,null,null,"X"]
[null,null,null,null,"d) There is a broken pallet charge of $84.50 for orders that are less than one full pallet.  There is 947.32 sf per pallet.",null,null,null,null,null,null,null,null,null,null,null,null,null,null,null,null,null,null,null,null,null,null,null,null,null,null,null,null,null,null,null,null,null,null,null,"X"]
[null,null,null,null,null,null,null,null,null,null,null,null,null,null,null,null,null,null,null,null,null,null,null,null,null,null,null,null,null,null,null,null,null,null,null,null,null,null,null,null,"X"]
[null,null,"ST. TROPEZ - Glazed Ceramic Wall",null,null,null,null,null,null,null,null,null,null,null,null,null,null,"Item # Lookup:","ROSA",null,null,null,null,null,null,null,null,null,null,null,null,null,null,null,null,null,null,null,null,null,"X"]
[null,null,null,null,null,null,null,null,null,null,null,null,null,null,null,null,null,null,null,null,null,null,null,null,null,null,null,null,null,null,null,null,null,null,null,null,null,null,null,null,"X"]
[null,null,null,"Colors:","Blanco          Gris",null,null,null,null,null,null,null,null,null,null,null,null,null,null,null,null,null,null,null,null,null,null,null,null,null,null,null,null,null,null,null,null,null,null,null,"X"]
[null,null,null,null,null,null,null,null,null,null,null,null,null,null,null,null,null,null,null,null,null,null,null,null,null,null,null,null,null,null,null,null,null,null,null,null,null,null,null,null,"X"]
[null,"Field Tile",null,null,"2-1/2\" x 5\"",null,"Field",null,null,null,null,null,null,null,null,"5.38 SF/CTN",null,null,{"$f":"IF(Suggested=\"Yes\",AA1225,AG1225)","v":13.65},"SF",{"$f":"+Instructions!$B$3","v":"G "},null,{"$f":"+Instructions!$C$22","v":0},{"$f":"ROUND($AA1225*(1-W1225)+0.004999,2)","v":13.65},null,"",13.65,{"$f":"+W1225","v":0},{"$f":"+X1225","v":13.65},{"$f":"(AG1225-AC1225)/AG1225","v":0},null,1,{"$f":"SUM(AJ1225:AL1225)+AE1225","v":13.65},null,null,{"$f":"ROUND(AC1225/(1-VLOOKUP(AF1225,Group,2,FALSE)),2)","v":13.65},{"$f":"IF(VLOOKUP(AF1225,Group,5,FALSE)=\"YES\",VLOOKUP(ROUND(ROUND(AJ1225,1)-AJ1225,2),Round,2,FALSE)+VLOOKUP(AF1225,Group,6,FALSE),0)","v":0},{"$f":"IF(VLOOKUP(AF1225,Group,7,FALSE)=\"\",0,ROUND(AJ1225-0.04999,1)-AJ1225+AM1225)","v":0},{"$f":"IF(VLOOKUP(AF1225,Group,7,FALSE)=\"\",\"\",VLOOKUP(AF1225,Group,7,FALSE))","v":""},null,"X"]
[null,"Field Tile",null,null,"5\" x 5\"",null,"Field",null,null,null,null,null,null,null,null,"5.38 SF/CTN",null,null,{"$f":"IF(Suggested=\"Yes\",AA1226,AG1226)","v":11.4},"SF",{"$f":"+Instructions!$B$3","v":"G "},null,{"$f":"+Instructions!$C$22","v":0},{"$f":"ROUND($AA1226*(1-W1226)+0.004999,2)","v":11.4},null,"",11.4,{"$f":"+W1226","v":0},{"$f":"+X1226","v":11.4},{"$f":"(AG1226-AC1226)/AG1226","v":0},null,1,{"$f":"SUM(AJ1226:AL1226)+AE1226","v":11.4},null,null,{"$f":"ROUND(AC1226/(1-VLOOKUP(AF1226,Group,2,FALSE)),2)","v":11.4},{"$f":"IF(VLOOKUP(AF1226,Group,5,FALSE)=\"YES\",VLOOKUP(ROUND(ROUND(AJ1226,1)-AJ1226,2),Round,2,FALSE)+VLOOKUP(AF1226,Group,6,FALSE),0)","v":0},{"$f":"IF(VLOOKUP(AF1226,Group,7,FALSE)=\"\",0,ROUND(AJ1226-0.04999,1)-AJ1226+AM1226)","v":0},{"$f":"IF(VLOOKUP(AF1226,Group,7,FALSE)=\"\",\"\",VLOOKUP(AF1226,Group,7,FALSE))","v":""},null,"X"]
[null,null,null,null,null,null,null,null,null,null,null,null,null,null,null,null,null,null,null,null,null,null,null,null,null,null,null,null,null,null,null,null,null,null,null,null,null,null,null,null,"X"]
[null,"Trim",null,null,"2-1/2\" x 5\"",null,"Bullnose",null,null,null,null,null,null,null,null,null,null,null,{"$f":"IF(Suggested=\"Yes\",AA1228,AG1228)","v":12.1},"EA",{"$f":"+Instructions!$B$3","v":"G "},null,{"$f":"+Instructions!$C$22","v":0},{"$f":"ROUND($AA1228*(1-W1228)+0.004999,2)","v":12.1},null,"",12.1,{"$f":"+W1228","v":0},{"$f":"+X1228","v":12.1},{"$f":"(AG1228-AC1228)/AG1228","v":0},null,2,{"$f":"SUM(AJ1228:AL1228)+AE1228","v":12.1},null,null,{"$f":"ROUND(AC1228/(1-VLOOKUP(AF1228,Group,2,FALSE)),2)","v":12.1},{"$f":"IF(VLOOKUP(AF1228,Group,5,FALSE)=\"YES\",VLOOKUP(ROUND(ROUND(AJ1228,1)-AJ1228,2),Round,2,FALSE)+VLOOKUP(AF1228,Group,6,FALSE),0)","v":0},{"$f":"IF(VLOOKUP(AF1228,Group,7,FALSE)=\"\",0,ROUND(AJ1228-0.04999,1)-AJ1228+AM1228)","v":0},{"$f":"IF(VLOOKUP(AF1228,Group,7,FALSE)=\"\",\"\",VLOOKUP(AF1228,Group,7,FALSE))","v":""},null,"X"]
[null,"Trim",null,null,"5\" x 5\"",null,"Bullnose",null,null,null,null,null,null,null,null,null,null,"a",{"$f":"IF(Suggested=\"Yes\",AA1229,AG1229)","v":12.15},"EA",{"$f":"+Instructions!$B$3","v":"G "},null,{"$f":"+Instructions!$C$22","v":0},{"$f":"ROUND($AA1229*(1-W1229)+0.004999,2)","v":12.15},null,"",12.15,{"$f":"+W1229","v":0},{"$f":"+X1229","v":12.15},{"$f":"(AG1229-AC1229)/AG1229","v":0},null,2,{"$f":"SUM(AJ1229:AL1229)+AE1229","v":12.15},null,null,{"$f":"ROUND(AC1229/(1-VLOOKUP(AF1229,Group,2,FALSE)),2)","v":12.15},{"$f":"IF(VLOOKUP(AF1229,Group,5,FALSE)=\"YES\",VLOOKUP(ROUND(ROUND(AJ1229,1)-AJ1229,2),Round,2,FALSE)+VLOOKUP(AF1229,Group,6,FALSE),0)","v":0},{"$f":"IF(VLOOKUP(AF1229,Group,7,FALSE)=\"\",0,ROUND(AJ1229-0.04999,1)-AJ1229+AM1229)","v":0},{"$f":"IF(VLOOKUP(AF1229,Group,7,FALSE)=\"\",\"\",VLOOKUP(AF1229,Group,7,FALSE))","v":""},null,"X"]
[null,null,null,null,null,null,null,null,null,null,null,null,null,null,null,null,null,null,null,null,null,null,null,null,null,null,null,null,null,null,null,null,null,null,null,null,null,null,null,null,"X"]
[null,null,null,"Colors:","Azul          Bronce          Coral          Verde",null,null,null,null,null,null,null,null,null,null,null,null,null,null,null,null,null,null,null,null,null,null,null,null,null,null,null,null,null,null,null,null,null,null,null,"X"]
[null,null,null,null,null,null,null,null,null,null,null,null,null,null,null,null,null,null,null,null,null,null,null,null,null,null,null,null,null,null,null,null,null,null,null,null,null,null,null,null,"X"]
[null,"Field Tile",null,null,"2-1/2\" x 5\"",null,"Field",null,null,null,null,null,null,null,null,"5.38 SF/CTN",null,null,{"$f":"IF(Suggested=\"Yes\",AA1233,AG1233)","v":15.1},"SF",{"$f":"+Instructions!$B$3","v":"G "},null,{"$f":"+Instructions!$C$22","v":0},{"$f":"ROUND($AA1233*(1-W1233)+0.004999,2)","v":15.1},null,"",15.1,{"$f":"+W1233","v":0},{"$f":"+X1233","v":15.1},{"$f":"(AG1233-AC1233)/AG1233","v":0},null,1,{"$f":"SUM(AJ1233:AL1233)+AE1233","v":15.1},null,null,{"$f":"ROUND(AC1233/(1-VLOOKUP(AF1233,Group,2,FALSE)),2)","v":15.1},{"$f":"IF(VLOOKUP(AF1233,Group,5,FALSE)=\"YES\",VLOOKUP(ROUND(ROUND(AJ1233,1)-AJ1233,2),Round,2,FALSE)+VLOOKUP(AF1233,Group,6,FALSE),0)","v":0},{"$f":"IF(VLOOKUP(AF1233,Group,7,FALSE)=\"\",0,ROUND(AJ1233-0.04999,1)-AJ1233+AM1233)","v":0},{"$f":"IF(VLOOKUP(AF1233,Group,7,FALSE)=\"\",\"\",VLOOKUP(AF1233,Group,7,FALSE))","v":""},null,"X"]
[null,"Field Tile",null,null,"5\" x 5\"",null,"Field",null,null,null,null,null,null,null,null,"5.38 SF/CTN",null,null,{"$f":"IF(Suggested=\"Yes\",AA1234,AG1234)","v":12.3},"SF",{"$f":"+Instructions!$B$3","v":"G "},null,{"$f":"+Instructions!$C$22","v":0},{"$f":"ROUND($AA1234*(1-W1234)+0.004999,2)","v":12.3},null,"",12.3,{"$f":"+W1234","v":0},{"$f":"+X1234","v":12.3},{"$f":"(AG1234-AC1234)/AG1234","v":0},null,1,{"$f":"SUM(AJ1234:AL1234)+AE1234","v":12.3},null,null,{"$f":"ROUND(AC1234/(1-VLOOKUP(AF1234,Group,2,FALSE)),2)","v":12.3},{"$f":"IF(VLOOKUP(AF1234,Group,5,FALSE)=\"YES\",VLOOKUP(ROUND(ROUND(AJ1234,1)-AJ1234,2),Round,2,FALSE)+VLOOKUP(AF1234,Group,6,FALSE),0)","v":0},{"$f":"IF(VLOOKUP(AF1234,Group,7,FALSE)=\"\",0,ROUND(AJ1234-0.04999,1)-AJ1234+AM1234)","v":0},{"$f":"IF(VLOOKUP(AF1234,Group,7,FALSE)=\"\",\"\",VLOOKUP(AF1234,Group,7,FALSE))","v":""},null,"X"]
[null,null,null,null,null,null,null,null,null,null,null,null,null,null,null,null,null,null,null,null,null,null,null,null,null,null,null,null,null,null,null,null,null,null,null,null,null,null,null,null,"X"]
[null,"Trim",null,null,"2-1/2\" x 5\"",null,"Bullnose",null,null,null,null,null,null,null,null,null,null,null,{"$f":"IF(Suggested=\"Yes\",AA1236,AG1236)","v":13.6},"EA",{"$f":"+Instructions!$B$3","v":"G "},null,{"$f":"+Instructions!$C$22","v":0},{"$f":"ROUND($AA1236*(1-W1236)+0.004999,2)","v":13.6},null,"",13.6,{"$f":"+W1236","v":0},{"$f":"+X1236","v":13.6},{"$f":"(AG1236-AC1236)/AG1236","v":0},null,2,{"$f":"SUM(AJ1236:AL1236)+AE1236","v":13.6},null,null,{"$f":"ROUND(AC1236/(1-VLOOKUP(AF1236,Group,2,FALSE)),2)","v":13.6},{"$f":"IF(VLOOKUP(AF1236,Group,5,FALSE)=\"YES\",VLOOKUP(ROUND(ROUND(AJ1236,1)-AJ1236,2),Round,2,FALSE)+VLOOKUP(AF1236,Group,6,FALSE),0)","v":0},{"$f":"IF(VLOOKUP(AF1236,Group,7,FALSE)=\"\",0,ROUND(AJ1236-0.04999,1)-AJ1236+AM1236)","v":0},{"$f":"IF(VLOOKUP(AF1236,Group,7,FALSE)=\"\",\"\",VLOOKUP(AF1236,Group,7,FALSE))","v":""},null,"X"]
[null,null,null,null,null,null,null,null,null,null,null,null,null,null,null,null,null,null,null,null,null,null,null,null,null,null,null,null,null,null,null,null,null,null,null,null,null,null,null,null,"X"]
[null,null,null,"Note:","a) Available in color Blanco only.",null,null,null,null,null,null,null,null,null,null,null,null,null,null,null,null,null,null,null,null,null,null,null,null,null,null,null,null,null,null,null,null,null,null,null,"X"]
[null,null,null,null,null,null,null,null,null,null,null,null,null,null,null,null,null,null,null,null,null,null,null,null,null,null,null,null,null,null,null,null,null,null,null,null,null,null,null,null,"X"]
[null,null,"STATUARY - Glazed & Polished Porcelain Floor & Glazed Ceramic Wall",null,null,null,null,null,null,null,null,null,null,null,null,null,null,"Item # Lookup:","ROST",null,null,null,null,null,null,null,null,null,null,null,null,null,null,null,null,null,null,null,null,null,"X"]
[null,null,null,null,null,null,null,null,null,null,null,null,null,null,null,null,null,null,null,null,null,null,null,null,null,null,null,null,null,null,null,null,null,null,null,null,null,null,null,null,"X"]
[null,null,null,"Color:","Statuary White",null,null,null,null,null,null,null,null,null,null,null,null,null,null,null,null,null,null,null,null,null,null,null,null,null,null,null,null,null,null,null,null,null,null,null,"X"]
[null,null,null,null,null,null,null,null,null,null,null,null,null,null,null,null,null,null,null,null,null,null,null,null,null,null,null,null,null,null,null,null,null,null,null,null,null,null,null,null,"X"]
[null,"Field Tile",null,"Floor:","12\" x 24\"",null,"Field",null,"Rectified",null,"Polished",null,null,null,null,"18.94 SF/CTN",null,null,{"$f":"IF(Suggested=\"Yes\",AA1244,AG1244)","v":7.35},"SF",{"$f":"+Instructions!$B$3","v":"G "},null,{"$f":"+Instructions!$C$22","v":0},{"$f":"ROUND($AA1244*(1-W1244)+0.004999,2)","v":7.35},null,"",7.35,{"$f":"+W1244","v":0},7.35,{"$f":"(AG1244-AC1244)/AG1244","v":0},null,1,{"$f":"SUM(AJ1244:AL1244)+AE1244","v":7.35},null,null,{"$f":"ROUND(AC1244/(1-VLOOKUP(AF1244,Group,2,FALSE)),2)","v":7.35},{"$f":"IF(VLOOKUP(AF1244,Group,5,FALSE)=\"YES\",VLOOKUP(ROUND(ROUND(AJ1244,1)-AJ1244,2),Round,2,FALSE)+VLOOKUP(AF1244,Group,6,FALSE),0)","v":0},{"$f":"IF(VLOOKUP(AF1244,Group,7,FALSE)=\"\",0,ROUND(AJ1244-0.04999,1)-AJ1244+AM1244)","v":0},{"$f":"IF(VLOOKUP(AF1244,Group,7,FALSE)=\"\",\"\",VLOOKUP(AF1244,Group,7,FALSE))","v":""},null,"X"]
[null,"Field Tile",null,null,"24\" x 24\"",null,"Field",null,"Rectified",null,"Polished",null,null,null,null,"19.05 SF/CTN",null,null,{"$f":"IF(Suggested=\"Yes\",AA1245,AG1245)","v":7.35},"SF",{"$f":"+Instructions!$B$3","v":"G "},null,{"$f":"+Instructions!$C$22","v":0},{"$f":"ROUND($AA1245*(1-W1245)+0.004999,2)","v":7.35},null,"",7.35,0,7.35,{"$f":"(AG1245-AC1245)/AG1245","v":0},null,1,{"$f":"SUM(AJ1245:AL1245)+AE1245","v":7.35},null,null,{"$f":"ROUND(AC1245/(1-VLOOKUP(AF1245,Group,2,FALSE)),2)","v":7.35},{"$f":"IF(VLOOKUP(AF1245,Group,5,FALSE)=\"YES\",VLOOKUP(ROUND(ROUND(AJ1245,1)-AJ1245,2),Round,2,FALSE)+VLOOKUP(AF1245,Group,6,FALSE),0)","v":0},{"$f":"IF(VLOOKUP(AF1245,Group,7,FALSE)=\"\",0,ROUND(AJ1245-0.04999,1)-AJ1245+AM1245)","v":0},{"$f":"IF(VLOOKUP(AF1245,Group,7,FALSE)=\"\",\"\",VLOOKUP(AF1245,Group,7,FALSE))","v":""},null,"X"]
[null,"Field Tile",null,null,"35\" x 35\"",null,"Field",null,"Rectified",null,"Polished",null,null,null,null,"25.87 SF/CTN",null,null,{"$f":"IF(Suggested=\"Yes\",AA1246,AG1246)","v":8.35},"SF",{"$f":"+Instructions!$B$3","v":"G "},null,{"$f":"+Instructions!$C$22","v":0},{"$f":"ROUND($AA1246*(1-W1246)+0.004999,2)","v":8.35},null,"",8.35,0,8.35,{"$f":"(AG1246-AC1246)/AG1246","v":0},null,1,{"$f":"SUM(AJ1246:AL1246)+AE1246","v":8.35},null,null,{"$f":"ROUND(AC1246/(1-VLOOKUP(AF1246,Group,2,FALSE)),2)","v":8.35},{"$f":"IF(VLOOKUP(AF1246,Group,5,FALSE)=\"YES\",VLOOKUP(ROUND(ROUND(AJ1246,1)-AJ1246,2),Round,2,FALSE)+VLOOKUP(AF1246,Group,6,FALSE),0)","v":0},{"$f":"IF(VLOOKUP(AF1246,Group,7,FALSE)=\"\",0,ROUND(AJ1246-0.04999,1)-AJ1246+AM1246)","v":0},{"$f":"IF(VLOOKUP(AF1246,Group,7,FALSE)=\"\",\"\",VLOOKUP(AF1246,Group,7,FALSE))","v":""},null,"X"]
[null,"Field Tile",null,null,"24\" x 48\"",null,"Field",null,"Rectified",null,"Polished",null,null,null,null,"15.28 SF/CTN",null,"a",{"$f":"IF(Suggested=\"Yes\",AA1247,AG1247)","v":8.6999999999999993},"SF",{"$f":"+Instructions!$B$3","v":"G "},null,{"$f":"+Instructions!$C$22","v":0},{"$f":"ROUND($AA1247*(1-W1247)+0.004999,2)","v":8.6999999999999993},null,"",8.6999999999999993,0,8.6999999999999993,{"$f":"(AG1247-AC1247)/AG1247","v":0},null,1,{"$f":"SUM(AJ1247:AL1247)+AE1247","v":8.6999999999999993},null,null,{"$f":"ROUND(AC1247/(1-VLOOKUP(AF1247,Group,2,FALSE)),2)","v":8.6999999999999993},{"$f":"IF(VLOOKUP(AF1247,Group,5,FALSE)=\"YES\",VLOOKUP(ROUND(ROUND(AJ1247,1)-AJ1247,2),Round,2,FALSE)+VLOOKUP(AF1247,Group,6,FALSE),0)","v":0},{"$f":"IF(VLOOKUP(AF1247,Group,7,FALSE)=\"\",0,ROUND(AJ1247-0.04999,1)-AJ1247+AM1247)","v":0},{"$f":"IF(VLOOKUP(AF1247,Group,7,FALSE)=\"\",\"\",VLOOKUP(AF1247,Group,7,FALSE))","v":""},null,"X"]
[null,null,null,null,null,null,null,null,null,null,null,null,null,null,null,null,null,null,null,null,null,null,null,null,null,null,null,null,null,null,null,null,null,null,null,null,null,null,null,null,"X"]
[null,"Field Tile",null,null,"12\" x 24\"",null,"Field",null,"Rectified",null,"Unpolished",null,null,null,null,"19.38 SF/CTN",null,null,{"$f":"IF(Suggested=\"Yes\",AA1249,AG1249)","v":6.3},"SF",{"$f":"+Instructions!$B$3","v":"G "},null,{"$f":"+Instructions!$C$22","v":0},{"$f":"ROUND($AA1249*(1-W1249)+0.004999,2)","v":6.3},null,"",6.3,{"$f":"+W1249","v":0},{"$f":"+X1249","v":6.3},{"$f":"(AG1249-AC1249)/AG1249","v":0},null,1,{"$f":"SUM(AJ1249:AL1249)+AE1249","v":6.3},null,null,{"$f":"ROUND(AC1249/(1-VLOOKUP(AF1249,Group,2,FALSE)),2)","v":6.3},{"$f":"IF(VLOOKUP(AF1249,Group,5,FALSE)=\"YES\",VLOOKUP(ROUND(ROUND(AJ1249,1)-AJ1249,2),Round,2,FALSE)+VLOOKUP(AF1249,Group,6,FALSE),0)","v":0},{"$f":"IF(VLOOKUP(AF1249,Group,7,FALSE)=\"\",0,ROUND(AJ1249-0.04999,1)-AJ1249+AM1249)","v":0},{"$f":"IF(VLOOKUP(AF1249,Group,7,FALSE)=\"\",\"\",VLOOKUP(AF1249,Group,7,FALSE))","v":""},null,"X"]
[null,"Field Tile",null,null,"24\" x 24\"",null,"Field",null,"Rectified",null,"Unpolished",null,null,null,null,"15.50 SF/CTN",null,null,{"$f":"IF(Suggested=\"Yes\",AA1250,AG1250)","v":6.4},"SF",{"$f":"+Instructions!$B$3","v":"G "},null,{"$f":"+Instructions!$C$22","v":0},{"$f":"ROUND($AA1250*(1-W1250)+0.004999,2)","v":6.4},null,"",6.4,{"$f":"+W1250","v":0},{"$f":"+X1250","v":6.4},{"$f":"(AG1250-AC1250)/AG1250","v":0},null,1,{"$f":"SUM(AJ1250:AL1250)+AE1250","v":6.4},null,null,{"$f":"ROUND(AC1250/(1-VLOOKUP(AF1250,Group,2,FALSE)),2)","v":6.4},{"$f":"IF(VLOOKUP(AF1250,Group,5,FALSE)=\"YES\",VLOOKUP(ROUND(ROUND(AJ1250,1)-AJ1250,2),Round,2,FALSE)+VLOOKUP(AF1250,Group,6,FALSE),0)","v":0},{"$f":"IF(VLOOKUP(AF1250,Group,7,FALSE)=\"\",0,ROUND(AJ1250-0.04999,1)-AJ1250+AM1250)","v":0},{"$f":"IF(VLOOKUP(AF1250,Group,7,FALSE)=\"\",\"\",VLOOKUP(AF1250,Group,7,FALSE))","v":""},null,"X"]
[null,"Field Tile",null,null,"35\" x 35\"",null,"Field",null,"Rectified",null,"Unpolished",null,null,null,null,"25.87 SF/CTN",null,null,{"$f":"IF(Suggested=\"Yes\",AA1251,AG1251)","v":7.5},"SF",{"$f":"+Instructions!$B$3","v":"G "},null,{"$f":"+Instructions!$C$22","v":0},{"$f":"ROUND($AA1251*(1-W1251)+0.004999,2)","v":7.5},null,"",7.5,{"$f":"+W1251","v":0},7.5,{"$f":"(AG1251-AC1251)/AG1251","v":0},null,1,{"$f":"SUM(AJ1251:AL1251)+AE1251","v":7.5},null,null,{"$f":"ROUND(AC1251/(1-VLOOKUP(AF1251,Group,2,FALSE)),2)","v":7.5},{"$f":"IF(VLOOKUP(AF1251,Group,5,FALSE)=\"YES\",VLOOKUP(ROUND(ROUND(AJ1251,1)-AJ1251,2),Round,2,FALSE)+VLOOKUP(AF1251,Group,6,FALSE),0)","v":0},{"$f":"IF(VLOOKUP(AF1251,Group,7,FALSE)=\"\",0,ROUND(AJ1251-0.04999,1)-AJ1251+AM1251)","v":0},{"$f":"IF(VLOOKUP(AF1251,Group,7,FALSE)=\"\",\"\",VLOOKUP(AF1251,Group,7,FALSE))","v":""},null,"X"]
[null,"Field Tile",null,null,"24\" x 48\"",null,"Field",null,"Rectified",null,"Unpolished",null,null,null,null,"15.50 SF/CTN",null,null,{"$f":"IF(Suggested=\"Yes\",AA1252,AG1252)","v":7.9},"SF",{"$f":"+Instructions!$B$3","v":"G "},null,{"$f":"+Instructions!$C$22","v":0},{"$f":"ROUND($AA1252*(1-W1252)+0.004999,2)","v":7.9},null,"",7.9,0,7.9,{"$f":"(AG1252-AC1252)/AG1252","v":0},null,1,{"$f":"SUM(AJ1252:AL1252)+AE1252","v":7.9},null,null,{"$f":"ROUND(AC1252/(1-VLOOKUP(AF1252,Group,2,FALSE)),2)","v":7.9},{"$f":"IF(VLOOKUP(AF1252,Group,5,FALSE)=\"YES\",VLOOKUP(ROUND(ROUND(AJ1252,1)-AJ1252,2),Round,2,FALSE)+VLOOKUP(AF1252,Group,6,FALSE),0)","v":0},{"$f":"IF(VLOOKUP(AF1252,Group,7,FALSE)=\"\",0,ROUND(AJ1252-0.04999,1)-AJ1252+AM1252)","v":0},{"$f":"IF(VLOOKUP(AF1252,Group,7,FALSE)=\"\",\"\",VLOOKUP(AF1252,Group,7,FALSE))","v":""},null,"X"]
[null,"Field Tile",null,null,"8\" x 9\" Hexagon",null,"Field",null,null,null,"Unpolished",null,null,null,null,"10.36 SF/CTN",null,null,{"$f":"IF(Suggested=\"Yes\",AA1253,AG1253)","v":9.4499999999999993},"SF",{"$f":"+Instructions!$B$3","v":"G "},null,{"$f":"+Instructions!$C$22","v":0},{"$f":"ROUND($AA1253*(1-W1253)+0.004999,2)","v":9.4499999999999993},null,"",9.4499999999999993,0,9.4499999999999993,{"$f":"(AG1253-AC1253)/AG1253","v":0},null,1,{"$f":"SUM(AJ1253:AL1253)+AE1253","v":9.4499999999999993},null,null,{"$f":"ROUND(AC1253/(1-VLOOKUP(AF1253,Group,2,FALSE)),2)","v":9.4499999999999993},{"$f":"IF(VLOOKUP(AF1253,Group,5,FALSE)=\"YES\",VLOOKUP(ROUND(ROUND(AJ1253,1)-AJ1253,2),Round,2,FALSE)+VLOOKUP(AF1253,Group,6,FALSE),0)","v":0},{"$f":"IF(VLOOKUP(AF1253,Group,7,FALSE)=\"\",0,ROUND(AJ1253-0.04999,1)-AJ1253+AM1253)","v":0},{"$f":"IF(VLOOKUP(AF1253,Group,7,FALSE)=\"\",\"\",VLOOKUP(AF1253,Group,7,FALSE))","v":""},null,"X"]
[null,null,null,null,null,null,null,null,null,null,null,null,null,null,null,null,null,null,null,null,null,null,null,null,null,null,null,null,null,null,null,null,null,null,null,null,null,null,null,null,"X"]
[null,"Field Tile",null,null,"13\" x 13\"",null,"Field",null,null,null,"Unpolished",null,null,null,null,"18.73 SF/CTN",null,null,{"$f":"IF(Suggested=\"Yes\",AA1255,AG1255)","v":6.25},"SF",{"$f":"+Instructions!$B$3","v":"G "},null,{"$f":"+Instructions!$C$22","v":0},{"$f":"ROUND($AA1255*(1-W1255)+0.004999,2)","v":6.25},null,"",6.25,{"$f":"+W1255","v":0},{"$f":"+X1255","v":6.25},{"$f":"(AG1255-AC1255)/AG1255","v":0},null,1,{"$f":"SUM(AJ1255:AL1255)+AE1255","v":6.25},null,null,{"$f":"ROUND(AC1255/(1-VLOOKUP(AF1255,Group,2,FALSE)),2)","v":6.25},{"$f":"IF(VLOOKUP(AF1255,Group,5,FALSE)=\"YES\",VLOOKUP(ROUND(ROUND(AJ1255,1)-AJ1255,2),Round,2,FALSE)+VLOOKUP(AF1255,Group,6,FALSE),0)","v":0},{"$f":"IF(VLOOKUP(AF1255,Group,7,FALSE)=\"\",0,ROUND(AJ1255-0.04999,1)-AJ1255+AM1255)","v":0},{"$f":"IF(VLOOKUP(AF1255,Group,7,FALSE)=\"\",\"\",VLOOKUP(AF1255,Group,7,FALSE))","v":""},null,"X"]
[null,"Field Tile",null,null,"12\" x 24\"",null,"Field",null,null,null,"Unpolished",null,null,null,null,"20.35 SF/CTN",null,null,{"$f":"IF(Suggested=\"Yes\",AA1256,AG1256)","v":6},"SF",{"$f":"+Instructions!$B$3","v":"G "},null,{"$f":"+Instructions!$C$22","v":0},{"$f":"ROUND($AA1256*(1-W1256)+0.004999,2)","v":6},null,"",6,{"$f":"+W1256","v":0},{"$f":"+X1256","v":6},{"$f":"(AG1256-AC1256)/AG1256","v":0},null,1,{"$f":"SUM(AJ1256:AL1256)+AE1256","v":6},null,null,{"$f":"ROUND(AC1256/(1-VLOOKUP(AF1256,Group,2,FALSE)),2)","v":6},{"$f":"IF(VLOOKUP(AF1256,Group,5,FALSE)=\"YES\",VLOOKUP(ROUND(ROUND(AJ1256,1)-AJ1256,2),Round,2,FALSE)+VLOOKUP(AF1256,Group,6,FALSE),0)","v":0},{"$f":"IF(VLOOKUP(AF1256,Group,7,FALSE)=\"\",0,ROUND(AJ1256-0.04999,1)-AJ1256+AM1256)","v":0},{"$f":"IF(VLOOKUP(AF1256,Group,7,FALSE)=\"\",\"\",VLOOKUP(AF1256,Group,7,FALSE))","v":""},null,"X"]
[null,null,null,null,null,null,null,null,null,null,null,null,null,null,null,null,null,null,null,null,null,null,null,null,null,null,null,null,null,null,null,null,null,null,null,null,null,null,null,null,"X"]
[null,"Decos",null,null,"13\" x 13\"",null,"Mosaic",null,"2\" x 2\"",null,"Unpolished",null,"(Mesh-Mounted)",null,null,"1.19 SF/SHEET",null,null,{"$f":"IF(Suggested=\"Yes\",AA1258,AG1258)","v":21.15},"EA",{"$f":"+Instructions!$B$3","v":"G "},null,{"$f":"+Instructions!$C$22","v":0},{"$f":"ROUND($AA1258*(1-W1258)+0.004999,2)","v":21.15},null,"",21.15,{"$f":"+W1258","v":0},{"$f":"+X1258","v":21.15},{"$f":"(AG1258-AC1258)/AG1258","v":0},null,3,{"$f":"SUM(AJ1258:AL1258)+AE1258","v":21.15},null,null,{"$f":"ROUND(AC1258/(1-VLOOKUP(AF1258,Group,2,FALSE)),2)","v":21.15},{"$f":"IF(VLOOKUP(AF1258,Group,5,FALSE)=\"YES\",VLOOKUP(ROUND(ROUND(AJ1258,1)-AJ1258,2),Round,2,FALSE)+VLOOKUP(AF1258,Group,6,FALSE),0)","v":0},{"$f":"IF(VLOOKUP(AF1258,Group,7,FALSE)=\"\",0,ROUND(AJ1258-0.04999,1)-AJ1258+AM1258)","v":0},{"$f":"IF(VLOOKUP(AF1258,Group,7,FALSE)=\"\",\"\",VLOOKUP(AF1258,Group,7,FALSE))","v":""},null,"X"]
[null,null,null,null,null,null,null,null,null,null,null,null,null,null,null,null,null,null,null,null,null,null,null,null,null,null,null,null,null,null,null,null,null,null,null,null,null,null,null,null,"X"]
[null,"Trim",null,null,"3\" x 12\"",null,"S43C9",null,"Bullnose",null,"Unpolished",null,null,null,null,null,null,null,{"$f":"IF(Suggested=\"Yes\",AA1260,AG1260)","v":5.9},"EA",{"$f":"+Instructions!$B$3","v":"G "},null,{"$f":"+Instructions!$C$22","v":0},{"$f":"ROUND($AA1260*(1-W1260)+0.004999,2)","v":5.9},null,"",5.9,{"$f":"+W1260","v":0},{"$f":"+X1260","v":5.9},{"$f":"(AG1260-AC1260)/AG1260","v":0},null,2,{"$f":"SUM(AJ1260:AL1260)+AE1260","v":5.9},null,null,{"$f":"ROUND(AC1260/(1-VLOOKUP(AF1260,Group,2,FALSE)),2)","v":5.9},{"$f":"IF(VLOOKUP(AF1260,Group,5,FALSE)=\"YES\",VLOOKUP(ROUND(ROUND(AJ1260,1)-AJ1260,2),Round,2,FALSE)+VLOOKUP(AF1260,Group,6,FALSE),0)","v":0},{"$f":"IF(VLOOKUP(AF1260,Group,7,FALSE)=\"\",0,ROUND(AJ1260-0.04999,1)-AJ1260+AM1260)","v":0},{"$f":"IF(VLOOKUP(AF1260,Group,7,FALSE)=\"\",\"\",VLOOKUP(AF1260,Group,7,FALSE))","v":""},null,"X"]
[null,"Trim",null,null,"3\" x 13\"",null,"S43D9",null,"Bullnose",null,"Unpolished",null,null,null,null,null,null,null,{"$f":"IF(Suggested=\"Yes\",AA1261,AG1261)","v":6.85},"EA",{"$f":"+Instructions!$B$3","v":"G "},null,{"$f":"+Instructions!$C$22","v":0},{"$f":"ROUND($AA1261*(1-W1261)+0.004999,2)","v":6.85},null,"",6.85,{"$f":"+W1261","v":0},{"$f":"+X1261","v":6.85},{"$f":"(AG1261-AC1261)/AG1261","v":0},null,2,{"$f":"SUM(AJ1261:AL1261)+AE1261","v":6.85},null,null,{"$f":"ROUND(AC1261/(1-VLOOKUP(AF1261,Group,2,FALSE)),2)","v":6.85},{"$f":"IF(VLOOKUP(AF1261,Group,5,FALSE)=\"YES\",VLOOKUP(ROUND(ROUND(AJ1261,1)-AJ1261,2),Round,2,FALSE)+VLOOKUP(AF1261,Group,6,FALSE),0)","v":0},{"$f":"IF(VLOOKUP(AF1261,Group,7,FALSE)=\"\",0,ROUND(AJ1261-0.04999,1)-AJ1261+AM1261)","v":0},{"$f":"IF(VLOOKUP(AF1261,Group,7,FALSE)=\"\",\"\",VLOOKUP(AF1261,Group,7,FALSE))","v":""},null,"X"]
[null,null,null,null,null,null,null,null,null,null,null,null,null,null,null,null,null,null,null,null,null,null,null,null,null,null,null,null,null,null,null,null,null,null,null,null,null,null,null,null,"X"]
[null,"Field Tile",null,"Wall:","3\" x 6\"",null,"Field",null,null,null,"Matte",null,null,null,null,"9.99 SF/CTN",null,null,{"$f":"IF(Suggested=\"Yes\",AA1263,AG1263)","v":4.8499999999999996},"SF",{"$f":"+Instructions!$B$3","v":"G "},null,{"$f":"+Instructions!$C$22","v":0},{"$f":"ROUND($AA1263*(1-W1263)+0.004999,2)","v":4.8499999999999996},null,"",4.8499999999999996,{"$f":"+W1263","v":0},{"$f":"+X1263","v":4.8499999999999996},{"$f":"(AG1263-AC1263)/AG1263","v":0},null,1,{"$f":"SUM(AJ1263:AL1263)+AE1263","v":4.8499999999999996},null,null,{"$f":"ROUND(AC1263/(1-VLOOKUP(AF1263,Group,2,FALSE)),2)","v":4.8499999999999996},{"$f":"IF(VLOOKUP(AF1263,Group,5,FALSE)=\"YES\",VLOOKUP(ROUND(ROUND(AJ1263,1)-AJ1263,2),Round,2,FALSE)+VLOOKUP(AF1263,Group,6,FALSE),0)","v":0},{"$f":"IF(VLOOKUP(AF1263,Group,7,FALSE)=\"\",0,ROUND(AJ1263-0.04999,1)-AJ1263+AM1263)","v":0},{"$f":"IF(VLOOKUP(AF1263,Group,7,FALSE)=\"\",\"\",VLOOKUP(AF1263,Group,7,FALSE))","v":""},null,"X"]
[null,"Field Tile",null,null,"4-1/4\" x 10\"",null,"Field",null,null,null,"Matte",null,null,null,null,"11.25 SF/CTN",null,null,{"$f":"IF(Suggested=\"Yes\",AA1264,AG1264)","v":5.6},"SF",{"$f":"+Instructions!$B$3","v":"G "},null,{"$f":"+Instructions!$C$22","v":0},{"$f":"ROUND($AA1264*(1-W1264)+0.004999,2)","v":5.6},null,"",5.6,{"$f":"+W1264","v":0},{"$f":"+X1264","v":5.6},{"$f":"(AG1264-AC1264)/AG1264","v":0},null,1,{"$f":"SUM(AJ1264:AL1264)+AE1264","v":5.6},null,null,{"$f":"ROUND(AC1264/(1-VLOOKUP(AF1264,Group,2,FALSE)),2)","v":5.6},{"$f":"IF(VLOOKUP(AF1264,Group,5,FALSE)=\"YES\",VLOOKUP(ROUND(ROUND(AJ1264,1)-AJ1264,2),Round,2,FALSE)+VLOOKUP(AF1264,Group,6,FALSE),0)","v":0},{"$f":"IF(VLOOKUP(AF1264,Group,7,FALSE)=\"\",0,ROUND(AJ1264-0.04999,1)-AJ1264+AM1264)","v":0},{"$f":"IF(VLOOKUP(AF1264,Group,7,FALSE)=\"\",\"\",VLOOKUP(AF1264,Group,7,FALSE))","v":""},null,"X"]
[null,null,null,null,null,null,null,null,null,null,null,null,null,null,null,null,null,null,null,null,null,null,null,null,null,null,null,null,null,null,null,null,null,null,null,null,null,null,null,null,"X"]
[null,"Trim",null,null,"3\" x 6\"",null,"S4369",null,"Bullnose",null,"Matte",null,null,null,null,null,null,null,{"$f":"IF(Suggested=\"Yes\",AA1266,AG1266)","v":5.65},"EA",{"$f":"+Instructions!$B$3","v":"G "},null,{"$f":"+Instructions!$C$22","v":0},{"$f":"ROUND($AA1266*(1-W1266)+0.004999,2)","v":5.65},null,"",5.65,{"$f":"+W1266","v":0},{"$f":"+X1266","v":5.65},{"$f":"(AG1266-AC1266)/AG1266","v":0},null,2,{"$f":"SUM(AJ1266:AL1266)+AE1266","v":5.65},null,null,{"$f":"ROUND(AC1266/(1-VLOOKUP(AF1266,Group,2,FALSE)),2)","v":5.65},{"$f":"IF(VLOOKUP(AF1266,Group,5,FALSE)=\"YES\",VLOOKUP(ROUND(ROUND(AJ1266,1)-AJ1266,2),Round,2,FALSE)+VLOOKUP(AF1266,Group,6,FALSE),0)","v":0},{"$f":"IF(VLOOKUP(AF1266,Group,7,FALSE)=\"\",0,ROUND(AJ1266-0.04999,1)-AJ1266+AM1266)","v":0},{"$f":"IF(VLOOKUP(AF1266,Group,7,FALSE)=\"\",\"\",VLOOKUP(AF1266,Group,7,FALSE))","v":""},null,"X"]
[null,"Trim",null,null,"3\" x 10\"",null,"S4310",null,"Bullnose",null,"Matte",null,null,null,null,null,null,null,{"$f":"IF(Suggested=\"Yes\",AA1267,AG1267)","v":5.7},"EA",{"$f":"+Instructions!$B$3","v":"G "},null,{"$f":"+Instructions!$C$22","v":0},{"$f":"ROUND($AA1267*(1-W1267)+0.004999,2)","v":5.7},null,"",5.7,{"$f":"+W1267","v":0},{"$f":"+X1267","v":5.7},{"$f":"(AG1267-AC1267)/AG1267","v":0},null,2,{"$f":"SUM(AJ1267:AL1267)+AE1267","v":5.7},null,null,{"$f":"ROUND(AC1267/(1-VLOOKUP(AF1267,Group,2,FALSE)),2)","v":5.7},{"$f":"IF(VLOOKUP(AF1267,Group,5,FALSE)=\"YES\",VLOOKUP(ROUND(ROUND(AJ1267,1)-AJ1267,2),Round,2,FALSE)+VLOOKUP(AF1267,Group,6,FALSE),0)","v":0},{"$f":"IF(VLOOKUP(AF1267,Group,7,FALSE)=\"\",0,ROUND(AJ1267-0.04999,1)-AJ1267+AM1267)","v":0},{"$f":"IF(VLOOKUP(AF1267,Group,7,FALSE)=\"\",\"\",VLOOKUP(AF1267,Group,7,FALSE))","v":""},null,"X"]
[null,null,null,null,null,null,null,null,null,null,null,null,null,null,null,null,null,null,null,null,null,null,null,null,null,null,null,null,null,null,null,null,null,null,null,null,null,null,null,null,"X"]
[null,"Field Tile",null,null,"3\" x 6\"",null,"Field",null,null,null,"Bright",null,null,null,null,"9.99 SF/CTN",null,null,{"$f":"IF(Suggested=\"Yes\",AA1269,AG1269)","v":4.8499999999999996},"SF",{"$f":"+Instructions!$B$3","v":"G "},null,{"$f":"+Instructions!$C$22","v":0},{"$f":"ROUND($AA1269*(1-W1269)+0.004999,2)","v":4.8499999999999996},null,"",4.8499999999999996,{"$f":"+W1269","v":0},4.8499999999999996,{"$f":"(AG1269-AC1269)/AG1269","v":0},null,1,{"$f":"SUM(AJ1269:AL1269)+AE1269","v":4.8499999999999996},null,null,{"$f":"ROUND(AC1269/(1-VLOOKUP(AF1269,Group,2,FALSE)),2)","v":4.8499999999999996},{"$f":"IF(VLOOKUP(AF1269,Group,5,FALSE)=\"YES\",VLOOKUP(ROUND(ROUND(AJ1269,1)-AJ1269,2),Round,2,FALSE)+VLOOKUP(AF1269,Group,6,FALSE),0)","v":0},{"$f":"IF(VLOOKUP(AF1269,Group,7,FALSE)=\"\",0,ROUND(AJ1269-0.04999,1)-AJ1269+AM1269)","v":0},{"$f":"IF(VLOOKUP(AF1269,Group,7,FALSE)=\"\",\"\",VLOOKUP(AF1269,Group,7,FALSE))","v":""},null,"X"]
[null,"Field Tile",null,null,"3\" x 6\"",null,"Field",null,"Beveled Edge",null,"Bright",null,null,null,null,"9.99 SF/CTN",null,null,5.55,"SF",{"$f":"+Instructions!$B$3","v":"G "},null,{"$f":"+Instructions!$C$22","v":0},5.55,null,"",5.55,0,5.55,0,null,1,5.55,null,null,5.55,0,0,"",null,"X"]
[null,"Field Tile",null,null,"4-1/4\" x 10\"",null,"Field",null,null,null,"Bright",null,null,null,null,"11.25 SF/CTN",null,null,5.6,"SF",{"$f":"+Instructions!$B$3","v":"G "},null,{"$f":"+Instructions!$C$22","v":0},5.6,null,"",5.6,0,5.6,0,null,1,5.6,null,null,5.6,0,0,"",null,"X"]
[null,"Field Tile",null,null,"4-1/4\" x 10\"",null,"Field",null,"Beveled Edge",null,"Bright",null,null,null,null,"11.25 SF/CTN",null,null,6.3,"SF",{"$f":"+Instructions!$B$3","v":"G "},null,{"$f":"+Instructions!$C$22","v":0},6.3,null,"",6.3,0,6.3,0,null,1,6.3,null,null,6.3,0,0,"",null,"X"]
[null,"Field Tile",null,null,"6\" x 18\"",null,"Field",null,null,null,"Bright",null,null,null,null,"11.95 SF/CTN",null,null,5.8,"SF",{"$f":"+Instructions!$B$3","v":"G "},null,{"$f":"+Instructions!$C$22","v":0},5.8,null,"",5.8,{"$f":"+W1273","v":0},{"$f":"+X1273","v":5.8},0,null,1,5.8,null,null,5.8,0,0,"",null,"X"]
[null,null,null,null,null,null,null,null,null,null,null,null,null,null,null,null,null,null,null,null,null,null,null,null,null,null,null,null,null,null,null,null,null,null,null,null,null,null,null,null,"X"]
[null,"Trim",null,null,"3\" x 6\"",null,"S4369",null,"Bullnose",null,"Bright",null,null,null,null,null,null,null,{"$f":"IF(Suggested=\"Yes\",AA1275,AG1275)","v":5.65},"EA",{"$f":"+Instructions!$B$3","v":"G "},null,{"$f":"+Instructions!$C$22","v":0},{"$f":"ROUND($AA1275*(1-W1275)+0.004999,2)","v":5.65},null,"",5.65,{"$f":"+W1275","v":0},5.65,{"$f":"(AG1275-AC1275)/AG1275","v":0},null,2,{"$f":"SUM(AJ1275:AL1275)+AE1275","v":5.65},null,null,{"$f":"ROUND(AC1275/(1-VLOOKUP(AF1275,Group,2,FALSE)),2)","v":5.65},{"$f":"IF(VLOOKUP(AF1275,Group,5,FALSE)=\"YES\",VLOOKUP(ROUND(ROUND(AJ1275,1)-AJ1275,2),Round,2,FALSE)+VLOOKUP(AF1275,Group,6,FALSE),0)","v":0},{"$f":"IF(VLOOKUP(AF1275,Group,7,FALSE)=\"\",0,ROUND(AJ1275-0.04999,1)-AJ1275+AM1275)","v":0},{"$f":"IF(VLOOKUP(AF1275,Group,7,FALSE)=\"\",\"\",VLOOKUP(AF1275,Group,7,FALSE))","v":""},null,"X"]
[null,"Trim",null,null,"3\" x 9-1/2\"",null,"S439",null,"Bullnose",null,"Bright",null,null,null,null,null,null,null,{"$f":"IF(Suggested=\"Yes\",AA1276,AG1276)","v":4.3499999999999996},"EA",{"$f":"+Instructions!$B$3","v":"G "},null,{"$f":"+Instructions!$C$22","v":0},{"$f":"ROUND($AA1276*(1-W1276)+0.004999,2)","v":4.3499999999999996},null,"",4.3499999999999996,0,4.3499999999999996,{"$f":"(AG1276-AC1276)/AG1276","v":0},null,2,{"$f":"SUM(AJ1276:AL1276)+AE1276","v":4.3499999999999996},null,null,{"$f":"ROUND(AC1276/(1-VLOOKUP(AF1276,Group,2,FALSE)),2)","v":4.3499999999999996},{"$f":"IF(VLOOKUP(AF1276,Group,5,FALSE)=\"YES\",VLOOKUP(ROUND(ROUND(AJ1276,1)-AJ1276,2),Round,2,FALSE)+VLOOKUP(AF1276,Group,6,FALSE),0)","v":0},{"$f":"IF(VLOOKUP(AF1276,Group,7,FALSE)=\"\",0,ROUND(AJ1276-0.04999,1)-AJ1276+AM1276)","v":0},{"$f":"IF(VLOOKUP(AF1276,Group,7,FALSE)=\"\",\"\",VLOOKUP(AF1276,Group,7,FALSE))","v":""},null,"X"]
[null,"Trim",null,null,"3\" x 10\"",null,"S4310",null,"Bullnose",null,"Bright",null,null,null,null,null,null,null,{"$f":"IF(Suggested=\"Yes\",AA1277,AG1277)","v":5.7},"EA",{"$f":"+Instructions!$B$3","v":"G "},null,{"$f":"+Instructions!$C$22","v":0},{"$f":"ROUND($AA1277*(1-W1277)+0.004999,2)","v":5.7},null,"",5.7,0,5.7,{"$f":"(AG1277-AC1277)/AG1277","v":0},null,2,{"$f":"SUM(AJ1277:AL1277)+AE1277","v":5.7},null,null,{"$f":"ROUND(AC1277/(1-VLOOKUP(AF1277,Group,2,FALSE)),2)","v":5.7},{"$f":"IF(VLOOKUP(AF1277,Group,5,FALSE)=\"YES\",VLOOKUP(ROUND(ROUND(AJ1277,1)-AJ1277,2),Round,2,FALSE)+VLOOKUP(AF1277,Group,6,FALSE),0)","v":0},{"$f":"IF(VLOOKUP(AF1277,Group,7,FALSE)=\"\",0,ROUND(AJ1277-0.04999,1)-AJ1277+AM1277)","v":0},{"$f":"IF(VLOOKUP(AF1277,Group,7,FALSE)=\"\",\"\",VLOOKUP(AF1277,Group,7,FALSE))","v":""},null,"X"]
[null,"Trim",null,null,"6\" x 18\"",null,null,null,"Bullnose",null,"Bright",null,null,null,null,null,null,null,{"$f":"IF(Suggested=\"Yes\",AA1278,AG1278)","v":9.4499999999999993},"EA",{"$f":"+Instructions!$B$3","v":"G "},null,{"$f":"+Instructions!$C$22","v":0},{"$f":"ROUND($AA1278*(1-W1278)+0.004999,2)","v":9.4499999999999993},null,"",9.4499999999999993,{"$f":"+W1278","v":0},{"$f":"+X1278","v":9.4499999999999993},{"$f":"(AG1278-AC1278)/AG1278","v":0},null,2,{"$f":"SUM(AJ1278:AL1278)+AE1278","v":9.4499999999999993},null,null,{"$f":"ROUND(AC1278/(1-VLOOKUP(AF1278,Group,2,FALSE)),2)","v":9.4499999999999993},{"$f":"IF(VLOOKUP(AF1278,Group,5,FALSE)=\"YES\",VLOOKUP(ROUND(ROUND(AJ1278,1)-AJ1278,2),Round,2,FALSE)+VLOOKUP(AF1278,Group,6,FALSE),0)","v":0},{"$f":"IF(VLOOKUP(AF1278,Group,7,FALSE)=\"\",0,ROUND(AJ1278-0.04999,1)-AJ1278+AM1278)","v":0},{"$f":"IF(VLOOKUP(AF1278,Group,7,FALSE)=\"\",\"\",VLOOKUP(AF1278,Group,7,FALSE))","v":""},null,"X"]
[null,null,null,null,null,null,null,null,null,null,null,null,null,null,null,null,null,null,null,null,null,null,null,null,null,null,null,null,null,null,null,null,null,null,null,null,null,null,null,null,"X"]
[null,null,null,"Note:","a) This format is going through a change of thickness.  Packaging is changing from 15.28 SF/CTN to 22.96 SF/CTN as inventory",null,null,null,null,null,null,null,null,null,null,null,null,null,null,null,null,null,null,null,null,null,null,null,null,null,null,null,null,null,null,null,null,null,null,null,"X"]
[null,null,null,null,"with old packaging is depleted.  Check with Customer Service to be sure which packaging amount you will be receiving.",null,null,null,null,null,null,null,null,null,null,null,null,null,null,null,null,null,null,null,null,null,null,null,null,null,null,null,null,null,null,null,null,null,null,null,"X"]
[null,null,null,null,null,null,null,null,null,null,null,null,null,null,null,null,null,null,null,null,null,null,null,null,null,null,null,null,null,null,null,null,null,null,null,null,null,null,null,null,"X"]
[null,null,"STONE BASEL - Color Body Porcelain & Glazed Ceramic Wall",null,null,null,null,null,null,null,null,null,null,null,null,null,null,"Item # Lookup:","ROSB",null,null,null,null,null,null,null,null,null,null,null,null,null,null,null,null,null,null,null,null,null,"X"]
[null,null,null,null,null,null,null,null,null,null,null,null,null,null,null,null,null,null,null,null,null,null,null,null,null,null,null,null,null,null,null,null,null,null,null,null,null,null,null,null,"X"]
[null,null,null,"Colors:","Caliza          Grafito          Gris          Negro",null,null,null,null,null,null,null,null,null,null,null,null,null,null,null,null,null,null,null,null,null,null,null,null,null,null,null,null,null,null,null,null,null,null,null,"X"]
[null,null,null,null,null,null,null,null,null,null,null,null,null,null,null,null,null,null,null,null,null,null,null,null,null,null,null,null,null,null,null,null,null,null,null,null,null,null,null,null,"X"]
[null,"Field Tile",null,"Floor:","12\" x 24\"",null,"Field",null,"Rectified",null,null,null,null,null,null,"13.56 SF/CTN",null,"a",{"$f":"IF(Suggested=\"Yes\",AA1287,AG1287)","v":9.15},"SF",{"$f":"+Instructions!$B$3","v":"G "},null,{"$f":"+Instructions!$C$22","v":0},{"$f":"ROUND($AA1287*(1-W1287)+0.004999,2)","v":9.15},null,"YES",9.15,{"$f":"+W1287","v":0},9.15,{"$f":"(AG1287-AC1287)/AG1287","v":0},null,1,{"$f":"SUM(AJ1287:AL1287)+AE1287","v":9.15},null,null,{"$f":"ROUND(AC1287/(1-VLOOKUP(AF1287,Group,2,FALSE)),2)","v":9.15},{"$f":"IF(VLOOKUP(AF1287,Group,5,FALSE)=\"YES\",VLOOKUP(ROUND(ROUND(AJ1287,1)-AJ1287,2),Round,2,FALSE)+VLOOKUP(AF1287,Group,6,FALSE),0)","v":0},{"$f":"IF(VLOOKUP(AF1287,Group,7,FALSE)=\"\",0,ROUND(AJ1287-0.04999,1)-AJ1287+AM1287)","v":0},{"$f":"IF(VLOOKUP(AF1287,Group,7,FALSE)=\"\",\"\",VLOOKUP(AF1287,Group,7,FALSE))","v":""},null,"X"]
[null,"Field Tile",null,null,"24\" x 48\"",null,"Field",null,"Rectified",null,null,null,null,null,null,"15.50 SF/CTN",null,"b",{"$f":"IF(Suggested=\"Yes\",AA1288,AG1288)","v":10.75},"SF",{"$f":"+Instructions!$B$3","v":"G "},null,{"$f":"+Instructions!$C$22","v":0},{"$f":"ROUND($AA1288*(1-W1288)+0.004999,2)","v":10.75},null,"YES",10.75,0,10.75,{"$f":"(AG1288-AC1288)/AG1288","v":0},null,1,{"$f":"SUM(AJ1288:AL1288)+AE1288","v":10.75},null,null,{"$f":"ROUND(AC1288/(1-VLOOKUP(AF1288,Group,2,FALSE)),2)","v":10.75},{"$f":"IF(VLOOKUP(AF1288,Group,5,FALSE)=\"YES\",VLOOKUP(ROUND(ROUND(AJ1288,1)-AJ1288,2),Round,2,FALSE)+VLOOKUP(AF1288,Group,6,FALSE),0)","v":0},{"$f":"IF(VLOOKUP(AF1288,Group,7,FALSE)=\"\",0,ROUND(AJ1288-0.04999,1)-AJ1288+AM1288)","v":0},{"$f":"IF(VLOOKUP(AF1288,Group,7,FALSE)=\"\",\"\",VLOOKUP(AF1288,Group,7,FALSE))","v":""},null,"X"]
[null,null,null,null,null,null,null,null,null,null,null,null,null,null,null,null,null,null,null,null,null,null,null,null,null,null,null,null,null,null,null,null,null,null,null,null,null,null,null,null,"X"]
[null,null,null,"Color:","Caliza",null,null,null,null,null,null,null,null,null,null,null,null,null,null,null,null,null,null,null,null,null,null,null,null,null,null,null,null,null,null,null,null,null,null,null,"X"]
[null,null,null,null,null,null,null,null,null,null,null,null,null,null,null,null,null,null,null,null,null,null,null,null,null,null,null,null,null,null,null,null,null,null,null,null,null,null,null,null,"X"]
[null,"Field Tile",null,"Wall:","16\" x 48\"",null,"Field",null,"Rectified",null,"Suite Caliza",null,null,null,null,"15.50 SF/CTN",null,null,{"$f":"IF(Suggested=\"Yes\",AA1292,AG1292)","v":13.85},"SF",{"$f":"+Instructions!$B$3","v":"G "},null,{"$f":"+Instructions!$C$22","v":0},{"$f":"ROUND($AA1292*(1-W1292)+0.004999,2)","v":13.85},null,"",13.85,{"$f":"+W1292","v":0},{"$f":"+X1292","v":13.85},{"$f":"(AG1292-AC1292)/AG1292","v":0},null,1,{"$f":"SUM(AJ1292:AL1292)+AE1292","v":13.85},null,null,{"$f":"ROUND(AC1292/(1-VLOOKUP(AF1292,Group,2,FALSE)),2)","v":13.85},{"$f":"IF(VLOOKUP(AF1292,Group,5,FALSE)=\"YES\",VLOOKUP(ROUND(ROUND(AJ1292,1)-AJ1292,2),Round,2,FALSE)+VLOOKUP(AF1292,Group,6,FALSE),0)","v":0},{"$f":"IF(VLOOKUP(AF1292,Group,7,FALSE)=\"\",0,ROUND(AJ1292-0.04999,1)-AJ1292+AM1292)","v":0},{"$f":"IF(VLOOKUP(AF1292,Group,7,FALSE)=\"\",\"\",VLOOKUP(AF1292,Group,7,FALSE))","v":""},null,"X"]
[null,null,null,null,null,null,null,null,null,null,null,null,null,null,null,null,null,null,null,null,null,null,null,null,null,null,null,null,null,null,null,null,null,null,null,null,null,null,null,null,"X"]
[null,null,null,"Notes:","a) This format is going through a change of thickness.  Packaging is changing from 13.56 SF/CTN to 19.40 SF/CTN as inventory",null,null,null,null,null,null,null,null,null,null,null,null,null,null,null,null,null,null,null,null,null,null,null,null,null,null,null,null,null,null,null,null,null,null,null,"X"]
[null,null,null,null,"with old packaging is depleted.  Check with Customer Service to be sure which packaging amount you will be receiving.",null,null,null,null,null,null,null,null,null,null,null,null,null,null,null,null,null,null,null,null,null,null,null,null,null,null,null,null,null,null,null,null,null,null,null,"X"]
[null,null,null,null,"b) This format is going through a change of thickness.  Packaging is changing from 15.50 SF/CTN to 23.25 SF/CTN as inventory",null,null,null,null,null,null,null,null,null,null,null,null,null,null,null,null,null,null,null,null,null,null,null,null,null,null,null,null,null,null,null,null,null,null,null,"X"]
[null,null,null,null,"with old packaging is depleted.  Check with Customer Service to be sure which packaging amount you will be receiving.",null,null,null,null,null,null,null,null,null,null,null,null,null,null,null,null,null,null,null,null,null,null,null,null,null,null,null,null,null,null,null,null,null,null,null,"X"]
[null,null,null,null,null,null,null,null,null,null,null,null,null,null,null,null,null,null,null,null,null,null,null,null,null,null,null,null,null,null,null,null,null,null,null,null,null,null,null,null,"X"]
[null,null,"TERRANOVA - Color Body Porcelain",null,null,null,null,null,null,null,null,null,null,null,null,null,null,"Item # Lookup:","ROTE",null,null,null,null,null,null,null,null,null,null,null,null,null,null,null,null,null,null,null,null,null,"X"]
[null,null,null,null,null,null,null,null,null,null,null,null,null,null,null,null,null,null,null,null,null,null,null,null,null,null,null,null,null,null,null,null,null,null,null,null,null,null,null,null,"X"]
[null,null,null,"Color:","Negro",null,null,null,null,null,null,null,null,null,null,null,null,null,null,null,null,null,null,null,null,null,null,null,null,null,null,null,null,null,null,null,null,null,null,null,"X"]
[null,null,null,null,null,null,null,null,null,null,null,null,null,null,null,null,null,null,null,null,null,null,null,null,null,null,null,null,null,null,null,null,null,null,null,null,null,null,null,null,"X"]
[null,"Field Tile",null,null,"12\" x 24\"",null,"Field",null,"Rectified",null,null,null,null,null,null,"19.40 SF/CTN",null,null,{"$f":"IF(Suggested=\"Yes\",AA1303,AG1303)","v":8.9499999999999993},"SF",{"$f":"+Instructions!$B$3","v":"G "},null,{"$f":"+Instructions!$C$22","v":0},{"$f":"ROUND($AA1303*(1-W1303)+0.004999,2)","v":8.9499999999999993},null,"YES",8.9499999999999993,{"$f":"+W1303","v":0},{"$f":"+X1303","v":8.9499999999999993},{"$f":"(AG1303-AC1303)/AG1303","v":0},null,1,{"$f":"SUM(AJ1303:AL1303)+AE1303","v":8.9499999999999993},null,null,{"$f":"ROUND(AC1303/(1-VLOOKUP(AF1303,Group,2,FALSE)),2)","v":8.9499999999999993},{"$f":"IF(VLOOKUP(AF1303,Group,5,FALSE)=\"YES\",VLOOKUP(ROUND(ROUND(AJ1303,1)-AJ1303,2),Round,2,FALSE)+VLOOKUP(AF1303,Group,6,FALSE),0)","v":0},{"$f":"IF(VLOOKUP(AF1303,Group,7,FALSE)=\"\",0,ROUND(AJ1303-0.04999,1)-AJ1303+AM1303)","v":0},{"$f":"IF(VLOOKUP(AF1303,Group,7,FALSE)=\"\",\"\",VLOOKUP(AF1303,Group,7,FALSE))","v":""},null,"X"]
[null,"Field Tile",null,null,"24\" x 48\"",null,"Field",null,"Rectified",null,null,null,null,null,null,"15.50 SF/CTN",null,"a",{"$f":"IF(Suggested=\"Yes\",AA1304,AG1304)","v":10.65},"SF",{"$f":"+Instructions!$B$3","v":"G "},null,{"$f":"+Instructions!$C$22","v":0},{"$f":"ROUND($AA1304*(1-W1304)+0.004999,2)","v":10.65},null,"YES",10.65,{"$f":"+W1304","v":0},{"$f":"+X1304","v":10.65},{"$f":"(AG1304-AC1304)/AG1304","v":0},null,1,{"$f":"SUM(AJ1304:AL1304)+AE1304","v":10.65},null,null,{"$f":"ROUND(AC1304/(1-VLOOKUP(AF1304,Group,2,FALSE)),2)","v":10.65},{"$f":"IF(VLOOKUP(AF1304,Group,5,FALSE)=\"YES\",VLOOKUP(ROUND(ROUND(AJ1304,1)-AJ1304,2),Round,2,FALSE)+VLOOKUP(AF1304,Group,6,FALSE),0)","v":0},{"$f":"IF(VLOOKUP(AF1304,Group,7,FALSE)=\"\",0,ROUND(AJ1304-0.04999,1)-AJ1304+AM1304)","v":0},{"$f":"IF(VLOOKUP(AF1304,Group,7,FALSE)=\"\",\"\",VLOOKUP(AF1304,Group,7,FALSE))","v":""},null,"X"]
[null,null,null,"Note:","a) This format is going through a change of thickness.  Packaging is changing from 15.50 SF/CTN to 23.25 SF/CTN as inventory",null,null,null,null,null,null,null,null,null,null,null,null,null,null,null,null,null,null,null,null,null,null,null,null,null,null,null,null,null,null,null,null,null,null,null,"X"]
[null,null,null,null,"with old packaging is depleted.  Check with Customer Service to be sure which packaging amount you will be receiving.",null,null,null,null,null,null,null,null,null,null,null,null,null,null,null,null,null,null,null,null,null,null,null,null,null,null,null,null,null,null,null,null,null,null,null,"X"]
[null,null,null,null,null,null,null,null,null,null,null,null,null,null,null,null,null,null,null,null,null,null,null,null,null,null,null,null,null,null,null,null,null,null,null,null,null,null,null,null,"X"]
[null,null,"TISSUE - Glazed Ceramic Wall",null,null,null,null,null,null,null," ",null,null,null,null,null,null,"Item # Lookup:","ROTI",null,null,null,null,null,null,null,null,null,null,null,null,null,null,null,null,null,null,null,null,null,"X"]
[null,null,null,null,null,null,null,null,null,null,null,null,null,null,null,null,null,null,null,null,null,null,null,null,null,null,null,null,null,null,null,null,null,null,null,null,null,null,null,null,"X"]
[null,null,null,"Color:","Tissue White",null,null,null,null,null,null,null,null,null,null,null,null,null,null,null,null,null,null,null,null,null,null,null,null,null,null,null,null,null,null,null,null,null,null,null,"X"]
[null,null,null,null,null,null,null,null,null,null,null,null,null,null,null,null,null,null,null,null,null,null,null,null,null,null,null,null,null,null,null,null,null,null,null,null,null,null,null,null,"X"]
[null,"Field Tile",null,null,"16\" x 48\"",null,"Field",null,"Rectified",null,null,null,null,null,null,"20.67 SF/CTN",null,null,{"$f":"IF(Suggested=\"Yes\",AA1312,AG1312)","v":10.95},"SF",{"$f":"+Instructions!$B$3","v":"G "},null,{"$f":"+Instructions!$C$22","v":0},{"$f":"ROUND($AA1312*(1-W1312)+0.004999,2)","v":10.95},null,"",10.95,{"$f":"+W1312","v":0},{"$f":"+X1312","v":10.95},{"$f":"(AG1312-AC1312)/AG1312","v":0},null,1,{"$f":"SUM(AJ1312:AL1312)+AE1312","v":10.95},null,null,{"$f":"ROUND(AC1312/(1-VLOOKUP(AF1312,Group,2,FALSE)),2)","v":10.95},{"$f":"IF(VLOOKUP(AF1312,Group,5,FALSE)=\"YES\",VLOOKUP(ROUND(ROUND(AJ1312,1)-AJ1312,2),Round,2,FALSE)+VLOOKUP(AF1312,Group,6,FALSE),0)","v":0},{"$f":"IF(VLOOKUP(AF1312,Group,7,FALSE)=\"\",0,ROUND(AJ1312-0.04999,1)-AJ1312+AM1312)","v":0},{"$f":"IF(VLOOKUP(AF1312,Group,7,FALSE)=\"\",\"\",VLOOKUP(AF1312,Group,7,FALSE))","v":""},null,"X"]
[null,null,"TREVI - Color Body Porcelain",null,null,null,null,null,null,null,null,null,null,null,null,null,null,"Item # Lookup:","ROTV",null,null,null,null,null,null,null,null,null,null,null,null,null,null,null,null,null,null,null,null,null,"X"]
[null,null,null,null,null,null,null,null,null,null,null,null,null,null,null,null,null,null,null,null,null,null,null,null,null,null,null,null,null,null,null,null,null,null,null,null,null,null,null,null,"X"]
[null,null,null,"Colors:","Almond          Bianco",null,null,null,null,null,null,null,null,null,null,null,null,null,null,null,null,null,null,null,null,null,null,null,null,null,null,null,null,null,null,null,null,null,null,null,"X"]
[null,null,null,null,null,null,null,null,null,null,null,null,null,null,null,null,null,null,null,null,null,null,null,null,null,null,null,null,null,null,null,null,null,null,null,null,null,null,null,null,"X"]
[null,"Field Tile",null,null,"12\" x 24\"",null,"Field",null,null,null,null,null,null,null,null,"13.56 SF/CTN",null,null,{"$f":"IF(Suggested=\"Yes\",AA1317,AG1317)","v":7.35},"SF",{"$f":"+Instructions!$B$3","v":"G "},null,{"$f":"+Instructions!$C$22","v":0},{"$f":"ROUND($AA1317*(1-W1317)+0.004999,2)","v":7.35},null,"YES",7.35,{"$f":"+W1317","v":0},{"$f":"+X1317","v":7.35},{"$f":"(AG1317-AC1317)/AG1317","v":0},null,1,{"$f":"SUM(AJ1317:AL1317)+AE1317","v":7.35},null,null,{"$f":"ROUND(AC1317/(1-VLOOKUP(AF1317,Group,2,FALSE)),2)","v":7.35},{"$f":"IF(VLOOKUP(AF1317,Group,5,FALSE)=\"YES\",VLOOKUP(ROUND(ROUND(AJ1317,1)-AJ1317,2),Round,2,FALSE)+VLOOKUP(AF1317,Group,6,FALSE),0)","v":0},{"$f":"IF(VLOOKUP(AF1317,Group,7,FALSE)=\"\",0,ROUND(AJ1317-0.04999,1)-AJ1317+AM1317)","v":0},{"$f":"IF(VLOOKUP(AF1317,Group,7,FALSE)=\"\",\"\",VLOOKUP(AF1317,Group,7,FALSE))","v":""},null,"X"]
[null,null,null,null,null,null,null,null,null,null,null,null,null,null,null,null,null,null,null,null,null,null,null,null,null,null,null,null,null,null,null,null,null,null,null,null,null,null,null,null,"X"]
[null,"Trim",null,null,"3\" x 12\"",null,"S43C9",null,"Bullnose",null,null,null,null,null,null,null,null,null,{"$f":"IF(Suggested=\"Yes\",AA1319,AG1319)","v":11.4},"EA",{"$f":"+Instructions!$B$3","v":"G "},null,{"$f":"+Instructions!$C$22","v":0},{"$f":"ROUND($AA1319*(1-W1319)+0.004999,2)","v":11.4},null,"",11.4,{"$f":"+W1319","v":0},{"$f":"+X1319","v":11.4},{"$f":"(AG1319-AC1319)/AG1319","v":0},null,2,{"$f":"SUM(AJ1319:AL1319)+AE1319","v":11.4},null,null,{"$f":"ROUND(AC1319/(1-VLOOKUP(AF1319,Group,2,FALSE)),2)","v":11.4},{"$f":"IF(VLOOKUP(AF1319,Group,5,FALSE)=\"YES\",VLOOKUP(ROUND(ROUND(AJ1319,1)-AJ1319,2),Round,2,FALSE)+VLOOKUP(AF1319,Group,6,FALSE),0)","v":0},{"$f":"IF(VLOOKUP(AF1319,Group,7,FALSE)=\"\",0,ROUND(AJ1319-0.04999,1)-AJ1319+AM1319)","v":0},{"$f":"IF(VLOOKUP(AF1319,Group,7,FALSE)=\"\",\"\",VLOOKUP(AF1319,Group,7,FALSE))","v":""},null,"X"]
[null,null,null,null,null,null,null,null,null,null,null,null,null,null,null,null,null,null,null,null,null,null,null,null,null,null,null,null,null,null,null,null,null,null,null,null,null,null,null,null,"X"]
[null,null,"TRIBE - Glazed Porcelain",null,null,null,null,null,null,null," ",null,null,null,null,null,null,"Item # Lookup:","ROTR",null,null,null,null,null,null,null,null,null,null,null,null,null,null,null,null,null,null,null,null,null,"X"]
[null,null,null,null,null,null,null,null,null,null,null,null,null,null,null,null,null,null,null,null,null,null,null,null,null,null,null,null,null,null,null,null,null,null,null,null,null,null,null,null,"X"]
[null,null,null,"Colors:","Ivory          Petrol Blue",null,null,null,null,null,null,null,null,null,null,null,null,null,null,null,null,null,null,null,null,null,null,null,null,null,null,null,null,null,null,null,null,null,null,null,"X"]
[null,null,null,null,null,null,null,null,null,null,null,null,null,null,null,null,null,null,null,null,null,null,null,null,null,null,null,null,null,null,null,null,null,null,null,null,null,null,null,null,"X"]
[null,"Field Tile",null,null,"8\" x 8\"",null,"Field",null,null,null,"Diamond",null,null,null,null,"12.70 SF/CTN",null,null,{"$f":"IF(Suggested=\"Yes\",AA1325,AG1325)","v":9.4499999999999993},"SF",{"$f":"+Instructions!$B$3","v":"G "},null,{"$f":"+Instructions!$C$22","v":0},{"$f":"ROUND($AA1325*(1-W1325)+0.004999,2)","v":9.4499999999999993},null,"",9.4499999999999993,{"$f":"+W1325","v":0},{"$f":"+X1325","v":9.4499999999999993},{"$f":"(AG1325-AC1325)/AG1325","v":0},null,1,{"$f":"SUM(AJ1325:AL1325)+AE1325","v":9.4499999999999993},null,null,{"$f":"ROUND(AC1325/(1-VLOOKUP(AF1325,Group,2,FALSE)),2)","v":9.4499999999999993},{"$f":"IF(VLOOKUP(AF1325,Group,5,FALSE)=\"YES\",VLOOKUP(ROUND(ROUND(AJ1325,1)-AJ1325,2),Round,2,FALSE)+VLOOKUP(AF1325,Group,6,FALSE),0)","v":0},{"$f":"IF(VLOOKUP(AF1325,Group,7,FALSE)=\"\",0,ROUND(AJ1325-0.04999,1)-AJ1325+AM1325)","v":0},{"$f":"IF(VLOOKUP(AF1325,Group,7,FALSE)=\"\",\"\",VLOOKUP(AF1325,Group,7,FALSE))","v":""},null,"X"]
[null,"Field Tile",null,null,"8\" x 8\"",null,"Field",null,null,null,"Lines",null,null,null,null,"12.70 SF/CTN",null,null,{"$f":"IF(Suggested=\"Yes\",AA1326,AG1326)","v":9.4499999999999993},"SF",{"$f":"+Instructions!$B$3","v":"G "},null,{"$f":"+Instructions!$C$22","v":0},{"$f":"ROUND($AA1326*(1-W1326)+0.004999,2)","v":9.4499999999999993},null,"",9.4499999999999993,{"$f":"+W1326","v":0},{"$f":"+X1326","v":9.4499999999999993},{"$f":"(AG1326-AC1326)/AG1326","v":0},null,1,{"$f":"SUM(AJ1326:AL1326)+AE1326","v":9.4499999999999993},null,null,{"$f":"ROUND(AC1326/(1-VLOOKUP(AF1326,Group,2,FALSE)),2)","v":9.4499999999999993},{"$f":"IF(VLOOKUP(AF1326,Group,5,FALSE)=\"YES\",VLOOKUP(ROUND(ROUND(AJ1326,1)-AJ1326,2),Round,2,FALSE)+VLOOKUP(AF1326,Group,6,FALSE),0)","v":0},{"$f":"IF(VLOOKUP(AF1326,Group,7,FALSE)=\"\",0,ROUND(AJ1326-0.04999,1)-AJ1326+AM1326)","v":0},{"$f":"IF(VLOOKUP(AF1326,Group,7,FALSE)=\"\",\"\",VLOOKUP(AF1326,Group,7,FALSE))","v":""},null,"X"]
[null,null,null,null,null,null,null,null,null,null,null,null,null,null,null,null,null,null,null,null,null,null,null,null,null,null,null,null,null,null,null,null,null,null,null,null,null,null,null,null,"X"]
[null,null,"VENATO - Glazed & Polished Porcelain",null,null,null,null,null,null,null,null,null,null,null,null,null,null,"Item # Lookup:","ROVN",null,null,null,null,null,null,null,null,null,null,null,null,null,null,null,null,null,null,null,null,null,"X"]
[null,null,null,null,null,null,null,null,null,null,null,null,null,null,null,null,null,null,null,null,null,null,null,null,null,null,null,null,null,null,null,null,null,null,null,null,null,null,null,null,"X"]
[null,null,null,"Color:","White",null,null,null,null,null,null,null,null,null,null,null,null,null,null,null,null,null,null,null,null,null,null,null,null,null,null,null,null,null,null,null,null,null,null,null,"X"]
[null,null,null,null,null,null,null,null,null,null,null,null,null,null,null,null,null,null,null,null,null,null,null,null,null,null,null,null,null,null,null,null,null,null,null,null,null,null,null,null,"X"]
[null,"Field Tile",null,null,"12\" x 24\"",null,"Field",null,"Rectified",null,"Polished",null,null,null,null,"15.50 SF/CTN",null,null,{"$f":"IF(Suggested=\"Yes\",AA1332,AG1332)","v":6.6},"SF",{"$f":"+Instructions!$B$3","v":"G "},null,{"$f":"+Instructions!$C$22","v":0},{"$f":"ROUND($AA1332*(1-W1332)+0.004999,2)","v":6.6},null,"YES",6.6,{"$f":"+W1332","v":0},{"$f":"+X1332","v":6.6},{"$f":"(AG1332-AC1332)/AG1332","v":0},null,1,{"$f":"SUM(AJ1332:AL1332)+AE1332","v":6.6},null,null,{"$f":"ROUND(AC1332/(1-VLOOKUP(AF1332,Group,2,FALSE)),2)","v":6.6},{"$f":"IF(VLOOKUP(AF1332,Group,5,FALSE)=\"YES\",VLOOKUP(ROUND(ROUND(AJ1332,1)-AJ1332,2),Round,2,FALSE)+VLOOKUP(AF1332,Group,6,FALSE),0)","v":0},{"$f":"IF(VLOOKUP(AF1332,Group,7,FALSE)=\"\",0,ROUND(AJ1332-0.04999,1)-AJ1332+AM1332)","v":0},{"$f":"IF(VLOOKUP(AF1332,Group,7,FALSE)=\"\",\"\",VLOOKUP(AF1332,Group,7,FALSE))","v":""},null,"X"]
[null,"Field Tile",null,null,"24\" x 48\"",null,"Field",null,"Rectified",null,"Polished",null,null,null,null,"15.50 SF/CTN",null,null,{"$f":"IF(Suggested=\"Yes\",AA1333,AG1333)","v":7.4},"SF",{"$f":"+Instructions!$B$3","v":"G "},null,{"$f":"+Instructions!$C$22","v":0},{"$f":"ROUND($AA1333*(1-W1333)+0.004999,2)","v":7.4},null,"YES",7.4,{"$f":"+W1333","v":0},{"$f":"+X1333","v":7.4},{"$f":"(AG1333-AC1333)/AG1333","v":0},null,1,{"$f":"SUM(AJ1333:AL1333)+AE1333","v":7.4},null,null,{"$f":"ROUND(AC1333/(1-VLOOKUP(AF1333,Group,2,FALSE)),2)","v":7.4},{"$f":"IF(VLOOKUP(AF1333,Group,5,FALSE)=\"YES\",VLOOKUP(ROUND(ROUND(AJ1333,1)-AJ1333,2),Round,2,FALSE)+VLOOKUP(AF1333,Group,6,FALSE),0)","v":0},{"$f":"IF(VLOOKUP(AF1333,Group,7,FALSE)=\"\",0,ROUND(AJ1333-0.04999,1)-AJ1333+AM1333)","v":0},{"$f":"IF(VLOOKUP(AF1333,Group,7,FALSE)=\"\",\"\",VLOOKUP(AF1333,Group,7,FALSE))","v":""},null,"X"]
[null,null,null,null,null,null,null,null,null,null,null,null,null,null,null,null,null,null,null,null,null,null,null,null,null,null,null,null,null,null,null,null,null,null,null,null,null,null,null,null,"X"]
[null,"Field Tile",null,null,"12\" x 24\"",null,"Field",null,"Rectified",null,"Unpolished",null,null,null,null,"15.50 SF/CTN",null,null,{"$f":"IF(Suggested=\"Yes\",AA1335,AG1335)","v":6.3},"SF",{"$f":"+Instructions!$B$3","v":"G "},null,{"$f":"+Instructions!$C$22","v":0},{"$f":"ROUND($AA1335*(1-W1335)+0.004999,2)","v":6.3},null,"",6.3,{"$f":"+W1335","v":0},{"$f":"+X1335","v":6.3},{"$f":"(AG1335-AC1335)/AG1335","v":0},null,1,{"$f":"SUM(AJ1335:AL1335)+AE1335","v":6.3},null,null,{"$f":"ROUND(AC1335/(1-VLOOKUP(AF1335,Group,2,FALSE)),2)","v":6.3},{"$f":"IF(VLOOKUP(AF1335,Group,5,FALSE)=\"YES\",VLOOKUP(ROUND(ROUND(AJ1335,1)-AJ1335,2),Round,2,FALSE)+VLOOKUP(AF1335,Group,6,FALSE),0)","v":0},{"$f":"IF(VLOOKUP(AF1335,Group,7,FALSE)=\"\",0,ROUND(AJ1335-0.04999,1)-AJ1335+AM1335)","v":0},{"$f":"IF(VLOOKUP(AF1335,Group,7,FALSE)=\"\",\"\",VLOOKUP(AF1335,Group,7,FALSE))","v":""},null,"X"]
[null,null,null,null,null,null,null,null,null,null,null,null,null,null,null,null,null,null,null,null,null,null,null,null,null,null,null,null,null,null,null,null,null,null,null,null,null,null,null,null,"X"]
[null,null,"VIVALDI - Glazed Porcelain",null,null,null,null,null,null,null,null,null,null,null,null,null,null,"Item # Lookup:","ROVI",null,null,null,null,null,null,null,null,null,null,null,null,null,null,null,null,null,null,null,null,null,"X"]
[null,null,null,null,null,null,null,null,null,null,null,null,null,null,null,null,null,null,null,null,null,null,null,null,null,null,null,null,null,null,null,null,null,null,null,null,null,null,null,null,"X"]
[null,null,null,"Color:","Vivaldi",null,null,null,null,null,null,null,null,null,null,null,null,null,null,null,null,null,null,null,null,null,null,null,null,null,null,null,null,null,null,null,null,null,null,null,"X"]
[null,null,null,null,null,null,null,null,null,null,null,null,null,null,null,null,null,null,null,null,null,null,null,null,null,null,null,null,null,null,null,null,null,null,null,null,null,null,null,null,"X"]
[null,"Field Tile",null,null,"12\" x 24\"",null,"Field",null,null,null,null,null,null,null,null,"14.25 SF/CTN",null,null,{"$f":"IF(Suggested=\"Yes\",AA1341,AG1341)","v":5.45},"SF",{"$f":"+Instructions!$B$3","v":"G "},null,{"$f":"+Instructions!$C$22","v":0},{"$f":"ROUND($AA1341*(1-W1341)+0.004999,2)","v":5.45},null,"",5.45,{"$f":"+W1341","v":0},{"$f":"+X1341","v":5.45},{"$f":"(AG1341-AC1341)/AG1341","v":0},null,1,{"$f":"SUM(AJ1341:AL1341)+AE1341","v":5.45},null,null,{"$f":"ROUND(AC1341/(1-VLOOKUP(AF1341,Group,2,FALSE)),2)","v":5.45},{"$f":"IF(VLOOKUP(AF1341,Group,5,FALSE)=\"YES\",VLOOKUP(ROUND(ROUND(AJ1341,1)-AJ1341,2),Round,2,FALSE)+VLOOKUP(AF1341,Group,6,FALSE),0)","v":0},{"$f":"IF(VLOOKUP(AF1341,Group,7,FALSE)=\"\",0,ROUND(AJ1341-0.04999,1)-AJ1341+AM1341)","v":0},{"$f":"IF(VLOOKUP(AF1341,Group,7,FALSE)=\"\",\"\",VLOOKUP(AF1341,Group,7,FALSE))","v":""},null,"X"]
[null,null,null,null,null,null,null,null,null,null,null,null,null,null,null,null,null,null,null,null,null,null,null,null,null,null,null,null,null,null,null,null,null,null,null,null,null,null,null,null,"X"]
[null,null,"WIND - Glazed Ceramic Wall",null,null,null,null,null,null,null," ",null,null,null,null,null,null,"Item # Lookup:","ROWI",null,null,null,null,null,null,null,null,null,null,null,null,null,null,null,null,null,null,null,null,null,"X"]
[null,null,null,null,null,null,null,null,null,null,null,null,null,null,null,null,null,null,null,null,null,null,null,null,null,null,null,null,null,null,null,null,null,null,null,null,null,null,null,null,"X"]
[null,null,null,"Color:","Wind White",null,null,null,null,null,null,null,null,null,null,null,null,null,null,null,null,null,null,null,null,null,null,null,null,null,null,null,null,null,null,null,null,null,null,null,"X"]
[null,null,null,null,null,null,null,null,null,null,null,null,null,null,null,null,null,null,null,null,null,null,null,null,null,null,null,null,null,null,null,null,null,null,null,null,null,null,null,null,"X"]
[null,"Field Tile",null,null,"16\" x 48\"",null,"Field",null,"Rectified",null,null,null,null,null,null,"10.33 SF/CTN",null,null,{"$f":"IF(Suggested=\"Yes\",AA1347,AG1347)","v":11},"SF",{"$f":"+Instructions!$B$3","v":"G "},null,{"$f":"+Instructions!$C$22","v":0},{"$f":"ROUND($AA1347*(1-W1347)+0.004999,2)","v":11},null,"",11,{"$f":"+W1347","v":0},{"$f":"+X1347","v":11},{"$f":"(AG1347-AC1347)/AG1347","v":0},null,1,{"$f":"SUM(AJ1347:AL1347)+AE1347","v":11},null,null,{"$f":"ROUND(AC1347/(1-VLOOKUP(AF1347,Group,2,FALSE)),2)","v":11},{"$f":"IF(VLOOKUP(AF1347,Group,5,FALSE)=\"YES\",VLOOKUP(ROUND(ROUND(AJ1347,1)-AJ1347,2),Round,2,FALSE)+VLOOKUP(AF1347,Group,6,FALSE),0)","v":0},{"$f":"IF(VLOOKUP(AF1347,Group,7,FALSE)=\"\",0,ROUND(AJ1347-0.04999,1)-AJ1347+AM1347)","v":0},{"$f":"IF(VLOOKUP(AF1347,Group,7,FALSE)=\"\",\"\",VLOOKUP(AF1347,Group,7,FALSE))","v":""},null,"X"]
[null,null,null,null,null,null,null,null,null,null,null,null,null,null,null,null,null,null,null,null,null,null,null,null,null,null,null,null,null,null,null,null,null,null,null,null,null,null,null,null,"X"]
[null,null,"ZELLIGE - Glazed Ceramic Wall",null,null,null,null,null,null,null," ",null,null,null,null,null,null,"Item # Lookup:","ROZL",null,null,null,null,null,null,null,null,null,null,null,null,null,null,null,null,null,null,null,null,null,"X"]
[null,null,null,null,null,null,null,null,null,null,null,null,null,null,null,null,null,null,null,null,null,null,null,null,null,null,null,null,null,null,null,null,null,null,null,null,null,null,null,null,"X"]
[null,null,null,"Colors:","Dark Gray","Emerald Green",null,null,null," White",null,null,null,null,null,null,null,null,null,null,null,null,null,null,null,null,null,null,null,null,null,null,null,null,null,null,null,null,null,null,"X"]
[null,null,null,null,"Deep Blue","Tender Gray",null,null,null,null,null,null,null,null,null,null,null,null,null,null,null,null,null,null,null,null,null,null,null,null,null,null,null,null,null,null,null,null,null,null,"X"]
[null,null,null,null,null,null,null,null,null,null,null,null,null,null,null,null,null,null,null,null,null,null,null,null,null,null,null,null,null,null,null,null,null,null,null,null,null,null,null,null,"X"]
[null,"Field Tile",null,null,"2\" x 16\"",null,"Field",null,null,null,null,null,null,null,null,"11.09 SF/CTN",null,null,{"$f":"IF(Suggested=\"Yes\",AA1354,AG1354)","v":11.35},"SF",{"$f":"+Instructions!$B$3","v":"G "},null,{"$f":"+Instructions!$C$22","v":0},{"$f":"ROUND($AA1354*(1-W1354)+0.004999,2)","v":11.35},null,"",11.35,{"$f":"+W1354","v":0},{"$f":"+X1354","v":11.35},{"$f":"(AG1354-AC1354)/AG1354","v":0},null,1,{"$f":"SUM(AJ1354:AL1354)+AE1354","v":11.35},null,null,{"$f":"ROUND(AC1354/(1-VLOOKUP(AF1354,Group,2,FALSE)),2)","v":11.35},{"$f":"IF(VLOOKUP(AF1354,Group,5,FALSE)=\"YES\",VLOOKUP(ROUND(ROUND(AJ1354,1)-AJ1354,2),Round,2,FALSE)+VLOOKUP(AF1354,Group,6,FALSE),0)","v":0},{"$f":"IF(VLOOKUP(AF1354,Group,7,FALSE)=\"\",0,ROUND(AJ1354-0.04999,1)-AJ1354+AM1354)","v":0},{"$f":"IF(VLOOKUP(AF1354,Group,7,FALSE)=\"\",\"\",VLOOKUP(AF1354,Group,7,FALSE))","v":""},null,"X"]
[null,null,null,null,null,null,null,null,null,null,null,null,null,null,null,null,null,null,null,null,null,null,null,null,null,null,null,null,null,null,null,null,null,null,null,null,null,null,null,null,"X"]
[null,"Decos",null,null,"3/4\" x 16\"",null,"Pencil",null,null,null,null,null,null,null,null,null,null,null,{"$f":"IF(Suggested=\"Yes\",AA1356,AG1356)","v":13.6},"EA",{"$f":"+Instructions!$B$3","v":"G "},null,{"$f":"+Instructions!$C$22","v":0},{"$f":"ROUND($AA1356*(1-W1356)+0.004999,2)","v":13.6},null,"",13.6,{"$f":"+W1356","v":0},{"$f":"+X1356","v":13.6},{"$f":"(AG1356-AC1356)/AG1356","v":0},null,3,{"$f":"SUM(AJ1356:AL1356)+AE1356","v":13.6},null,null,{"$f":"ROUND(AC1356/(1-VLOOKUP(AF1356,Group,2,FALSE)),2)","v":13.6},{"$f":"IF(VLOOKUP(AF1356,Group,5,FALSE)=\"YES\",VLOOKUP(ROUND(ROUND(AJ1356,1)-AJ1356,2),Round,2,FALSE)+VLOOKUP(AF1356,Group,6,FALSE),0)","v":0},{"$f":"IF(VLOOKUP(AF1356,Group,7,FALSE)=\"\",0,ROUND(AJ1356-0.04999,1)-AJ1356+AM1356)","v":0},{"$f":"IF(VLOOKUP(AF1356,Group,7,FALSE)=\"\",\"\",VLOOKUP(AF1356,Group,7,FALSE))","v":""},null,"X"]
[null,null,null,null,null,null,null,null,null,null,null,null,null,null,null,null,null,null,null,null,null,null,null,null,null,null,null,null,null,null,null,null,null,null,null,null,null,null,null,null,"X"]
[null,null,"ZEN - Glazed Ceramic Wall",null,null,null,null,null,null,null," ",null,null,null,null,null,null,"Item # Lookup:","ROZE",null,null,null,null,null,null,null,null,null,null,null,null,null,null,null,null,null,null,null,null,null,"X"]
[null,null,null,null,null,null,null,null,null,null,null,null,null,null,null,null,null,null,null,null,null,null,null,null,null,null,null,null,null,null,null,null,null,null,null,null,null,null,null,null,"X"]
[null,null,null,"Color:","Zen Black",null,null,null,null,null,null,null,null,null,null,null,null,null,null,null,null,null,null,null,null,null,null,null,null,null,null,null,null,null,null,null,null,null,null,null,"X"]
[null,null,null,null,null,null,null,null,null,null,null,null,null,null,null,null,null,null,null,null,null,null,null,null,null,null,null,null,null,null,null,null,null,null,null,null,null,null,null,null,"X"]
[null,"Field Tile",null,null,"16\" x 48\"",null,"Field",null,"Rectified",null,null,null,null,null,null,"20.67 SF/CTN",null,null,{"$f":"IF(Suggested=\"Yes\",AA1362,AG1362)","v":11.7},"SF",{"$f":"+Instructions!$B$3","v":"G "},null,{"$f":"+Instructions!$C$22","v":0},{"$f":"ROUND($AA1362*(1-W1362)+0.004999,2)","v":11.7},null,"new",11.7,{"$f":"+W1362","v":0},{"$f":"+X1362","v":11.7},{"$f":"(AG1362-AC1362)/AG1362","v":0},null,1,{"$f":"SUM(AJ1362:AL1362)+AE1362","v":11.7},null,null,{"$f":"ROUND(AC1362/(1-VLOOKUP(AF1362,Group,2,FALSE)),2)","v":11.7},{"$f":"IF(VLOOKUP(AF1362,Group,5,FALSE)=\"YES\",VLOOKUP(ROUND(ROUND(AJ1362,1)-AJ1362,2),Round,2,FALSE)+VLOOKUP(AF1362,Group,6,FALSE),0)","v":0},{"$f":"IF(VLOOKUP(AF1362,Group,7,FALSE)=\"\",0,ROUND(AJ1362-0.04999,1)-AJ1362+AM1362)","v":0},{"$f":"IF(VLOOKUP(AF1362,Group,7,FALSE)=\"\",\"\",VLOOKUP(AF1362,Group,7,FALSE))","v":""},null,"X"]
[null,null,null,null,null,null,null,null,null,null,null,null,null,null,null,null,null,null,null,null,null,null,null,null,null,null,null,null,null,null,null,null,null,null,null,null,null,null,null,null,"X"]
[null,null,null,"Color:","Zen White",null,null,null,null,null,null,null,null,null,null,null,null,null,null,null,null,null,null,null,null,null,null,null,null,null,null,null,null,null,null,null,null,null,null,null,"X"]
[null,null,null,null,null,null,null,null,null,null,null,null,null,null,null,null,null,null,null,null,null,null,null,null,null,null,null,null,null,null,null,null,null,null,null,null,null,null,null,null,"X"]
[null,"Field Tile",null,null,"16\" x 48\"",null,"Field",null,"Rectified",null,null,null,null,null,null,"20.67 SF/CTN",null,null,{"$f":"IF(Suggested=\"Yes\",AA1366,AG1366)","v":10.95},"SF",{"$f":"+Instructions!$B$3","v":"G "},null,{"$f":"+Instructions!$C$22","v":0},{"$f":"ROUND($AA1366*(1-W1366)+0.004999,2)","v":10.95},null,"",10.95,{"$f":"+W1366","v":0},{"$f":"+X1366","v":10.95},{"$f":"(AG1366-AC1366)/AG1366","v":0},null,1,{"$f":"SUM(AJ1366:AL1366)+AE1366","v":10.95},null,null,{"$f":"ROUND(AC1366/(1-VLOOKUP(AF1366,Group,2,FALSE)),2)","v":10.95},{"$f":"IF(VLOOKUP(AF1366,Group,5,FALSE)=\"YES\",VLOOKUP(ROUND(ROUND(AJ1366,1)-AJ1366,2),Round,2,FALSE)+VLOOKUP(AF1366,Group,6,FALSE),0)","v":0},{"$f":"IF(VLOOKUP(AF1366,Group,7,FALSE)=\"\",0,ROUND(AJ1366-0.04999,1)-AJ1366+AM1366)","v":0},{"$f":"IF(VLOOKUP(AF1366,Group,7,FALSE)=\"\",\"\",VLOOKUP(AF1366,Group,7,FALSE))","v":""},null,"X"]
[null,null,null,null,null,null,null,null,null,null,null,null,null,null,null,null,null,null,null,null,null,null,null,null,null,null,null,null,null,null,null,null,null,null,null,null,null,null,null,null,"X"]
[null,null,null,null,null,null,null,null,null,null,null,null,null,null,null,null,null,null,null,null,null,null,null,null,null,null,null,null,null,null,null,null,null,null,null,null,null,null,null,null,"X"]
[null,null,null,null,null,null,null,null,null,null,null,null,null,null,null,null,null,null,null,null,null,null,null,null,null,null,null,null,null,null,null,null,null,null,null,null,null,null,null,null,"X"]
[null,null,null,null,null,null,null,null,null,null,null,null,null,null,null,null,null,null,null,null,null,null,null,null,null,null,null,null,null,null,null,null,null,null,null,null,null,null,null,null,"X"]
[null,null,null,null,null,null,null,null,null,null,null,null,null,null,null,null,null,null,null,null,null,null,null,null,null,null,null,null,null,null,null,null,null,null,null,null,null,null,null,null,"X"]
[null,null,null,null,null,null,null,null,null,null,null,null,null,null,null,null,null,null,null,null,null,null,null,null,null,null,null,null,null,null,null,null,null,null,null,null,null,null,null,null,"X"]
[null,null,null,null,null,null,null,null,null,null,null,null,null,null,null,null,null,null,null,null,null,null,null,null,null,null,null,null,null,null,null,null,null,null,null,null,null,null,null,null,"X"]
[null,null,null,null,null,null,null,null,null,null,null,null,null,null,null,null,null,null,null,null,null,null,null,null,null,null,null,null,null,null,null,null,null,null,null,null,null,null,null,null,"X"]
[null,null,null,null,null,null,null,null,null,null,null,null,null,null,null,null,null,null,null,null,null,null,null,null,null,null,null,null,null,null,null,null,null,null,null,null,null,null,null,null,"X"]
[null,null,null,null,null,null,null,null,null,null,null,null,null,null,null,null,null,null,null,null,null,null,null,null,null,null,null,null,null,null,null,null,null,null,null,null,null,null,null,null,"X"]
[null,null,null,null,null,null,null,null,null,null,null,null,null,null,null,null,null,null,null,null,null,null,null,null,null,null,null,null,null,null,null,null,null,null,null,null,null,null,null,null,"X"]
[null,null,null,null,null,null,null,null,null,null,null,null,null,null,null,null,null,null,null,null,null,null,null,null,null,null,null,null,null,null,null,null,null,null,null,null,null,null,null,null,"X"]
[null,null,null,null,null,null,null,null,null,null,null,null,null,null,null,null,null,null,null,null,null,null,null,null,null,null,null,null,null,null,null,null,null,null,null,null,null,null,null,null,"X"]
[null,null,null,null,null,null,null,null,null,null,null,null,null,null,null,null,null,null,null,null,null,null,null,null,null,null,null,null,null,null,null,null,null,null,null,null,null,null,null,null,"X"]
[null,null,null,null,null,null,null,null,null,null,null,null,null,null,null,null,null,null,null,null,null,null,null,null,null,null,null,null,null,null,null,null,null,null,null,null,null,null,null,null,"X"]
[null,null,null,null,null,null,null,null,null,null,null,null,null,null,null,null,null,null,null,null,null,null,null,null,null,null,null,null,null,null,null,null,null,null,null,null,null,null,null,null,"X"]
[null,null,null,null,null,null,null,null,null,null,null,null,null,null,null,null,null,null,null,null,null,null,null,null,null,null,null,null,null,null,null,null,null,null,null,null,null,null,null,null,"X"]
[null,null,null,null,null,null,null,null,null,null,null,null,null,null,null,null,null,null,null,null,null,null,null,null,null,null,null,null,null,null,null,null,null,null,null,null,null,null,null,null,"X"]
[null,null,null,null,null,null,null,null,null,null,null,null,null,null,null,null,null,null,null,null,null,null,null,null,null,null,null,null,null,null,null,null,null,null,null,null,null,null,null,null,"X"]
[null,null,null,null,null,null,null,null,null,null,null,null,null,null,null,null,null,null,null,null,null,null,null,null,null,null,null,null,null,null,null,null,null,null,null,null,null,null,null,null,"X"]
[null,null,null,null,null,null,null,null,null,null,null,null,null,null,null,null,null,null,null,null,null,null,null,null,null,null,null,null,null,null,null,null,null,null,null,null,null,null,null,null,"X"]
[null,null,null,null,null,null,null,null,null,null,null,null,null,null,null,null,null,null,null,null,null,null,null,null,null,null,null,null,null,null,null,null,null,null,null,null,null,null,null,null,"X"]
[null,null,null,null,null,null,null,null,null,null,null,null,null,null,null,null,null,null,null,null,null,null,null,null,null,null,null,null,null,null,null,null,null,null,null,null,null,null,null,null,"X"]
[null,null,null,null,null,null,null,null,null,null,null,null,null,null,null,null,null,null,null,null,null,null,null,null,null,null,null,null,null,null,null,null,null,null,null,null,null,null,null,null,"X"]
[null,null,null,null," ",null,null,null,null,null,null,null,null,null,null,null,null,null,null,null,null,null,null,null,null,null,null,null,null,null,null,null,null,null,null,null,null,null,null,null,"X"]
[null,null,null,null,null,null,null,null,null,null,null,null,null,null,null,null,null,null,null,null,null,null,null,null,null,null,null,null,null,null,null,null,null,null,null,null,null,null,null,null,"X"]
[null,null,null,null,null,null,null,null,null,null,null,null,null,null,null,null,null,null,null,null,null,null,null,null,null,null,null,null,null,null,null,null,null,null,null,null,null,null,null,null,"X"]
[null,null,"This price list is available electronically on an Excel spreadsheet at www.conestogatile.com/pricelists."]
[]
[null,null,"The spreadsheet has many special features to assist you.  Apply your discount to generate your net costs for your purchasing department.  Apply your standard gross margin percentage or custom prices to generate your own custom price list for your showroom."]
[]
["X","X","X","X","X","X","X","X","X","X","X","X","X","X","X","X","X","X","X","X","X","X","X","X","X","X","X","X","X","X","X","X","X","X","X","X","X","X","X","X"]
[]
[null,null,null,"$.05 Round Matrix"]
[null,null,null,-0.04,0.01]
[null,null,null,-0.03,0.02]
[null,null,null,-0.02,0.03]
[null,null,null,-0.01,-0.01,null,null,null,null," "]
[null,null,null,0,0]
[null,null,null,0.01,1.0000000000005116E-2]
[null,null,null,0.02,2.0000000000003126E-2]
[null,null,null,0.03,3.0000000000001137E-2]
[null,null,null,0.04,-0.01]
[null,null,null,0.05,0]

{"sheet":"Websites","index":3,"n_rows":82,"n_cols":10,"rows_kept":82,"cut":false,"hidden":false,"merged":[]}
["Easy Access Website links"]
[]
["ConestogaTile's Website","www.conestogatile.com"]
[null,null,null,null," "]
["Manufacturer's Home Page","http://www.rocatilegroup.com/"]
[]
[]
["Product","Direct Website Link"]
["Abaco","https://rocatileusa.com/collections/abaco/"]
["Abbey","http://rocatileusa.com/collections/abbey/"]
["Alaska","https://rocatileusa.com/collections/alaska/"]
["Artesano"]
["Bar Tile"]
["Bianco Venatino","http://rocatilegroup.com/collections/bianco-venatino/"]
["Block","https://rocatileusa.com/collections/block/"]
["Borneo","http://rocatileusa.com/collections/borneo-wood-look-tile/"]
["Borneo Chevron","http://rocatileusa.com/collections/borneo-chevron/"]
["Brickell","http://rocatileusa.com/collections/brickell/"]
["Calacatta Gold","https://rocatileusa.com/collections/calacata-gold/"]
["Calacatta White","https://rocatileusa.com/collections/calacatta/"]
["Carrara","https://rocatileusa.com/collections/carrara/"]
["Carve","https://rocatileusa.com/collections/carve/"]
["Casablanca","http://rocatileusa.com/collections/casablanca/"]
["CC Cosmos"]
["CC Frames"]
["CC Mosaics","http://rocatilegroup.com/products/cc-porcelain-mosaics/"]
["CC Mosaics Plus+","http://rocatilegroup.com/products/cc-porcelain-mosaics-plus/"]
["CC Porcelain","http://rocatilegroup.com/products/porcelain-mosaics-cc/"]
["CC Textures","http://rocatileusa.com/collections/cc-textures/"]
["Colonial","https://rocatileusa.com/collections/colonial/"]
["Color Collection","http://rocatilegroup.com/color-collection-solid-color-wall-tile/"]
["Crystal","https://rocatileusa.com/collections/crystal/"]
["Decorative Accents","http://rocatilegroup.com/products/decorative-accent-wall-tile/"]
["Dimensions","https://rocatileusa.com/collections/dimensions/"]
["Downtown","http://rocatilegroup.com/products/downtown-concrete-look-tile/"]
["Epoque","https://rocatileusa.com/collections/epoque/"]
["Everglade","https://rocatileusa.com/collections/everglade/"]
["Feathers"]
["Flow","http://rocatileusa.com/collections/flow/"]
["Havana","http://rocatilegroup.com/collections/havana/"]
["June","https://rocatileusa.com/collections/june/"]
["Kalma","https://rocatileusa.com/collections/kalma/"]
["Lassa","https://rocatileusa.com/collections/lassa/"]
["Legend","http://rocatilegroup.com/products/legend-stone-look-tile/"]
["Limestone","https://rocatileusa.com/collections/limestone/"]
["Lithology Edition"]
["Liverpool","https://rocatileusa.com/collections/liverpool/"]
["Magnolia","http://rocatilegroup.com/products/marmi-traditional-look-tile/",null,null,null,null,null,null,null," "]
["Maiolica","http://rocatilegroup.com/maiolica-handmade-look-wall-tile-design-kitchen-bathroom/"]
["Maiolica Floor","http://rocatileusa.com/collections/maiolica-floor/"]
["Marble Arcobaleno","https://rocatileusa.com/collections/marble-arcobaleno/"]
["Marble Lincoln","https://rocatileusa.com/collections/marble-lincoln/"]
["Marble Platinum","https://rocatileusa.com/collections/marble-platinum/"]
["Metals","http://rocatileusa.com/collections/metals/"]
["Momentum","http://rocatileusa.com/collections/momentum-concrete-look-tile/"]
["Mystery","https://rocatileusa.com/collections/mystery/"]
["Nolita","http://rocatilegroup.com/collections/nolita/"]
["Nordico","https://rocatileusa.com/collections/nordico/"]
["Olaria","https://rocatileusa.com/collections/olaria/"]
["Ombre","https://rocatileusa.com/collections/ombre/"]
["Onyx","https://rocatileusa.com/collections/onyx/"]
["Pavers","https://rocatileusa.com/collections/pavers/"]
["Piasentina","http://rocatilegroup.com/collections/piasentina/"]
["Pigment","https://rocatileusa.com/collections/pigment/"]
["Positano","http://rocatilegroup.com/products/positano-stone-look-tile/"]
["Pro","http://rocatileusa.com/collections/pro/"]
["Pro Max","http://rocatileusa.com/collections/pro-max/"]
["Rock Art","http://rocatilegroup.com/products/pure-solid-color-tile/"]
["Seattle","https://rocatileusa.com/collections/seattle/"]
["Slabs","https://rocatileusa.com/collections/slabs/"]
["St. Tropez","https://rocatileusa.com/collections/st-tropez/"]
["Statuary","http://rocatileusa.com/collections/statuary-marble-look-tile/"]
["Stone Basel","https://rocatileusa.com/collections/stone-basel/"]
["Terranova","https://rocatileusa.com/collections/terranova/"]
["Tissue","https://rocatileusa.com/collections/tissue/"]
["Trevi","http://rocatileusa.com/collections/trevi/"]
["Tribe","https://rocatileusa.com/collections/tribe/"]
["Venato","https://rocatileusa.com/collections/venato/"]
["Vivaldi","https://rocatileusa.com/collections/vivaldi/"]
["Wind","https://rocatileusa.com/collections/wind/"]
["Zellige","https://rocatileusa.com/collections/zellige/"]
["Zen","https://rocatileusa.com/collections/zen/"]

{"sheet":"Changes","index":4,"n_rows":692,"n_cols":3,"rows_kept":692,"cut":false,"hidden":false,"merged":[]}
["Date"]
["Announced","Series","Description"]
[]
["New Products",null," "]
["2008-02-01","ALCAZAR"]
["2008-02-01","ARDESIA"]
["2008-02-01","BELLATERRA"]
["2008-09-03","ONDA"]
["2009-04-08","DOT-MOUNTED MOSAICS"]
["2010-01-22","Astral - Glazed Ceramic","Coordinating field, decoratives & trims for Laufen Alcazar Series."]
["2010-03-22","Argos","Unglazed Porcelain"]
["2010-03-22","Java","Glazed Ceramic"]
["2010-03-22","Monte Bello","Glazed Porcelain"]
["2010-03-22","Nordico","Glazed Ceramic"]
["2010-03-22","Avila","Through-Body Porcelain"]
["2010-03-22","Coral","Glass"]
["2010-03-22","Rock & Rock:  Montana","Unglazed Porcelain"]
["2010-03-22","Norway","Through-Body Porcelain"]
["2010-03-22","Stratos Orion","Through-Body Double Load Porcelain "]
["2010-03-22","Rock Art","Natural Stone"]
["2010-03-22","Rock & Rock:  Shellstone","Unglazed Porcelain"]
["2010-03-22","Stratos Artic","Through-Body Polished Porcelain"]
["2010-03-22","Stratos Atlas","Through-Body Polished Porcelain"]
["2010-03-22","Siros","Through-Body Polished Porcelain"]
["2011-07-07","Equinox","3\" x 6\" & 10\" x 13\" Field Tiles,  3\" x 10\" Willow Listello, 3\" x 6\" & 3\" x 10\" Bullnose."]
["2011-07-07","FRESNO","12\" x 12\" Floor & 3\" x 6\" Wall Field Tile, also, 3\" x 6\" Wall Bullnose."]
["2011-07-07","Marlin","Glazed Ceramic Floor & Wall"]
["2011-07-07","Arles","Glazed Porcelain"]
["2011-07-07","Coral","Added Beige-Olive Beroe 1\" x 1\" Multicolor Mosaic "]
["2011-07-07","Lavagna","Porcelain  "]
["2011-07-07","Packstone","Porcelain"]
["2011-07-07","STRATOS ARTIC","added 12\" x 24\" Field Tile "]
["2011-07-07","Stratos Orion","12\" x 12\" Field Tile & 3\" x 12\" Bullnose in both polished & unpolished, Taurus Mosaic."]
["2011-07-07","Tahiti","Glazed Porcelain"]
["2011-07-07","York","Porcelain"]
["2011-07-07","Norway","Through-Body Porcelain "]
["2011-07-07","Acadia","Glazed Porcelain"]
["2011-07-07","Astral - Glazed Ceramic","Added 10\"x13\" Wall, 3\"x10\" Willow Listello, 2\"x8\" Vancouver Listello & 3\"x10\" B/N."]
["2011-07-07","Bengala","Through-Body Porcelain"]
["2011-07-07","Color Collection","Added 4-1/4\" x 10\" field tile & 3\" x 10\" Bullnose in colors U081 White Ice & U281 White Ice.  Also added 4-1/4\" x 10\" field tile in colors U761 Tender Grey (Bright), U261 Tender Grey (Matte), U785 Fawn (Bright), U285 Fawn (Matte), U789 Taupe (Bright), U289 Taupe (Matte), U796 Cocoa (Bright), U296 Cocoa (Matte) and U759 Black (Bright).    "]
["2011-07-07","Color Collection","Added to color U759 Black Bright the following trims:  S4269, SN4269, AT3401, STCL3401, STCR3401, AT3410, ATCL3410, ATCR3410, AT3610, ATCL3610, ATCR3610, A4200 & AN4200. "]
["2011-07-07","Decorative Accents","Re-designed and re-introduced back into offerings."]
["2011-07-07","Hampton","Glazed Porcelain"]
["2011-07-07","Portonovo","Glazed Ceramic"]
[null,"CC Porcelain","(previously known as \"Dot Mounted\") 2\" x 2\" SC813 Cove Base Outside Corner added to line."]
["2012-01-27","Astral","24\" x 24\" field tile size added."]
["2012-01-27","Calacatta","Glazed Porcelain Floor & Glazed Ceramic Wall"]
["2012-01-27","Calypso","Glazed Ceramic Wall"]
["2012-01-27","Campania","Glazed Porcelain Floor & Glazed Ceramic Wall"]
["2012-01-27","Carrara","Glazed Porcelain Floor & Glazed Ceramic Wall"]
["2012-01-27","Classic","(previously known as \"Biltmore\") Color Beige added to line as well as the field tile size 12\" x 12\"."]
["2012-01-27","Coral","2\" x 2\" field in colors Beige and Olive added to line."]
["2012-01-27","Retro","Glazed Ceramic Wall"]
["2012-01-27","Shellstone","Porcelain"]
["2012-01-27","Stratos Artic","32\" x 32\" field tile size added."]
["2012-01-27","Terracotta","Glazed Ceramic Wall"]
["2012-01-27","Versailles","Glazed Porcelain Floor & Glazed Ceramic Wall"]
["2012-11-06","Bergen","Glazed Porcelain"]
["2012-11-06","Carrara HD","Glazed Ceramic Floor & Wall"]
["2012-11-06","CC Mosaics","Glazed Mosaics"]
["2012-11-06","CC Porcelain","Colors U248 Camel and U289 Taupe added to line. "]
["2012-11-06","Linen","Glazed Porcelain"]
["2012-11-06","Palazzo","Glazed Porcelain Floor & Glazed Ceramic Wall"]
["2013-01-30","Astral","Added to line:  12\" x 12\" Multicolor Mosaic."]
["2013-01-30","Bath Accessories","4 Fixtures available in Snow White & Bone colors."]
["2013-01-30","Color Collection","Added to line:  4-1/4\" x 10\" Beveled Edge field tile in color U081 White Ice.  4-1/4\" x 10\" field tile in color U739 Red Pepper & 3\" x 10\" Bullnose in colors U759 Black, U261 Tender Gray, U761 Tender Gray, U285 Fawn, U785 Fawn, U289 Taupe, U789 Taupe, U296 Cocoa and U796 Cocoa. "]
["2013-01-30","Pietra Nero","Porcelain"]
["2013-01-30","Sapporo","Porcelain"]
["2013-01-30","Slates","Glazed Porcelain"]
["2013-01-30","Stratos Apolo","Through-Body Polished Porcelain"]
["2013-01-30","Stratos Atmosphere","Porcelain"]
["2013-01-30","Stratos Orion","Added to line:  6\" x 24\" Field Tile in Unpolished & Polished surfaces in all colors.  6\" x 12\" Cove Base & 1\" x 6\" Cove Base Out Corner in Unpolished surface only in all colors.    "]
["2013-01-30","Titanium","Porcelain"]
["2013-07-22","Calypso","Added to line:  12\" x 12\" Field Tile in colors Blanco and Negro."]
["2013-07-22","CC Mosaics","Added to line:  12\" x 12\" Snow White & Black (Matte) Octagonal Mosaic."]
["2014-01-14","Antibes","Glazed Ceramic Wall Tile."]
["2014-01-14","Astral","9-1/2\" x 13\" Wall & 18\" x 18\" Floor Field Tile sizes added in all colors, (replaces discontinued 10\" x 13\" Wall & 16\" x 16\" Floor Field Tile sizes).  3\" x 9-1/2\" Bullnose size added, (replaces discontinued 3\" x 10\" Bullnose size).  3/4\" x 6\" A106 Quarter Round added in all colors."]
["2014-01-14","Bergen","Brick Mosaic added, available in colors Arce, Roble & Wenge."]
["2014-01-14","Brescia","Glazed Porcelain Floor & Glazed Ceramic Wall."]
["2014-01-14","Calacatta","The following Non-Rectified items have been added to this line:  17\" x 17\" Floor Field Tile, 12\" x 24\" Wall Field Tile, 2\" x 12\" Chair Rail (Moldura) & 6\" x 12\" Base (Zocalo)."]
["2014-01-14","Calypso","The following items have been added to this line:  10\" x 28\" Suite Waves Field Tile, 12\" x 36\" Suite Bricks, Suite Cubes, Suite Lines, Suite Noblesse & Suite Sublime Field Tile. "]
["2014-01-14","CarraraHD","9-1/2\" x 13\" Wall  Field Tile size added, (replaces discontinued 10\" x 13\" Wall Field Tile size).  3\" x 9-1/2\" Bullnose size added, (replaces discontinued 3\" x 10\" Bullnose size)."]
["2014-01-14","CC Mosaics","Basket Weave & Penny Round Mosaics added."]
["2014-01-14","CC Porcelain","Color U726 Cobalt added and is available in all formats."]
["2014-01-14","Color Collection - Bright","6\" x 18\" Field Tile added to Group 0 colors U074 Biscuit, U761 Tender Gray & U081 White Ice only, 6\" x 18\" Bullnose will be available in colors U074 Biscuit & U081 White Ice only.  6\" x 18\" Field Tile added to Group 2 colors U796 Cocoa, U785 Fawn & U789 Taupe only.  6\" x 18\" Field Tile added to Group 3 color U759 Black only.  4-1/4\" x 10\" Beveled Edge Field Tile now available in Group 3 color U759 Black.  Additional Trim shapes now available in Group 4 color U739 Red Pepper."]
["2014-01-14","Color Collection - Matte","6\" x 18\" Field Tile & 6\" x 18\" Bullnose added to Group 0 color U281 White Ice only."]
["2014-01-14","Copperstone","Glazed Ceramic."]
["2014-01-14","Decorative Accents","3\" x 6\" Crackled Field Tile added and is available in colors U078 Bone & U081 White Ice only.  3\" x 6\" Ivy Listello added and is available in colors 074 Biscuit, 759 Black, 072 Snow White, 761 Tender Gray and 081 White Ice only."]
["2014-01-14","Emperador","Glazed Porcelain Floor & Glazed Ceramic Wall Tile."]
["2014-01-14","Equinox","9-1/2\" x 13\" Wall  Field Tile size added, (replaces discontinued 10\" x 13\" Wall Field Tile size).  3\" x 9-1/2\" Bullnose size added, (replaces discontinued 3\" x 10\" Bullnose size)."]
["2014-01-14","Fresno","9-1/2\" x 13\" Wall & 18\" x 18\" Floor Field Tile sizes added in all colors, (replaces discontinued 10\" x 13\" Wall & 16\" x 16\" Floor Field Tile sizes).  3\" x 9-1/2\" Bullnose size added, (replaces discontinued 3\" x 10\" Bullnose size)."]
["2014-01-14","Life","Glazed Ceramic Wall Tile."]
["2014-01-14","Linen","2\" x 2\" Dot Mounted Mosaic added and is available in all colors."]
["2014-01-14","Liso","Glazed Ceramic."]
["2014-01-14","Padova","Glazed Porcelain Floor & Glazed Ceramic Wall."]
["2014-01-14","Pure White","Rectified Glazed Porcelain."]
["2014-01-14","Rock Art","District Multicolor Mosaics & Mons Mosaics added."]
["2014-01-14","Santana","Glazed Ceramic."]
["2014-01-14","Stratos Apolo","3-3/4\" x 12\" Bullnose added."]
["2014-01-14","Stratos Artic","12\" x 12\" Field Tile size added."]
["2014-01-14","Stratos Atmosphere","3\" x 12\" Bullnose added and is available in all colors & both finishes."]
["2014-01-14","Yellowstone","Rectified Through-Body Porcelain."]
["2015-02-26","Astral","New 3\" x 10\" Willow wall Listello added and is available in Luna and Sand colors only."]
["2015-02-26","Bath Accessories","1040T 7\" x 7\" Corner Shelf added and is available in color Snow White (Glossy) only."]
["2015-02-26","Botania","Glazed Porcelain Floor."]
["2015-02-26","Boulevard","Glazed Porcelain Floor."]
["2015-02-26","Brescia","The following items have been added to this line:  color Natural Gray 12\" x 24\" Field Tile size and S43C9 3\" x 12\" Bullnose.  3\" x 17\" Bullnose in color Bright Gray."]
["2015-02-26","Calacatta","The following items have been added to this line:  color Natural Blanco 12\" x 24\" & 24\" x 24\" Field Tile sizes and S43C9 3\" x 12\" Bullnose.  24\" x 24\" Field Tile and 3\" x 17\" Bullnose in color Bright Blanco."]
["2015-02-26","Calypso","12\" x 18\" Field Tile and 12\" x 36\" Suite Frame Field Tile added and are available in color Blanco only.  Color Negro Bright added in is available in the 12\" x 36\" Suite Noblesse and Suite Sublime Field Tiles only."]
["2015-02-26","Carrara HD","12\" x 12\" and 18\" x 18\" Glazed Ceramic Field Tile  and 3\" x 12\" Glazed Ceramic Bullnose added."]
["2015-02-26","Color Collection","4-1/4\" x 16\" Field Tile and S4169 4-1/4\" x 16\" Bullnose added and available in colors U081 White Ice (Bright) and U281 White Ice (Matte) only. "]
["2015-02-26","Decorative Accents","4-1/4\" x 4-1/4\" and 8-1/2\" x 8-1/2\" Diamond Inserts added and available in color U072 Snow White only."]
["2015-02-26","Legend","Glazed Porcelain Floor."]
["2015-02-26","Padova","The following items have been added to this line:  color Natural Beige 12\" x 24\" Field Tile size and S43C9 3\" x 12\" Bullnose.  3\" x 17\" Bullnose in color Beige.  "]
["2015-02-26","Pure","Colors Black and Grey added."]
["2015-02-26","Stratos Orion","4\" x 4\" Insert added and is available in color Negro/Antracita only. "]
["2015-02-26","White Marble","Glazed Porcelain Floor and Glazed Ceramic Wall."]
["2017-02-24","Astral","Mosaic added and is available in all colors."]
["2017-02-24","Avila","Color Antracita added, 12\" x 24\" and 24\" x 24\" Rectified Field Tile formats and a 3\" x 12\" Bullnose."]
["2017-02-24","Bergen","Color Gris added in the 6\" x 24\" Field Tile format only."]
["2017-02-24","CC Mosaics","The following Mosaic patterns have been added:  1\" x 1\" Squares, 1\" x 1\" Hexagon, 2\" Lantern and Diamond Herringbone.  The following colors have been added to these existing patterns:  Black (Matte) 1\" x 1\" Hexagon, White & Grey (Matte) Basket Weave, Snow White & Gray (Matte) Octagonal and colors Grey (Glossy) and Grey (Matte) Penny Round.  "]
["2017-02-24","CC Mosaics Plus+","Glazed Porcelain Mesh-Mounted Mosaics."]
["2017-02-24","Cedrick","Glazed Porcelain Floor."]
["2017-02-24","Chelsea","Glazed Ceramic Wall."]
["2017-02-24","Color Collection - Bright","The following have been added to this line in Color Group 0 Bright:  2\" x 8\", 9-1/2\" x 13\" and 13\" x 24\" Field Tile formats.  4-1/4\" x 16\" Field Tile and Bullnose formats added to Group 2 Bright color U789 Taupe and to Group 2 Matte color U289 Taupe only."]
["2017-02-24","Crema Marfil","Glazed Ceramic Wall."]
["2017-02-24","Decorative Accents","New items added in color U081 White Ice."]
["2017-02-24","Downtown","Color Body Porcelain."]
["2017-02-24","Fabric & Tweed","Color Body Porcelain."]
["2017-02-24","Fossil","Glazed Porcelain."]
["2017-02-24","Land","Glazed Porcelain."]
["2017-02-24","Legend","12\" x 24\" Polished Rectified Field Tile format added and is available in colors Blanco and Graphite only."]
["2017-02-24","Maiolica","Glazed Ceramic Wall."]
["2017-02-24","Marmi","Glazed Ceramic."]
["2017-02-24","Planet","Glazed Ceramic."]
["2017-02-24","Positano","Glazed Porcelain Floor and Glazed Ceramic Wall."]
["2017-02-24","Rock Art","The following Mosaics that had been discontinued in February 2015 are now available again:  Trajano Marron, Mons Hexagon, Mons Link and Mons Muretto.  The following Mosaics have also been added:  Aruba Perla, Hexagon Carrara, Padua Serpentino, Padua Travertino, Penny Round Carrara and Penny Round Gray Granite."]
["2017-02-24","Sequoia","Glazed Porcelain."]
["2017-02-24","Serpentino","Glazed Porcelain."]
["2017-02-24","Silk","Glazed Porcelain."]
["2017-02-24","Statuary","Glazed Porcelain Floor and Glazed Ceramic Wall."]
["2017-02-24","Stone Magna","Glazed Porcelain."]
["2017-02-24","Veranda","Glazed Ceramic."]
["2017-02-24","White Marble","Wall Field Tile and Bullnose added."]
["2017-02-24","Yellowstone / Ocala","8\" x 33\" Field Tile format added."]
["2018-01-25","Basel","Color Body Porcelain."]
["2018-01-25","Bianco Venatino","Glazed Porcelain."]
["2018-01-25","CC Mosaics","Multicolor Penny Round Mosaic added and is available in colors Black & White (Matte) and Gray & White (Matte)."]
["2018-01-25","CC Mosaics Plus+","2\" x 4\" Beveled Brick Mosaic added and is available in colors Black (Glossy), Taupe (Glossy), Tender Gray (Glossy) & White Ice (Glossy)."]
["2018-01-25","Cliff","Color Body Porcelain."]
["2018-01-25","Color Collection - Bright","3\" x 12\" Field Tile Format added to the Group 0 Colors, except color U074 Biscuit."]
["2018-01-25","Color Collection - Matte","3\" x 12\" Field Tile Format added to the Group 0 Colors."]
["2018-01-25","Derby","Color Body Porcelain."]
["2018-01-25","Fabric & Tweed","Fabric Mosaic format added and is available in all colors. "]
["2018-01-25","Flamant","Glazed Porcelain."]
["2018-01-25","Havana","Glazed Porcelain."]
["2018-01-25","Kappa","Glazed Porcelain."]
["2018-01-25","Maiolica","3\" x 6\" Field Tile, 3\" x 12\" Crackled Field Tile, 7\" x 8\" Hexagon Field Tile, 3\" x 6\" Bullnose and 3\" x 12\" Crackled Bullnose formats added."]
["2018-01-25","Marble Pulpis","Glazed Ceramic Wall."]
["2018-01-25","Marble Slabs","Polished Porcelain."]
["2018-01-25","Masai","Glazed Ceramic Wall."]
["2018-01-25","Nolita","Color Body Porcelain."]
["2018-01-25","Nolita Bold","Color Body Porcelain."]
["2018-01-25","Piasentina","Polished Porcelain."]
["2018-01-25","Plaster & Melt","Color Body Porcelain."]
["2018-01-25","Rock Art","Several Mosaic patterns added."]
["2018-08-01","Color Collection - Bright Group 1 Colors","Color U759 Black now available in the 4-1/4\" x 10\" Beveled Edge Field Tile format."]
["2018-08-01","CC Mosaics","Basket Weave Mosaic in Color Black (Matte) added."]
["2018-10-19","Color Collection - Bright Group 0 Colors","The following format has been added to colors U761 Tender Gray & U081 White Ice :  S4312, 3\" x 12\" Bullnose."]
["2018-10-19","Maiolica","The following formats have been added to colors Blue Steel and Taupe:  1/2\" x 10\" Pencil Liner, 2\" x 10\" Victorian Chair Rail and 2-3/4\" x 10\" Cornice Listello."]
["2018-10-19","Rock Art","The following Mosaic pattens have been added:  Dots Mosaic available in colors Nero Marquina and White Statuary and a Terrazo Scales Mosaic available in colors Gray and White."]
["2018-10-19","Slates US","Color Body Porcelain"]
["2019-03-06","Amazon","Glazed Ceramic Wall"]
["2019-03-06","Ash","Glazed Porcelain"]
["2019-03-06","Borneo","Color Body Porcelain"]
["2019-03-06","Borneo Chevron","Glazed Porcelain"]
["2019-03-06","Brickell","Glazed Ceramic Wall"]
["2019-03-06","Burgos","Color Body Porcelain"]
["2019-03-06","CC Textures","Glazed Ceramic Wall"]
["2019-03-06","Flow","Glazed Ceramic Wall"]
["2019-03-06","Habitat","Color Body Porcelain"]
["2019-03-06","Jersey","Glazed Ceramic Floor"]
["2019-03-06","Joy","Glazed Ceramic Wall"]
["2019-03-06","Land","Glazed Porcelain"]
["2019-03-06","Merino","Glazed Ceramic Floor"]
["2019-03-06","Metals","Brushed Aluminum Mosaics"]
["2019-03-06","Momentum","Glazed Porcelain"]
["2019-03-06","Nordico","Glazed Porcelain"]
["2019-03-06","Norfolk","Color Body Porcelain"]
["2019-03-06","Prime","Glazed Porcelain"]
["2019-03-06","Rock Art","The following Mosaic pattens have been added:  Metal Mosaic available in four colors and Pebble Mosaic available in three colors."]
["2019-03-06","Trevi","Color Body Porcelain"]
["2019-03-06","Wynwood","Color Body Porcelain"]
["2019-06-14","Color Collection - Bright Group 0 Colors","The following format has been added to color U081 White Ice :  6\" x 18\" x 7mm Field Tile."]
["2019-10-10","Abbey","Color Body Porcelain"]
["2019-10-10","Casablanca","Glazed Porcelain"]
["2019-10-10","Color Collection - Bright Group 0 Colors","S619TN 6\" x 6\" Sanitary Cove Base added and is only available in color U081 White Ice."]
["2019-10-10","Concrete Slabs","Glazed Porcelain"]
["2019-10-10","Linden Stone","Glazed Porcelain"]
["2019-10-10","Maiolica"," 4-1/4\" x 10\" Matte Field Tile and 3\" x 10\" Matte Bullnose added and are available in all colors."]
["2019-10-10","Maiolica Floor","Glazed Porcelain"]
["2019-10-10","Marble Slabs","Colors LM Calacatta Gold, LM Calacatta Light, LM Marble Nouveau and LM Sahara Noir added."]
["2019-10-10","Marmo Piera","Glazed Porcelain"]
["2019-10-10","Milestone","Glazed Porcelain & Glazed Ceramic Wall"]
["2019-10-10","Pro","Glazed Porcelain"]
["2019-10-10","Pro Max","Glazed Porcelain"]
["2019-10-10","Quasar","Glazed Ceramic Wall"]
["2019-10-10","Soft","Glazed Porcelain"]
["2019-10-10","Unique Stone","Glazed Porcelain"]
["2020-04-09","Casablanca","7 Colors/Patterns added."]
["2020-04-09","Color Collection - Bright Group 0 Colors","1/2\" x 6\" Pencil format added and is available in all Bright Group 0 Colors. "]
["2020-04-09","Epoque","Decorative Glazed Porcelain Floor and Wall."]
["2020-04-09","Flow","Color Cosmic Sapphire added."]
["2020-04-09","Linden Stone","Color Beige added."]
["2020-04-09","Maiolica Floor","Color Coto added and 2 Decorative Patterns added as well."]
["2020-04-09","Olaria","Glazed Ceramic Wall."]
["2020-04-09","Ombre","Glazed Ceramic Wall."]
["2020-04-09","Pavers","2cm Porcelain Tile."]
["2020-04-09","Pro","24\" x 24\" Rectified Polished format added and is available in all colors."]
["2020-04-09","Selva","Decorative Glazed Porcelain Floor and Wall."]
["2020-04-09","Stone Basel","Color Body Porcelain."]
["2020-04-09","Tribe","Decorative Glazed Porcelain Floor and Wall."]
["2021-01-08","Abbey","Suite Roble 12\" x 36\" Rectified Field Decorative added."]
["2021-01-08","Atlas II","Technical Porcelain."]
["2021-01-08","Bianco Venatino","35\" x 35\" Field Tile format added in both Polished and Unpolished surfaces.  Unpolished surface added to the 12\" x 24\", 24\" x 24\" and 24\" x 48\" Field Tile formats.  Unpolished Mosaic and 3\" x 12\" Bullnose formats added."]
["2021-01-08","Block","Glazed Porcelain & Glazed Ceramic Wall."]
["2021-01-08","Casablanca","8\" x 9\" Hexagon Field Tile format added and is available in colors Solid Black, Solid Gray and Solid White."]
["2021-01-08","CC Mosaics","1\" x 1\" Hexagon and 2\" x 2\" Hexagon added in color Gray (Matte).  1\" x 1\" Hexagon added in color Black & White Flower (Matte). "]
["2021-01-08","CC Mosaics Plus+","2\" x 4\" Brick Beveled Mosaic added and is available in colors Black(Glossy), Tender Gray (Glossy) and White (Glossy).  2\" Dots Mosaic added and is available in colors Black(Matte), Carrara (Matte), Gray (Matte), White (Glossy) and White (Matte)."]
["2021-01-08","CC Textures","Color U281 White Ice (Matte) added to the 3\" x 6\" Beveled Edge Field Tile format."]
["2021-01-08","Color Collection","Colors of the Year added; U725 Deep Blue, U715Olive Green  and U723 Soft Blue and are available in select formats."]
["2021-01-08","Crystal","Polished Porcelain."]
["2021-01-08","Dimensions","Block 6\" x 6\" Square Field Tile format added and is available in colors Matte Black and Matte White."]
["2021-01-08","Everglade","Glazed Porcelain."]
["2021-01-08","Flow","3\" x 12\" Picket and 8\" x 9\" Hexagon Field Tile formats added and are available in colors Cosmic Sapphire, Dark Gray, Peacock Green, Tender Gray and White.  3\" x 12\" S4312 Bullnose format added and is available in colors Dark Gray , Tender Gray and White."]
["2021-01-08","Kalma","Color Body Porcelain."]
["2021-01-08","Legend","8\" x 9\" Hexagon Field Tile format added and is available in colors Arena, Blanco, Graphite and Vison."]
["2021-01-08","Liverpool","Glazed Porcelain."]
["2021-01-08","Orion II","Technical Porcelain."]
["2021-01-08","Piasentina","12\" x 24\" and 24\" x 48\" Unpolished Field Tile, 2\" x 2\" Unpolished Mosaic and 3\" x 12\" Unpolished Bullnose formats added."]
["2021-01-08","Pro","12\" x 24\" and 24\" x 48\" Polished and Unpolished Field Tile formats added."]
["2021-01-08","Pro Max","12\" x 24\" Unpolished Field Tile format added and is available in all colors.  12\" x 24\" Non-slip Field Tile format added and is available in colors Cement, Concete and Nude.  "]
["2021-01-08","Rock Art","The following Mosaic pattens have been added:  Carrara Marble 1\" x 1\" Hexagon, Carrara Marble 1\" x 1\" Square, Carrara Marble 2\" x 2\" Hexagon, Carrara Marble Lantern, Carrara Marble Penny Round, Nero Marquina & Thassos Oval, Nero Marquina Square, Thassos Square, Thassos & Nero Marquina Dot, Nero Marquina Hexagon, Thassos Hexagon, Nero Marquina Triangle &  Thassos Triangle."]
["2021-01-08","Seattle","Glazed Porcelain."]
["2021-01-08","Slabs (formally known as Slabs)","Several Colors and formats added."]
["2021-01-08","Soft","Color Graphite added and is available only in the 12\" x 24\" Field Tile format."]
["2021-01-08","Statuario","35\" x 35\" Polished and Unpolished Rectified Field Tile formats added.  8\" x 9\" Hexagon Unpolished Field Tile format."]
["2021-01-08","Stone Basel","16\" x 48\" Wall Field Tile format added and is available in color Caliza only."]
["2021-01-08","Tissue","Glazed Ceramic Wall."]
["2021-01-08","Wind","Glazed Ceramic Wall."]
["2021-01-08","Winter","Glazed Ceramic Wall."]
["2021-01-08","Zen","Glazed Ceramic Wall."]
["2021-04-29","Carve","Glazed Porcelain."]
["2021-10-08","Abaco","Color Body Porcelain."]
["2021-10-08","Abbey","12\" x 36\" Suite Abbey Wall Field Tile in color Roble added."]
["2021-10-08","Alaska","Polished Porcelain."]
["2021-10-08","Calacatta","Glazed Porcelain."]
["2021-10-08","Carrara","Glazed Porcelain."]
["2021-10-08","CC Mosaics","Snow White (Glossy) 2\" x 4\" T-Brick Mosaic added."]
["2021-10-08","Colonial","Color Body Porcelain."]
["2021-10-08","Couvet","12\" x 24\" Suite Lines Wall Field Tile in color Blanco."]
["2021-10-08","Marble Arcobaleno","Color Body Porcelain."]
["2021-10-08","Marble Platinum","Color Body Porcelain."]
["2021-10-08","Mystery","Color Body Porcelain."]
["2021-10-08","Onyx","Glazed & Polished Porcelain."]
["2021-10-08","Pigment","Color Body Porcelain."]
["2021-10-08","Pro","2\" x 2\" Mosaic and 3\" x 12\" Bullnose formats added and are available in colors Cement, Concrete, Ivory and Nude only."]
["2021-10-08","Rock Art","The following Mosaics, Juliano Beige, Juliano Blanco and Juliano Negro have been added back into the collection."]
["2021-10-08","Terranova","Color Body Porcelain."]
["2021-10-08","Venato","Glazed & Polished Porcelain."]
["2021-10-08","Vivaldi","Glazed Porcelain."]
["2021-12-29","Calacatta Gold","Glazed & Polished Porcelain."]
["2021-12-29","Casablanca","Heritage Blue and Market Blue 8\" x 8\" Decorative Field Tile formats added."]
["2021-12-29","CC MOSAICS Plus+","Stack Mosaic added and is available in 5 colors."]
["2021-12-29","CC Textures","10\" x 28\" Wavy Field Tile format added and is available in color White Ice (Bright). "]
["2023-01-11","Color Collection - Bright Group 0 Colors","The following format has been added to color U081 White Ice :  10\" x 28\" Field Tile."]
["2021-12-29","June","Glazed Porcelain."]
["2021-12-29","Lassa","Glazed & Polished Porcelain."]
["2021-12-29","Marble Arcobaleno","Color Blanco added."]
["2021-12-29","Pro","3\" x 12\" Field Tile format added and is available in all colors except Sand. "]
["2023-01-11","Statuary","6\" x 18\" Field Tile and Bullnose formats added. "]
["2023-01-11","Stone Basel","48\" x 48\" Field Tile format added and is available in all colors. "]
["2022-07-01","Color Collection - Bright Group 0 Colors","The following format has been added to colors U761 Tender Gray and U081 White Ice :  4\" x 12\" Field Tile.  The following format has been added to color U081 White Ice :  8\" x 24\" Field Tile."]
["2022-07-01","Lithology Edition","Glazed Porcelain."]
["2022-07-01","Positano","6\" x 18\" Field Tile and Bullnose formats added. "]
["2022-07-15","Nordico","Glazed Porcelain."]
["2023-01-11","Artesano","Glazed Ceramic Wall."]
["2023-01-11","Bar Tile","Glazed Ceramic Wall."]
["2023-01-11","CC Cosmos","Glazed Porcelain."]
["2023-01-11","CC Frames","Glazed Porcelain."]
["2023-01-11","Color Collection - Bright","Colors U708 Mist, U705 Neu Gray, U706 Petrol, U709 Sage Green and U707 Teal added and are available in select Field Tile formats."]
["2023-01-11","Color Collection - Bright Group 0 Colors","12\" x 36\" Field Tile format added and is available in color U081 White Ice only."]
["2023-01-11","Feathers","Glazed Porcelain."]
["2023-01-11","June","12\" x 35\" Suite Field Tile format added."]
["2023-12-29","Marble Lincoln","Color Body Porcelain."]
["2023-01-11","Mystery","35\" x 35\" Field Tile added."]
["2023-01-11","Pavers","Colors Archstone Silver, Evolve Light Gray, Evolve Oxford and Mason Gray added."]
["2023-01-11","Pigment","35\" x 35\" Field Tile added."]
["2023-01-11","Zen","Color Zen Black added."]
[]
[" "]
[]
["Discontinued Products"]
["2007-09-01","CHATEAU","ENTIRE LINE"]
["2007-09-01","DAMASCUS","ENTIRE LINE"]
["2007-09-01","EMINENCE","ENTIRE LINE"]
["2007-12-28","ATLAS","ENTIRE LINE"]
["2007-12-28","ILLUSION ","WALL FIELD & TRIM ONLY"]
["2007-12-28","PETRA","ENTIRE LINE"]
["2008-05-21","KALAHARI","ENTIRE LINE"]
["2008-05-21","LOMBARDIA","ENTIRE LINE"]
["2008-05-21","MATCH ME","ENTIRE LINE"]
["2008-09-12","BRIGHT & MATTE GLAZE","ENTIRE LINE"]
["2008-09-12","MINERVA","ENTIRE LINE"]
["2008-09-12","ODESSA","ENTIRE LINE"]
["2008-09-12","TACOMA","ENTIRE LINE"]
["2009-01-01","ILLUSION ","DECORATIVES"]
["2009-01-01","NAVARRE","ENTIRE LINE"]
["2009-01-01","PALACE","ENTIRE LINE"]
["2009-01-01","TIBERIUS","ENTIRE LINE"]
["2009-01-01","VERONA","ENTIRE LINE"]
["2009-09-14","Yucatan","ENTIRE LINE"]
["2009","AVALON","Discontinued - being renamed \"Andes\" - container only"]
["2009","COLOR COLLECTION","BRIGHT colors discontinued:"]
["2009","COLOR COLLECTION","U710 Mint Bright"]
["2009","COLOR COLLECTION","U717 Rainforest Bright"]
["2009","COLOR COLLECTION","U720 Periwinkle Bright"]
["2009","COLOR COLLECTION","U723 Sapphire Bright"]
["2009","COLOR COLLECTION","U731 Tomato Bright"]
["2009","COLOR COLLECTION","U737 Claret Bright"]
["2009","COLOR COLLECTION","U747 Maize Bright"]
["2009","COLOR COLLECTION","U757 Violet Bright"]
["2009","COLOR COLLECTION","U797 Brown Bright"]
["2009","COLOR COLLECTION","MATTE Colors discontinued:"]
["2009","COLOR COLLECTION","U210 Mint Matte"]
["2009","COLOR COLLECTION","U217 Rainforest Matte"]
["2009","COLOR COLLECTION","U220 Periwinkle Mate"]
["2009","COLOR COLLECTION","U224 Wedgewood Matte"]
["2009","COLOR COLLECTION","U227 Dusk Matte"]
["2009","COLOR COLLECTION","U247 Maize Matte"]
["2009","COLOR COLLECTION","U259 Black Matte"]
["2009","COLOR COLLECTION","U269 Dark Gray Matte"]
["2009","COLOR COLLECTION","U297 Brown Matte"]
["2009","CONCRETE","Entire Series"]
["2009","COPPERSTONE","Discontinued - BEING RENAMED \"KAPPA - container only"]
["2009","DUOMO","Entire Series"]
["2009","PALERMO","Entire Series"]
["2009","VANCOUVER","Entire Series"]
["2009","YARIS","Entire Series"]
["2010-01-22","Alcazar Wall","See US Ceramics Astral Series coordinating field, decoratives & trims."]
["2010-03-15","ONDA","Color Classic only in all shapes and sizes."]
["2010-03-22","ONDA","ENTIRE LINE"]
["2010-03-22","Basilica","ENTIRE LINE"]
["2010-03-22","Bellaterra","Beige color discontinued, also Chair Rails, Chair Rail Corners, SN4449 "]
["2010-03-22","Bellaterra","Bullnose corner, Quarter Rounds & Quarter Round Corners.  "]
["2010-03-22","Bellaterra","Series being renamed:  Hampton now found in US Ceramics."]
["2010-03-22","ONDA","ENTIRE LINE"]
["2010-03-22","Tahoe","ENTIRE LINE"]
["2010-03-22","COLOR COLLECTION","Cove Base trims discontinued in all Group 3 colors."]
["2010-03-22","Decorative Accents","U2005 1\"x4\" Glass, U2010 1\"x6\" Mohave, U2006 1\"x6 Wave, "]
["2010-03-22","Decorative Accents","U2011 2\"x6\" Sahara, U2012 Blue Mediterranean, U2013 Green "]
["2010-03-22","Decorative Accents","Mediterranean & U2014 Goldenrod Mediterranean Listels.  And  "]
["2010-03-22","Decorative Accents","4-1/4\"x4-1/4\" Glass Decos:  U2001 Melon, U2002 Navy, U2003 "]
["2010-03-22","Decorative Accents","Turquoise & U2004 Hazel.  "]
["2010-03-22","Tiburon","Color U1742 Moss in all sizes and shapes. "]
["2011-03-17","LUXOR","U1414 MultiColor - Polished"]
["2011-03-17","LUXOR","Same tile can be found in Stratos Orion series now.  Luxor Cinder now Stratos Orion Antracita, Luxor Cocoa now Stratos Orion Marron, Luxor Ivory now Stratos Orion Blanco, Luxor Sand now Stratos Orion Beige.   "]
["2011-04-29","SATURNIA","ENTIRE LINE"]
["2011-07-07","Equinox","6\" x 6\" field tile, 2\" x 6\" Listello and the following trims:  S4669, SN4669, A8262, AC8262, A106 & AC106."]
["2011-07-07","Fresno","3/4\" x 10\" Chair Rail in all colors."]
["2011-07-07","Stratos Orion","4\" x 16\" Square & Tri Listello and 4\" x 4\" Tri Insert."]
["2011-07-07",null,"The following product lines have been discontinued by Conestoga:  Monet Bello, Ardesia, Aspen, Cairo and Vail.  These Lines are no longer warehoused in our marketing area.  Any customer requests for these products would need to be priced out individually as higher freight charges would be incurred.  "]
["2012-01-27","Bengala","Color Rojo in the 12\" x 24\" field tile size."]
["2012-01-27","Acadia","ENTIRE LINE"]
["2012-01-27","Argos","ENTIRE LINE"]
["2012-01-27","Hampton","ENTIRE LINE"]
["2012-01-27","Tuscany","ENTIRE LINE"]
["2012-01-27","Lavagna","Field tile size 12\" x 48\" discontinued."]
["2012-01-27","Packstone","Field tile size 12\" x 48\" discontinued."]
["2012-01-27","York","Field tile size 12\" x 48\" discontinued."]
["2013-01-30","Astral","24\" x 24\" in all colors."]
["2013-01-30","Coral","2\" x 2\" & 4-1/4\" x 4-1/4\" Field tile in all colors.  7/8\" x 8\" & 1-7/8\" x 8\" Listello in all colors.  All Agelas, Beroe "]
["     \"","   \"","& Haliotis Mosaics and Listello in all colors."]
["2013-01-30","Decorative Accents","1-3/8\" x 6\" Multicolor Wave Listello."]
["2013-01-30","Murano","Entire line"]
["2013-01-30","Norway","Entire line"]
["2013-01-30","Rock Art","Augusto Marron Multicolor Pattern Mosaic, Tacito Multicolor Mosaic in all colors, Tiberio Beige Marron Multicolor Pattern Mosaic, Aurelio Multicolor 2\" x 16\" Border, Germanico Multicolor 3\" x 12\" Border, Teodosio 3\" x 12\" Border in all colors, Diocleciano & Filipo 4\" x 12\" Multicolor Borders and Constantino Beige 1\" x 12\" Border."]
["2013-01-30","Tahiti","Entire line"]
["2013-07-22","Classic","12\" x 12\" Field Tile and the S43C9 3\" x 12\" Bullnose in all colors."]
["2013-11-01","Fresno","16\" x 16\" Field Tile in color Verdigris only."]
["2014-01-14","Arles","Entire Series."]
["2014-01-14","Astral","10\" x 13\" Wall & 16\" x 16\" Floor Field Tile sizes in all colors.  (Being replaced with 9-1/2\" x 13\" Wall & 18\" x 18\" Floor Field Tile sizes in all colors.)  3\" x 10\" Bullnose size in all colors.  (Being replaced with 3\" x 9-1/2\" Bullnose size in all colors.)  2\" x 6\" Gold Floral Border Listello & 3\" x 10\" Willow Listello in all colors."]
["2014-01-14","Avila","18\" x 18\" Insert in all colors.   3\" x 24\" & 6\" x 24\" Borders in all colors.  4\" x 12\" & 5-3/4\" x 18\" Multicolor Borders."]
["2014-01-14","Calypso","12\" x 12\" Floor Field Tile, 6\" x 18\" Wall Field Tile & 6\" x 36\" Cenefa Sura Border in all colors."]
["2014-01-14","CarraraHD","10\" x 13\" Wall  Field Tile size.  (Being replaced with 9-1/2\" x 13\" Wall Field Tile size.)  3\" x 10\" Bullnose size.  (Being replaced with 3\" x 9-1/2\" Bullnose size.)"]
["2014-01-14","Classic","Entire Series."]
["2014-01-14","Color Collection - Bright","Group 1 colors N871 Gold Dust, N873 Granite & U079 Linen in all formats.  Group 2 color U727 Dusk in all formats.  Group 3 color U794 Copper in all formats."]
["2014-01-14","Color Collection - Matte","Group 0 color U272 Snow White in all formats.  Group 1 colors U240 Khaki & U279 Linen in all formats.  Group 2 colors U248 Camel, U211 Spring Green & U224 Wedgewood in all formats."]
["2014-01-14","Craterlake","Entire Series."]
["2014-01-14","Decorative Accents","2\" x 6\" Dentil and 2-1/2\" x 6\" Egg & Dart Listello in colors U074 Biscuit  & U078 Bone only.  3/4\" x 6\" Bar Liner in color 082 White only.  1-3/8\" x 4-1/4\" Glass (Multicolor) Listello."]
["2014-01-14","Equinox","10\" x 13\" Wall  Field Tile size.  (Being replaced with 9-1/2\" x 13\" Wall Field Tile size.)  3\" x 10\" Bullnose size.  (Being replaced with 3\" x 9-1/2\" Bullnose size.)  3\" x 10\" Willow Listello in all colors."]
["2014-01-14","Fresno","Color Ocre in all formats.  10\" x 13\" Wall & 16\" x 16\" Floor Field Tile sizes in all colors.  (Being replaced with 9-1/2\" x 13\" Wall & 18\" x 18\" Floor Field Tile sizes in all colors.)  3\" x 10\" Bullnose size in all colors.  (Being replaced with 3\" x 9-1/2\" Bullnose size in all colors.)  3\" x 16\" S43G9 Bullnose in all colors.  1-5/8\" x 10\" Listello in all colors.  2-3/4\" x 10\" Selma Listello in all colors."]
["2014-01-14","Palazzo","Entire Series."]
["2014-01-14","Retro","Entire Series."]
["2014-01-14","Rock Art","Alejandro Beige, Alejandro Marron & Alejandro Negro Multicolor Mosaics.  Juliano Teja & Juliano Verde Stone Mosaic colors only.  "]
["2014-01-14","Sapporo","Entire Series."]
["2014-01-14","Shellstone","Entire Series."]
["2014-01-14","Stratford","3\" x 6\" Border in all colors."]
["2014-01-14","Stratos Orion","16\" x 16\" Field Tile in both Polished & Unpolished finishes in all colors."]
["2014-01-14","Titanium","21\" x 21\" Field Tile in all colors."]
["2014-01-14","Campania","Entire Series."]
["2015-02-26","Astral","2\" x 6\" Listello in color Nocce only."]
["2015-02-26","Avila","Color Beige in all formats.  18\" x 18\" Field Tile and 3-1/4\" x 18\" Bullnose in all colors."]
["2015-02-26","Bengala","Color Beige in all formats.  24\" x 24\" Field Tile in all colors."]
["2015-02-26","Color Collection - Bright","Color U769 Dark Gray in the 6\" x 6\" Field Tile format only."]
["2015-02-26","Copperstone","13\" x 13\" Field Tile in all colors."]
["2015-02-26","Decorative Accents","3\" x 6\" Crackled Field Tile in all colors.  2\" x 6\" Dentil Listello and 2-1/2\" x 6\" Egg & Dart Listello in colors U759 Black and U072 Snow White only.  7/8\" x 6\" Rope Liner in color U082 White only."]
["2015-02-26","Emperador","Entire Series."]
["2015-02-26","Equinox","3\" x 12\" Multicolor Border."]
["2015-02-26","Fresno","Entire Series."]
["2015-02-26","Liso","Entire Series."]
["2015-02-26","Marlin","2\" x 8\" Gold and Silver Vancouver Listello."]
["2015-02-26","Pietra Nero","Entire Series."]
["2015-02-26","Rock Art","The following Mosaics:  Claudio Beige Multicolor, Trajano Marron Multicolor, Mons Hexagon, Mons Link, Mons Muretto, Petronio Ocre, Titus Beige (Multicolor), Titus Negro (Multicolor), Narcea Multicolor Random Linear (Glass) and Navia Multicolor Random Linear (Glass).  The Adriano Multicolor and Septimo Multicolor Border Listello.  "]
["2015-02-26","Santana","13\" x 13\" Field Tile format."]
["2015-02-26","Stratford","Entire Series."]
["2015-02-26","Stratos Orion","Colors Alga and Chocolate only in the 24\" x 24\" Polished Field Tile format."]
["2015-02-26","Versailles","4-1/4\" x 10\" and 8-1/2\" x 17\" Field Tile and the 3\" x 10\" Bullnose formats in all colors. "]
["2015-04-01","Color Collection - Bright","8\" x 10\" Field Tile format in all colors."]
["2015-05-20","CC Porcelain","SC886 2\" x 2\" Bullnose Corner in color U726 Cobalt only."]
["2016-04-01","Color Collection - Matte","Color U278 Bone only in all formats.  (In Color Collection - Matte only, U278 Bone color still current in the CC Porcelain Collection.)"]
["2016-04-01","Stratos Orion","Color Beige only in all formats.  (Except item Beige Taurus (Multicolor) Mosaic which is still current.)"]
["2016-04-28","Avila","All items are discontinued in this series EXCEPT FOR:  Blanco 12\" x 24\" Field Tile and Gris 12\" x 24\" Field Tile format."]
["2016-05-23","Calacatta","Color Blanco 12\" x 24\" Non-Rectified Ceramic Wall Tile format (Roca #FSHC135011).  Also, color Natural Blanco S43C9 3\" x 12\" Bullnose and color Blanco 12\" x 36\" Suite Frame Rectified Wall Field Tile. "]
["2016-09-09","Portonovo","Entire Series."]
["2016-11-16","Bengala","Entire Series."]
["2017-02-24","Antibes","Entire Series."]
["2017-02-24","Astral","12\" x 12\" Multicolor Mosaic and the 2\" x 6\" Listello."]
["2017-02-24","Bergen","Colors Arce and Roble in the 6\" x 24\" Field Tile format only."]
["2017-02-24","Botania","Entire Series."]
["2017-02-24","Boulevard","18\" x 18\" Field Tile format only in all colors."]
["2017-02-24","Brescia","Entire Series."]
["2017-02-24","Calacatta","Entire Series."]
["2017-02-24","Calypso","The following formats are discontinued in the Color Blanco:  12\" x 18\" Field Tile, 14\" x 14\" Chess Mosaic, 12\" x 24\" Rectified Field Tile and 12\" x 36\" Rectified Suite Cubes, Suite Frame & Suite Lines Field Tile.  Color Negro Bright in the 12\" x 36\" Rectified Suite Noblesse and Suite Sublime Field Tile formats.  Color Beige in the 12\" x 36\" Rectified Suite Bricks Field Tile format."]
["2017-02-24","CarraraHD","12\" x 12\" & 18\" x 18\" (Ceramic) Field Tile, S4312 3\" x 12\" (Ceramic) Bullnose and 18\" x 18\" (Porcelain) Field Tile formats only."]
["2017-02-24","CC Porcelain","Color U300 White Speckle only in all fomats."]
["2017-02-24","Color Collection - Bright","Color U759 Black in the 4-1/4\" x 10\" Field Tile format."]
["2017-02-24","Copperstone","Entire Series."]
["2017-02-24","Decorative Accents","4-1/4\" x 4-1/4\" and 8-1/2\" x 8-1/2\" Diamond Inserts in color U072 Snow White."]
["2017-02-24","Equinox","3\" x 6\" Field Tile and 3\" x 6\" Bullnose in all colors."]
["2017-02-24","Legend","24\" x 24\" and 10\" x 40\" Field Tile formats in all colors."]
["2017-02-24","Linen","12\" x 24\" Field Tile, 2\" x 2\" (Dot Mounted) Mosaic and the S43C9 3\" x 12\" Bullnose formats in color Beige only."]
["2017-02-24","Marlin","Entire Series."]
["2017-02-24","Orion","Colors Marron and Nieve in the 12\" x 12\" Unpolished Field Tile format.  Color Blanco in the 6\" x 24\" Unpolished Field Tile format.  Color Marron in the 12\" x 24\" Field Tile, 3\" x 12\" Bullnose, 6\" x 12\" Cove Base & 1\" x 6\" Cove Base Out Corner Unpolished formats.  Color Marron in the 12\" x 24\" Field Tile & 3\" x 12\" Bullnose Polished formats.  Colors Blanco, Gris & Nieve in the 6\" x 24\" Polished Field Tile format."]
["2017-02-24","Padova","Entire Series."]
["2017-02-24","Rock Art","Maximo Multicolor and Nerva Multicolor Mosaic patterns. "]
["2017-02-24","Santana","Entire Series."]
["2017-02-24","Slates","Color Vulcanian in the 12\" x 12\" and 18\" x 18\" Field Tile formats only."]
["2017-02-24","Terracotta","Entire Series."]
["2017-02-24","Versailles","Entire Series."]
["2017-02-24","Yellowstone","10\" x 40\" Cottage Field Tile format only in all colors."]
["2017-07-17","Slates","2\" x 2\" Mosaic format only in all colors."]
["2018-01-25","Apolo","Entire Series."]
["2018-01-25","Artic","12\" x 12\" Field Tile format in all colors. "]
["2018-01-25","Atmosphere","12\" x 12\" Field Tile format in both Polished and Unpolished finishes and in all colors.  3-3/4\" x 12\" Gray Polished & Negro Polished Bullnose format.  All formats in the Unpolished finish."]
["2018-01-25","Calypso","Color Negro in all formats."]
["2018-01-25","Carrara","17\" x 17\" Blanco Lapato (Polished) Floor Field Tile format, 12\" x 36\" Suite Frame and Suite Lines Wall Field Tile formats, 5/8\" x 12\" Quarter Round, 2\" x 12\" Chair Rail, 5\" x 12\" Listello & 8\" x 12\" Base formats."]
["2018-01-25","CC Porcelain","Colors U305 Bone Speckle, U248 Camel & U726 Cobalt in all formats.  SC886 2\" x 2\" Bullnose Corner in color U261 Tender Grey. "]
["2018-01-25","Color Collection - Bright","The following Trim formats in Group 4 Color U739 Red Pepper:  S4269, SN4269, AT3401, STCL3401, STCR3401, AT3410, ATCL3410, ATCR3410, AT3610, ATCL3610, ATCR3610, A4200 & AN4200."]
["2018-01-25","Color Collection - Matte","6\" x 8\" Field Tile format in Group 0 Color U281 White Ice.  2\" x 8\" Bullnose format in Group 0 Colors U274 Biscuit, U261 Tender Gray & U281 White Ice.                              "]
["2018-01-25","Decorative Accents","Color 074 Biscuit in all formats, 3\" x 6\" Ivy Listello in all colors, 2\" x 6\" Dentil Listello and 2-1/2\" x 6\" Egg & Dart Listello in color U081 White Ice. "]
["2018-01-25","Equinox","13\" x 13\" Multicolor Mosaic, 9-1/2\" x 13\" Wall Field Tile and S439 3\" x 9-1/2\" Wall Bullnose in all colors."]
["2018-01-25","Linen","Color Beige in all formats."]
["2018-01-25","Orion","Color Marron in all formats.  Color Blanco 12\" x 12\" Unpolished Field Tile format.  Colors Antracita, Blanco, & Gris 12\" x 12\" Polished Field Tile format.  16\" x 16\" Multicolor Polished Mosaic. "]
["2018-01-25","Rock Art","Aruba Perla, District Beige, District Gris, Mons Hexagon, Mons Link, Mons Muretto, Padua Serpentino, Padua Travertino and Trajano Marron Mosaics."]
["2018-01-25","Titanium","Color Neo Crema in all formats."]
["2018-01-25","Veranda","Entire Series."]
["2018-01-25","White Marble","18\" x 18\" Field Tile format only."]
["2018-06-22","Carrara HD","Color Blanco 2\" x 2\" Mosaic only."]
["2018-10-19","Color Collection - Bright Group 1 Colors","4-1/4\" x 4-1/4\" Field Tile, 4-1/4\" x 4-1/4\" S4449 Bullnose, 4-1/4\" x 4-1/4\" SN4449 Bullnose Corner, 4-1/4\" x 6\" ATCL3410 Round Cove Base Corner - Left and 4-1/4\" x 6\" ATCR3410 Round Cove Base Corner - Right formats in colors U078 Bone and U072 Snow White only.  2\" x 2\" SN4269 Bullnose Corner in color U072 Snow White only.  6\" x 6\" and 6\" x 8\" Field Tile formats in all colors."]
["2018-11-15","Marmi","Entire Series.  (The 12\" x 12\" Field Tile format only in all colors is Discontinued now by Roca.  Conestoga is discontinuing the remaining formats, Wall Field & Bullnose, as we expect Roca will discontinue them as well in the near future.)"]
["2018-11-27","Decorative Accents","7/8\" x 6\" Rope Accent in color 078 Bone only."]
["2019-03-20","Astral","3\" x 6\" Field Tile format only in all colors."]
["2019-03-20","Atlas","24\" x 24\" Field Tile format in color Negro only."]
["2019-03-20","Atmosphere","Color Negro in all formats & finishes.  12\" x 24\" Polished Field Tile format in color Blanco only."]
["2019-03-20","Calypso","Color Gris 12\" x 36\" Suite Bricks Field Tile format only."]
["2019-03-20","Color Collection - Bright Group 1 Colors","S4669 & SN4669 6\" x 6\" Bullnose and Bullnose Corner in all colors."]
["2019-03-20","Crema Marfil","Entire Series."]
["2019-03-20","Equinox","Entire Series."]
["2019-03-20","Kappa","Entire Series."]
["2019-03-20","Orion","12\" x 12\" Taurus (Multicolor) Mosaic in color Gris only."]
["2019-03-20","Stone Magma","Entire Series."]
["2019-03-20","Titaniun","Entire Series."]
["2019-03-20","Tribeca","Entire Series."]
["2019-10-09","Astral","18\" x 18\" Field Tile format in colors Luna and Sand only."]
["2019-10-09","Atlas","24\" x 24\" Field Tile format in color Blanco Polished only."]
["2019-10-09","Atmosphere","Entire Series."]
["2019-10-09","Calypso","10\" x 28\" Suite Waves Field in color Blanco only."]
["2019-10-09","Cedrick","Entire Series."]
["2019-10-09","Coto","12\" x 24\" Field in color Plata only."]
["2019-10-09","Fossil","Entire Series."]
["2019-10-09","Jersey","Entire Series."]
["2019-10-09","Linen","12\" x 12\" Field in color White only."]
["2019-10-09","Marble Slabs","Colors Marble Carrara Unpolished 24\" x 48\" and Santorini White Polished 32\" x 48\" Field Tile formats only."]
["2019-10-09","Merino","Entire Series."]
["2019-10-09","Nordico","Color PN Snow 12\" x 24\" Unpolished Rectified Field Tile format only."]
["2019-10-09","Pure","Color Black in all formats."]
["2020-04-09","Amazon","Entire Series."]
["2020-04-09","Artic","Entire Series."]
["2020-04-09","Ash","Entire Series."]
["2020-04-09","Astral","Entire Series"]
["2020-04-09","Avila","Entire Series"]
["2020-04-09","Atlas","Entire Series."]
["2020-04-09","Bath Fixtures","Entire Series."]
["2020-04-09","Bergen","Entire Series."]
["2020-04-09","Boulevard","Entire Series."]
["2020-04-09","Burgos","Entire Series."]
["2020-04-09","Calypso","Entire Series."]
["2020-04-09","Carrara","Entire Series."]
["2020-04-09","Carrara HD","Entire Series."]
["2020-04-09","CC Mosaics Plus+","2\" x 4\" Beveled Brick Mosaic in all colors."]
["2020-04-09","CC Porcelain","SC886 2\" x 2\" Bullnose Corner in color U259 Black only.  SC813 2\" x 2\" Cove Base Outside Corner in color U289 Taupe only."]
["2020-04-09","Chelsea","12\" x 36\" Suite Excellence Rectified Field Tile format only in all colors. "]
["2020-04-09","Cliff","Entire Series."]
["2020-04-09","Color Collection - Bright Group 3 Colors","3\" x 6\" Field Tile format only in colors U795 Terra Cotta and U724 Wedgewood.  6\" x 6\" Field Tile format only in color U745 Mustard. "]
["2020-04-09","Coto","Entire Series."]
["2020-04-09","Flamant","Entire Series."]
["2020-04-09","Habitat","Entire Series."]
["2020-04-09","Land","Entire Series."]
["2020-04-09","Legend","21\" x 21\" (non-rectified), 8\" x 33\" (non-rectified) and 8\" x 48\" (matte) Rectified Field Tile formats in all colors."]
["2020-04-09","Linen","Entire Series."]
["2020-04-09","Marble Pulpis","Entire Series."]
["2020-04-09","Marmo Piera","Entire Series."]
["2020-04-09","Nordico","Entire Series."]
["2020-04-09","Norfolk","8\" x 48\" Rectified Field Tile format in all colors."]
["2020-04-09","Orion","Entire Series."]
["2020-04-09","Positano","13\" x 13\" Field Tile, 12\" x 24\" (Unpolished) Rectified Field Tile and S43D9 3\" x 13\" Bullnose formats only in all colors."]
["2020-04-09","Prime","Entire Series."]
["2020-04-09","Rock Art","The following Mosaics:  Juliano Beige, Juliano Blanco, Juliano Negro, Marble Link Blanco Marble Link Negro, Pebble Beige, Pebble Black, Pebble White, Petronio Beige, Petronio Blanco & Petronio Negro."]
["2020-04-09","Sequoia","Entire Series."]
["2020-04-09","Serpentino","Entire Series."]
["2020-04-09","Silk","Entire Series."]
["2020-04-09","Yellowstone / Ocala","8\" x 33\" Field Tile format in all colors."]
["2021-01-13","Basel","Entire Series."]
["2021-01-13","Bianco Venatino","36\" x 36\" and 36\" x 72\" Polished Field Tile formats only."]
["2021-01-13","CC Porcelain","U278 Bone in all formats.  S886 Bullnose, SC886 Bullnose Corner, C833 Cove Base (2\" x 1\" Dot Mounted) and SC813 Cove Base Outside Corner in all colors except color U277 Sand.  However the SC813 Cove Base Outside Corner in color U277 Sand is discontinued as well."]
["2021-01-13","Color Collection","Colors U748 Camel, U712 Chartreuse,  U738 Tangerine and U795 Terra Cotta in all formats."]
["2021-01-13","Color Collection","6\" x 6\" Field Tile format in colors U285 Fawn, U296 Cocoa, U721 Denim, U740 Khaki, U719 Kelly, U745 Mustard, U711 Spring Green, U724 Wedgewood and U744 Yellow only."]
["2021-01-13","Color Collection","6\" x 8\" Field Tile format in colors U074 Biscuit, U761 Tender Gray and U081 White Ice only."]
["2021-01-13","Color Collection","4-1/4\" x 10\" and 6\" x 18\" Field Tile in colors U296 Cocoa, U796 Cocoa, U285 Fawn and U785 Fawn only."]
["2021-01-13","Color Collection","S4269 Bullnose in colors U078 Bone and U719 Kelly only."]
["2021-01-13","Color Collection","SN4269 Bullnose Corner in colors U759 Black, U078 Bone and U072 Snow White only."]
["2021-01-13","Color Collection","S4449 Bullnose in colors U296 Cocoa, U796 Cocoa, U285 Fawn, U785 Fawn and all Bright Group 3 Colors only."]
["2021-01-13","Color Collection","SN4449 Bullnose Corner in colors U759 Black, U296 Cocoa, U796 Cocoa, U285 Fawn, U785 Fawn, U289 Taupe, U789 Taupe and all Bright Group 3 Colors."]
["2021-01-13","Color Collection","S4310 Bullnose in colors U078 Bone, U296 Cocoa, U796 Cocoa,  U285 Fawn and U785 Fawn."]
["2021-01-13","Color Collection","SN4339 Bullnose Corner U759 Black, U078 Bone, U296 Cocoa, U796 Cocoa, U285 Fawn, U785 Fawn, U072 Snow White, U289 Taupe and U789 Taupe and all Bright Group 3 Colors."]
["2021-01-13","Color Collection","S4669 Bullnose in colors U296 Cocoa, U796 Cocoa, U285 Fawn, U785 Fawn and all Bright Group 3 Colors."]
["2021-01-13","Color Collection","SN4669 Bullnose Corner in colors U296 Cocoa, U796 Cocoa, U285 Fawn, U785 Fawn, U289 Taupe, U789 Taupe and all Bright Group 3 Colors only."]
["2021-01-13","Color Collection","AT3401 Flat Top Cove Base in colors U296 Cocoa, U796 Cocoa, U285 Fawn and U785 Fawn."]
["2021-01-13","Color Collection","STCL3401 Flat Top Cove Base Corner - Left and STCR3401 Flat Top Cove Base Corner - Right in color U759 Black, U296 Cocoa,U796 Cocoa, U285 Fawn, U785 Fawn, U289 Taupe and U789 Taupe only."]
["2021-01-13","Color Collection","AT3410 Round Cove Base in colors U078 Bone, U296 Cocoa, U796 Cocoa, U285 Fawn and U785 Fawn."]
["2021-01-13","Color Collection","ATCL3410 Round Top Cove Base Corner - Left and ATCR3410 Round Top Cove Base Corner - Right in color U759 Black, U296 Cocoa,U796 Cocoa, U285 Fawn, U785 Fawn, U289 Taupe & U789 Taupe only."]
["2021-01-13","Color Collection","AT3610 Universal Cove Base in colors U078 Bone, U296 Cocoa, U796 Cocoa, U285 Fawn and U785 Fawn."]
["2021-01-13","Color Collection","ATCL3610 Universal Cove Base Corner - Left and ATCR3610 Universal Cove Base Corner - Right in colors U759 Black, U078 Bone, U296 Cocoa, U796 Cocoa, U285 Fawn, U785 Fawn, U072 Snow White, U289 Taupe and U789 Taupe only."]
["2021-01-13","Color Collection","AT1663 Flat Top Cove Base in color U739 Red Pepper and all Bright Group 3 Colors only."]
["2021-01-13","Color Collection","AT8262 V-Cap and ATC8262 V-Cap Corner in all Bright Group 3 Colors."]
["2021-01-13","Color Collection","AN4200 Radius Cap Corner in color U759 Black only."]
["2021-01-13","Concrete Slabs","Entire Series."]
["2021-01-13","Fabric & Tweed","24\" x 48\" Fabric Rectifed Field and 10\" x 12\" Fabric Mosaic formats in all colors."]
["2021-01-13","Legend","10\" x 11-5/8\" Hexagon Mosaic  only in all colors."]
["2021-01-13","Linden Stone","Entire Series."]
["2021-01-13","Masai","Entire Series."]
["2021-01-13","Nolita Bold","Color Gris only in all formats."]
["2021-01-13","Piasentina","24\" x 24\", 36\" x 36\" and 36\" x 72\" Polished Field Tile formats in all colors."]
["2021-01-13","Plaster & Melt","Color Antracita only in the Plaster 12\" x 24\" Field Tile format.  Colors Antracita and Gris only in the Plaster 32\" x 32\" Field Tile format.  Colors Antracita and Taupe only in the Plaster 24\" x 48\" Field Tile format.  Color Blanco in the Melt 12\" x 24\" Field Tile format."]
["2021-01-13","Positano","9-1/2\" x 13\" Wall Field Tile and the S439 Wall Bullnose formats in all colors."]
["2021-01-13","Pure","Entire Series."]
["2021-01-13","Slabs (formally known as Marble Slabs)","Color Olympia White Polished in the 36\" x 72\" Rectified Field Tile format only."]
["2021-01-13","Slates","Color Graphite only in all formats."]
["2021-01-13","Statuario","8\" x 48\" Polished and Unpolished Field Tile formats only."]
["2021-01-13","Trevi","Color Silver only in all formats."]
["2021-01-13","Unique Stone","Color Gris only in all formats."]
["2021-01-13","White Marble","9-1/2\" x 13\" Matte Wall Field Tile & S439 Matte Bullnose only."]
["2021-01-13","Yellowstone","Entire Series."]
["2021-02-08","CC Mosaics","Snow White (Glossy) 2\" x 4\" Brick Mosaic only."]
["2021-02-08","Chelsea","Entire Series."]
["2021-04-29","Fabric & Tweed","12\" x 24\" format in Fabric colors Blanco and Gris only.  12\" x 24\" format in Tweed colors Blanco and Grafito only."]
["2021-04-29","Plaster & Melt","12\" x 24\" format in Plaster colors Antracita and Blanco only.  12\" x 24\" format in Melt color Blanco only."]
["2021-04-29","Slates","Colors Copper and Sand only in all formats."]
["2021-05-03","Milestone","Entire Series."]
["2021-08-18","White Marble","3\" x 6\" Bright Wall Field Tile & S4369 3\" x 6\" Bright Bullnose only."]
["2021-10-08","Borneo","Colors Gris and Sapeli only in all formats."]
["2021-10-08","CC Mosaics","Color Black (Matte) Basket Weave Mosaic only."]
["2021-10-08","CC Porcelain","Color U277 Sand only in all formats."]
["2021-10-08","Fabric & Tweed","12\" x 24\" format in Fabric color Arena only.  24\" x 24\" and 8\" x 48\" formats in Fabric color Grafito only.  12\" x 24\" format in all Tweed colors.  8\" x 48\" format in Tweed color Blanco only."]
["2021-10-08","Legend","8\" x 48\" Polished Field Tile format only in all colors."]
["2021-10-08","Nolita Bold","Colors Antracita and Blanco only in the 18\" x 36\" Field Tile format."]
["2021-10-08","Norfolk","Entire Series."]
["2021-10-08","Plaster & Melt","Color Taupe only in the Plaster 12\" x 24\" Field Tile format.  Color Blanco only in the Plaster 32\" x 32\" Field Tile format.  Color Gris only in the Plaster 24\" x 48\" Field Tile format."]
["2021-10-08","Positano","Color Blanco only in the 24\" x 24\" Rectified Polished Field Tile format.  24\" x 24\" Rectified Unpolished Field Tile format in all colors."]
["2021-10-08","Wynwood","Colors Antracita, Blanco and Silver in all formats."]
["2022-03-09","Borneo","Entire Series."]
["2022-03-09","CC MOSAICS Plus+","2\" x 4\" Brick Beveled in color Black (Glossy) only."]
["2022-03-09","Downtown","32\" x 32\" Rectified Field Tile format in all colors. "]
["2022-03-09","Fabric & Tweed","Colors Blanco and Gris only in the 24\" x 24\" Rectified Field Tile format.  8\" x 48\" Rectified Field Tile format  in both the Fabric and Tweed finishes in all colors."]
["2022-03-09","Joy","Entire Series."]
["2022-03-09","Nolita Bold","Colors Blanco and Grafito only in the 12\" x 24\" Rectified Field Tile and 3\" x 12\" Bullnose formats.  Color Grafito in the 18\" x 36\" Rectified Field Tile format."]
["2022-03-09","Plaster & Melt","Entire Series."]
["2022-03-09","Positano","24\" x 24\" Rectified Field Tile format in all colors. "]
["2022-03-09","Rock Art","White Terrazo Scales Mosaic only."]
["2022-03-09","Soft","Entire Series."]
["2022-03-09","Wynwood","Color Forest only in the 8\" x 40\" Rectified Field Tile format."]
["2022-07-01","CC Mosaics Plus+","Color White & Gold (Matte) 1\" x 1\" Hexagon mosaic only."]
["2022-07-01","Color Collection - Bright Group 1 Colors","6\" x 6\" Field Tile format in color U759 Black only. "]
["2022-07-01","June","12\" x 24\" Rectified Field Tile in all colors only."]
["2022-07-01","Slates","Entire Series."]
["2022-08-29","Winter-Arlette","Entire Series."]
["2022-09-14","CC MOSAICS","1\" x 1\" Squares Mosaic in color White (Matte) only."]
["2022-09-30","Color Collection - Bright Group 3 Colors","Color U744 Yellow in all formats."]
["2022-10-25","Derby","Entire Series."]
["2023-01-11","Abaco","Color Oxido in all formats."]
["2023-01-11","Abbey","16\" x 48\" Suite Lines Wall Field Tile format only in all colors."]
["2023-01-11","Atlas II","Entire Series."]
["2023-01-11","CC Textures","3\" x 6\" Beveled Edge Field in color U078 Bone (Bright) only."]
["2023-01-11","Color Collection - Bright Group 0 Colors","8\" x 24\" Field Tile in color U081 White Ice."]
["2023-01-11","Color Collection - Bright Group 2 Colors","Color U078 Bone (Bright) only in all formats."]
["2023-01-11","Couvet","Entire Series."]
["2023-01-11","Fabric & Tweed","Entire Series."]
["2023-01-11","Flow","8\" x 9\" Hexagon Field Tile format only in all colors."]
["2023-01-11","Havana","8\" x 8\" Soul Field Tile format only in all colors."]
["2023-01-11","Kalma","Color Black only in all formats."]
["2023-01-11","Legend","24\" x 48\" Polished Field Tile in colors Arena and Graphite.  24\" x 48\" Unpolished/Rectified Field Tile format in all colors.  8\" x 9\" Hexagon Field Tile format in colors Arena, Blanco and Graphite."]
["2023-01-11","Maiolica","Color Taupe only in the 3\" x 6\" Field Tile format.  Colors Aqua, Biscuit, Taupe and White only in the 4-1/4\" x 10\" Matte Field Tile format.  All 4-1/4\" x 10\" Decorative Field Tiles."]
["2023-01-11","Maiolica Floor","Color Biscuit only in the 8\" x 8\" Matte Field Tile format."]
["2023-01-11","Mystery","16\" x 32\" and 32\" x 32\" Field Tile formats.  (Adding 35\" x 35\" Field Tile format.)"]
["2023-01-11","Nolita Bold","Entire Series."]
["2023-01-11","Orion II","Entire Series."]
["2023-01-11","Pavers","Colors Cortona Antracita, Cortona Gris and Piamonte Gris only."]
["2023-01-11","Pigment","32\" x 32\" Field Tile format.  (Adding 35\" x 35\" Field Tile format.)"]
["2023-01-11","Selva","Entire Series."]
["2023-01-11","Slabs","35\" x 35\" Field Tile format in color Carrara White Polished and Unpolished formats.  Color Athos in all formats."]
["2023-01-11","Statuary","9-1/2\" x 13\" Bright Field Tile format only."]
["2023-01-11","Stone Basel","48\" x 48\" Field Tile format in all colors only."]
["2023-01-11","Unique Stone","Entire Series."]
["2023-01-11","White Marble","Entire Series."]
["2023-01-11","Wynwood","Entire Series."]
["2023-05-18","CC Mosaics Plus+","Color White & Silver (Matte) 1\" x 1\" Hexagon mosaic only."]
["2023-05-18","Color Collection - Bright Group 3 Colors","S4639 Bullnose w/3\" Edge in color U711 Spring Green only. "]
[" "]
[]
[]
["Changes"]
["2008-09-01","ODEON","RENAMED; NOW KNOWN AS \"ATLAS\""]
["2010-01-22","Alcazar Wall","Field, decoratives & trims now found in US Ceramics Astral Series."]
["2010-03-22","Ardesia","Removing from price list"]
["2010-03-22","DECORATIVE ACCENTS","Removing from price list."]
["2010-03-22","HAMPTON","Removing from price list."]
["2011-03-17","LUXOR","NOW KNOWN AS ROCA, Stratos Orion (a.k.a. Orion)."]
["2011-07-07","Stratos Orion","Color Antracita renamed Negro/Antracita"]
["2011-07-07","Tiburon","Now known as MARLIN Series."]
["2012-01-27","Dot Mounted","Now known as CC Porcelain series.  U281 White Ice color now renamed U272 Snow White, U274 Biscuit color "]
[null,"   \"        \"","renamed U278 Bone and U278 Bone color renamed U277 Sand.  "]
["2012-01-27","Biltmore","Now called Classic."]
["2014-01-14","Coral","Moved the Narcea and Navia Mosaics into the Rock Art Series."]
["2014-09-03","Fresno","The 12\" x 12\" Field Tile size is being replaced with a 13\" x 13\" Field Tile size.  Currently color Verdigris is only available in the 12\" x 12\" Field Tile size and colors Beige and Blanco are only available in the 13\" x 13\" Field Tile size.     "]
["2014-09-03","Carrara HD","The 12\" x 12\" Field Tile size is being replaced with a 13\" x 13\" Field Tile size."]
["2014-09-03","Astral","The 12\" x 12\" Field Tile size is being replaced with a 13\" x 13\" Field Tile size."]
["2014-11-26","Astral","The 18\" x 18\" Field Tile Square Foot per Carton is changing to 21.32 SF/CTN."]
["2014-11-26","Carrara HD","The 16\" x 16\" Field Tile size is being replaced with an 18\" x 18\" Field Tile size.  This new size will contain 21.32 SF/CTN. "]
["2014-11-26","Equinox","The 12\" x 12\" Field Tile size is being replaced with a 13\" x 13\" Field Tile size.  This new size will contain 19.13 SF/CTN.  The 18\" x 18\" Field Tile Square Foot per Carton is changing to 21.31 SF/CTN."]
["2015-02-26","Astral","The S43C9 3\" x 12\" Bullnose is being replaced with the S43D9 3-3/4\" x 13\" Bullnose size."]
["2015-02-26","Calypso","14\" x 14\" Chess Mosaic removed from this series.  Can be found in the Rock Art series."]
["2015-02-26","Carrara HD","The S43C9 3\" x 12\" Bullnose is being replaced with the S43D9 3-3/4\" x 13\" Bullnose size."]
["2015-02-26","Equinox","The S43C9 3\" x 12\" Bullnose is being replaced with the S43D9 3-3/4\" x 13\" Bullnose size."]
["2015-02-26","Pure White","Renamed \"Pure\".  (Colors Black and Grey added.)"]
["2016-05-23","Equinox","The overall sheet size of the  Multicolor Mosaic has been changed and is now 13” x 13”.  Also, the mosaics were previously \"tumbled\" but are now straight cut and not tumbled.  "]
["2017-02-24","Color Collection - Bright","Several Colors have been moved to other Color Groups:  Colors U078 Bone and U072 Snow White have been moved to Color Group 1 from Color Group 0.  Color U759 Black has been moved to Color Group 1 from Color Group 3.  Colors U748 Camel, U740 Khaki, U711 Spring Green and U724 Wedgewood have been moved to Color Group 3 from Color Group 2.  "]
["2017-02-24","Stratos Apolo","Now known as Apolo."]
["2017-02-24","Stratos Artic","Now known as Artic."]
["2017-02-24","Stratos Atlas","Now known as Atlas."]
["2017-02-24","Stratos Atmosphere","Now known as Atmosphere."]
["2017-02-24","Stratos Orion","Now known as Orion."]
["2017-02-24","Yellowstone","Now known as Yellowstone / Ocala."]
["2018-01-25","Land","Removing from price list.  Available upon request.  Contact Customer Service for pricing."]
["2018-01-25","Life","Removing from price list.  Available upon request.  Contact Customer Service for pricing."]
["2018-01-25","Planet","Removing from price list.  Available upon request.  Contact Customer Service for pricing."]
["2018-01-25","Slates","Removing from price list.  Available upon request.  Contact Customer Service for pricing."]
["2018-11-27","Color Collection - Bright (Group 0 Colors)","Packaging change for the 3\" x 12\" Field Tile format.  Now 12.59 SF/CTN, (was 5.89 SF/CTN)."]
["2018-11-27","Color Collection - Matte (Group 0 Colors)","Packaging change for the 3\" x 12\" Field Tile format.  Now 12.59 SF/CTN, (was 5.89 SF/CTN)."]
["2020-04-09","Quasar","Now known as Dimensions."]
["2020-04-09","Yellowstone / Ocala","Now known as Yellowstone."]
["2021-01-08","Marble Slabs","Now known as Slabs."]